-- https://www.phpmyadmin.net/
--
-- 생성 시간: 24-07-11 07:03
-- 서버 버전: 10.11.6-MariaDB-0+deb12u1
-- PHP 버전: 8.2.20

START TRANSACTION;



--
-- 데이터베이스: `backuptable`
--
CREATE DATABASE IF NOT EXISTS `backuptable` DEFAULT CHARACTER SET utf8mb3 COLLATE utf8mb3_unicode_ci;
USE `backuptable`;

-- --------------------------------------------------------

--
-- 테이블 구조 `contact`
--

CREATE TABLE `contact` (
  `Id` int(11) NOT NULL,
  `Name` varchar(250) NOT NULL,
  `Email` varchar(250) NOT NULL,
  `Mobile` varchar(250) NOT NULL,
  `Subject` varchar(250) NOT NULL,
  `Message` varchar(250) NOT NULL
) ENGINE=InnoDB DEFAULT CHARSET=latin1 COLLATE=latin1_swedish_ci;

--
-- 테이블의 덤프 데이터 `contact`
--

INSERT INTO `contact` (`Id`, `Name`, `Email`, `Mobile`, `Subject`, `Message`) VALUES
(3, 'BIRJU KUMAR', 'ckj40856@gmail.com', '8903079750', 'asd', 'asdasdasd'),
(4, 'CHANDAN KUMAR', 'ckj40856@gmail.com', '9487810674', 'asd', 'hfgdsfsx'),
(10, 'kskang3', 'kskang2@gmail.com', '01052545944', 'test1', 'test1 contents'),
(11, 'kskang3', 'kskang2@gmail.com', '01052545944', 'test1', 'test1 contents');

-- --------------------------------------------------------

--
-- 테이블 구조 `customer`
--

CREATE TABLE `customer` (
  `username` varchar(30) NOT NULL,
  `fullname` varchar(30) NOT NULL,
  `email` varchar(30) DEFAULT NULL,
  `contact` varchar(30) NOT NULL,
  `grade` varchar(11) DEFAULT '0',
  `address` varchar(50) DEFAULT NULL,
  `password` varchar(30) NOT NULL
) ENGINE=InnoDB DEFAULT CHARSET=utf8mb3 COLLATE=utf8mb3_general_ci;

--
-- 테이블의 덤프 데이터 `customer`
--

INSERT INTO `customer` (`username`, `fullname`, `email`, `contact`, `grade`, `address`, `password`) VALUES
('admin', 'admin', '', '01052545944', '0', '', 'admin'),
('Kimkt0102', '김광태', '', '01022208354', '0', '', 'kimkt0102'),
('kskang', 'kskang', 'kskang2@gmail.com', '1122223333', '0', 'san', 'kskang'),
('mekang', 'mekang', 'mekang1@gmail.com', '01052545945', '0', 'sanwoonro', 'mekang'),
('test', 'test', '', '01052545944', '4', '', 'test'),
('test1', 'test1', 'kskang2@gmail.com', '01052545944', '1', 'Sanwoonro1', 'test1'),
('test2', 'test2', 'kskang2@gmail.com', '01052545944', '2', 'Sanwoonro2', 'test2');

-- --------------------------------------------------------

--
-- 테이블 구조 `food`
--

CREATE TABLE `food` (
  `F_ID` int(30) NOT NULL,
  `name` varchar(30) NOT NULL,
  `choice1` varchar(31) DEFAULT '0',
  `choice2` varchar(31) DEFAULT '0',
  `choice3` varchar(31) DEFAULT '0',
  `price` varchar(30) NOT NULL,
  `description` varchar(200) DEFAULT NULL,
  `R_ID` int(30) NOT NULL,
  `display` int(11) DEFAULT 777,
  `images_path` varchar(200) DEFAULT NULL,
  `options` varchar(10) NOT NULL DEFAULT 'ENABLE'
) ENGINE=InnoDB DEFAULT CHARSET=utf8mb3 COLLATE=utf8mb3_general_ci;

--
-- 테이블의 덤프 데이터 `food`
--

INSERT INTO `food` (`F_ID`, `name`, `choice1`, `choice2`, `choice3`, `price`, `description`, `R_ID`, `display`, `images_path`, `options`) VALUES
(69, 'Coffee', '0', '0', '0', '25', 'concentrated coffee', 2, 120, 'images/coffee.jpg', 'DISABLE'),
(70, 'Tea', '0', '0', '0', '20', 'The simple elixir', 2, 130, 'images/tea.jpg', 'DISABLE'),
(77, 'Pizza', '0', '0', '0', '200', 'Pure', 2, 110, 'images/Pizza.jpg', 'DISABLE'),
(78, 'French Fries', '0', '0', '0', '75', 'Pure Veg and Tasty.', 2, 140, 'images/frenchfries.jpg', 'DISABLE'),
(119, '수제비', '', '', '', '7500', '', 9, 30, 'images/1050x700d.png', 'ENABLE'),
(120, '칼국수', '', '', '', '7000', '', 9, 10, 'images/1050x700a.png', 'ENABLE'),
(123, '공기밥', '', '', '', '1000', '', 9, 60, 'images/1050x700f.png', 'ENABLE'),
(132, '김치칼국수', '', '', '', '7500', '', 9, 20, 'images/1050x700c.png', 'ENABLE'),
(133, '만두(5개)', '고기', '김치', '섞어', '7500', '', 9, 50, 'images/1050x700e.png', 'ENABLE'),
(134, '음료', '콜라', '사이다', '', '1500', '', 9, 70, 'images/1050x700g.png', 'ENABLE'),
(167, '짜장면', '보통', '곱배기', '', '7000', '', 6, 777, 'images/wine2a.png', 'ENABLE'),
(170, '김치수제비', '', '', '', '8000', '', 9, 40, 'images/food22.png', 'ENABLE'),
(173, '3', '3', '3', '3', '3', '3', 9, 777, 'images/wine2a.png', 'ENABLE'),
(175, 'backup table', '1', '1', '1', '1', '', 9, 777, 'images/', 'ENABLE');

-- --------------------------------------------------------

--
-- 테이블 구조 `manager`
--

CREATE TABLE `manager` (
  `username` varchar(30) NOT NULL,
  `fullname` varchar(30) NOT NULL,
  `email` varchar(30) NOT NULL,
  `contact` varchar(30) NOT NULL,
  `grade` varchar(11) DEFAULT '0',
  `address` varchar(50) DEFAULT NULL,
  `password` varchar(30) NOT NULL
) ENGINE=InnoDB DEFAULT CHARSET=utf8mb3 COLLATE=utf8mb3_general_ci;

--
-- 테이블의 덤프 데이터 `manager`
--

INSERT INTO `manager` (`username`, `fullname`, `email`, `contact`, `grade`, `address`, `password`) VALUES
('aditi068', 'Aditi Naik', 'aditi@gmail.com', '8654751259', '0', 'Goa', 'aditi'),
('admin', 'admin', 'kskang2@gmail.com', '01052545944', '0', 'Pankyo', 'admin'),
('aminnikhil073', 'Nikhil Amin', 'aminnikhil073@gmail.com', '9632587412', '0', 'Karnataka', 'nikhil'),
('ckumar', 'Chandan Kumar', 'ckj40856@gmail.com', '9487810674', '0', 'Pondicherry University, SRK HOSTEL ROOM NUMBER-59,', 'Ckumar123'),
('dhiraj', 'DHIRAJ kUMAR', 'dk123@gmail.com', '8903079750', '0', 'Pondicherry. Le cafe', 'Dhiraj'),
('kskang', 'kskang', 'kskang2@gmail.com', '1122223333', '0', 'san', 'kskang'),
('roshanraj07', 'Roshan Raj', 'roshan@gmail.com', '9541258761', '0', 'Bihar', 'roshan'),
('test', 'test', 'test@gmail.com', '111111111', '0', '', 'test');

-- --------------------------------------------------------

--
-- 테이블 구조 `orders`
--

CREATE TABLE `orders` (
  `order_ID` int(30) NOT NULL,
  `order_number` varchar(11) DEFAULT NULL,
  `foodname` varchar(30) NOT NULL,
  `choice` varchar(31) DEFAULT NULL,
  `status` varchar(11) DEFAULT '0',
  `price` int(30) NOT NULL,
  `quantity` int(30) NOT NULL,
  `order_date` varchar(31) NOT NULL,
  `username` varchar(30) NOT NULL,
  `contact` varchar(31) DEFAULT NULL,
  `F_ID` int(30) NOT NULL,
  `R_ID` int(30) NOT NULL
) ENGINE=InnoDB DEFAULT CHARSET=utf8mb3 COLLATE=utf8mb3_general_ci;

--
-- 테이블의 덤프 데이터 `orders`
--

INSERT INTO `orders` (`order_ID`, `order_number`, `foodname`, `choice`, `status`, `price`, `quantity`, `order_date`, `username`, `contact`, `F_ID`, `R_ID`) VALUES
(413, '2153-264', '칼국수', '매운', '0', 7000, 1, '27日 21:53', 'test', NULL, 120, 9),
(414, '2153-264', '음료', '사이다', '0', 1500, 1, '27日 21:53', 'test', NULL, 134, 9),
(427, '1558-278', '만두(5개)', '김치', '0', 7500, 1, '28日 15:58', 'test', NULL, 133, 9),
(429, '1143-557', '칼국수', '120보통', '0', 7000, 1, '29日 11:43', 'test', NULL, 120, 9),
(446, '1605-197', '칼국수', '120매운', '0', 7000, 1, '29日 16:05', 'test', NULL, 120, 9),
(447, '1605-197', '칼국수', '120보통', '0', 7000, 1, '29日 16:05', 'test', NULL, 120, 9),
(448, '1606-388', '만두(5개)', '133고기', '0', 7500, 1, '29日 16:06', 'test', NULL, 133, 9),
(449, '1606-479', '음료', '134콜라', '0', 1500, 1, '29日 16:06', 'test', NULL, 134, 9),
(450, '1607-220', '수제비', '119', '0', 7500, 1, '29日 16:07', 'test', NULL, 119, 9),
(543, '0820-435', '김치칼국수', '132', '0', 7500, 1, '31日 08:20', 'test', '01052545944', 132, 9),
(544, '0933-516', '칼국수', '120보통', '0', 7000, 1, '31日 09:33', 'test', '01052545944', 120, 9),
(545, '0933-516', '수제비', '119보통', '0', 7500, 1, '31日 09:33', 'test', '01052545944', 119, 9),
(549, '0709-111', '칼국수', '120매움', '0', 7000, 1, '01日 07:09', 'test', NULL, 120, 9),
(550, '0709-111', '음료', '134사이다', '0', 1500, 1, '01日 07:09', 'test', NULL, 134, 9),
(551, '0709-598', '칼국수', '120보통', '0', 7000, 1, '01日 07:09', 'test', '01052545944', 120, 9),
(552, '0714-239', '김치칼국수', '120', '0', 7500, 1, '01日 07:14', 'test', '01052545944', 132, 9),
(553, '1002-282', '칼국수', '120매움', '0', 7000, 1, '01日 10:02', 'test', NULL, 120, 9),
(554, '1002-282', '김치칼국수', '132', '0', 7500, 1, '01日 10:02', 'test', NULL, 132, 9),
(555, '1234-500', '수제비', '120매움', '0', 7500, 1, '01日 12:34', 'test', '', 119, 9),
(556, '1615-041', '칼국수', '120보통', '0', 7000, 1, '01日 16:15', 'test', '01052545944', 120, 9),
(557, '1618-532', '칼국수', '120보통', '0', 7000, 1, '01日 16:18', 'test', '01052545944', 120, 9),
(558, '1618-532', '김치칼국수', '120', '0', 7500, 1, '01日 16:18', 'test', '01052545944', 132, 9),
(559, '1621-593', '김치칼국수', '120', '0', 7500, 1, '01日 16:21', 'test', '01052545944', 132, 9),
(560, '1621-593', '만두(5개)', '120김치', '0', 7500, 1, '01日 16:21', 'test', '01052545944', 133, 9),
(561, '1044-413', '김치칼국수', '132', '0', 7500, 1, '02日 10:44', 'test', NULL, 132, 9),
(562, '1045-554', '김치칼국수', '132', '0', 7500, 1, '02日 10:45', 'test', NULL, 132, 9),
(563, '1243-146', '칼국수', '120보통', '0', 7000, 1, '02日 12:43', 'test', NULL, 120, 9),
(564, '1243-146', '김치칼국수', '132', '0', 7500, 1, '02日 12:43', 'test', NULL, 132, 9),
(565, '1243-308', '김치칼국수', '132', '0', 7500, 1, '02日 12:43', 'test', NULL, 132, 9),
(566, '1349-479', '김치수제비', '170', '0', 8000, 1, '02日 13:49', 'test', NULL, 170, 9),
(568, '1711-054', '칼국수', '120보통', '1', 7000, 1, '02日 17:11', 'test', '01052545944', 120, 9),
(569, '1711-125', '김치칼국수', '132', '2', 7500, 1, '02日 17:11', 'test', '01052545944', 132, 9),
(571, '1406-077', '칼국수', '120', '0', 7000, 1, '04日 14:06', 'test', '01052545944', 120, 9),
(572, '1406-077', '수제비', '119', '0', 7500, 1, '04日 14:06', 'test', '01052545944', 119, 9),
(573, '1407-188', '칼국수', '120', '0', 7000, 1, '04日 14:07', 'test', '01052545944', 120, 9),
(574, '1408-159', '수제비', '119', '0', 7500, 1, '04日 14:08', 'test', '01052545944', 119, 9),
(575, '1634-355', '칼국수', '120', '0', 7000, 1, '04日 16:34', 'test', '01052545944', 120, 9),
(576, '1634-355', '음료', '134콜라', '0', 1500, 1, '04日 16:34', 'test', '01052545944', 134, 9),
(577, '1634-355', '만두(5개)', '133김치', '0', 7500, 1, '04日 16:34', 'test', '01052545944', 133, 9);

-- --------------------------------------------------------

--
-- 테이블 구조 `restaurants`
--

CREATE TABLE `restaurants` (
  `R_ID` int(30) NOT NULL,
  `name` varchar(30) NOT NULL,
  `email` varchar(30) NOT NULL,
  `contact` varchar(30) NOT NULL,
  `address` varchar(50) NOT NULL,
  `M_ID` varchar(30) NOT NULL
) ENGINE=InnoDB DEFAULT CHARSET=utf8mb3 COLLATE=utf8mb3_general_ci;

--
-- 테이블의 덤프 데이터 `restaurants`
--

INSERT INTO `restaurants` (`R_ID`, `name`, `email`, `contact`, `address`, `M_ID`) VALUES
(1, 'Nikhil\'s Restaurant', 'nikhil@restaurant.com', '7998562145', 'Karnataka', 'aminnikhil073'),
(2, 'Roshan\'s Restaurant', 'roshan@restaurant.com', '9887546821', 'Bihar', 'roshanraj07'),
(3, 'Aditi\'s Restaurant', 'aditi@restaurant.com', '7778564231', 'Goa', 'aditi068'),
(4, 'Food Exploria', 'ckj40856@gmail.com', '09487810674', 'C:\\xampp\\htdocs\\FoodExploria-master\\images/coffee.', 'ckumar'),
(6, 'Le Cafe', 'lecafepondi234@gmail.com', '9443369040', 'Pondicherry,rock beach Near,Le cafe', 'dhiraj'),
(7, 'ksrestaurant', 'kskang2@gmail.com', '1122223333', 'san', 'kskang'),
(9, 'Noodle', 'kskang2@gmail.com', '01052545944', 'Pankyo', 'admin');

--
-- 덤프된 테이블의 인덱스
--

--
-- 테이블의 인덱스 `contact`
--
ALTER TABLE `contact`
  ADD PRIMARY KEY (`Id`);

--
-- 테이블의 인덱스 `customer`
--
ALTER TABLE `customer`
  ADD PRIMARY KEY (`username`);

--
-- 테이블의 인덱스 `food`
--
ALTER TABLE `food`
  ADD PRIMARY KEY (`F_ID`,`R_ID`),
  ADD KEY `R_ID` (`R_ID`);

--
-- 테이블의 인덱스 `manager`
--
ALTER TABLE `manager`
  ADD PRIMARY KEY (`username`);

--
-- 테이블의 인덱스 `orders`
--
ALTER TABLE `orders`
  ADD PRIMARY KEY (`order_ID`),
  ADD KEY `F_ID` (`F_ID`),
  ADD KEY `R_ID` (`R_ID`),
  ADD KEY `orders_ibfk_2` (`username`);

--
-- 테이블의 인덱스 `restaurants`
--
ALTER TABLE `restaurants`
  ADD PRIMARY KEY (`R_ID`),
  ADD UNIQUE KEY `M_ID_2` (`M_ID`),
  ADD KEY `M_ID` (`M_ID`);

--
-- 덤프된 테이블의 AUTO_INCREMENT
--

--
-- 테이블의 AUTO_INCREMENT `food`
--
ALTER TABLE `food`
  MODIFY `F_ID` int(30) NOT NULL AUTO_INCREMENT, AUTO_INCREMENT=176;

--
-- 테이블의 AUTO_INCREMENT `orders`
--
ALTER TABLE `orders`
  MODIFY `order_ID` int(30) NOT NULL AUTO_INCREMENT, AUTO_INCREMENT=578;

--
-- 테이블의 AUTO_INCREMENT `restaurants`
--
ALTER TABLE `restaurants`
  MODIFY `R_ID` int(30) NOT NULL AUTO_INCREMENT, AUTO_INCREMENT=11;

--
-- 덤프된 테이블의 제약사항
--

--
-- 테이블의 제약사항 `food`
--
ALTER TABLE `food`
  ADD CONSTRAINT `food_ibfk_1` FOREIGN KEY (`R_ID`) REFERENCES `restaurants` (`R_ID`);

--
-- 테이블의 제약사항 `orders`
--
ALTER TABLE `orders`
  ADD CONSTRAINT `orders_ibfk_1` FOREIGN KEY (`F_ID`) REFERENCES `food` (`F_ID`),
  ADD CONSTRAINT `orders_ibfk_2` FOREIGN KEY (`username`) REFERENCES `customer` (`username`),
  ADD CONSTRAINT `orders_ibfk_3` FOREIGN KEY (`R_ID`) REFERENCES `restaurants` (`R_ID`);

--
-- 테이블의 제약사항 `restaurants`
--
ALTER TABLE `restaurants`
  ADD CONSTRAINT `restaurants_ibfk_1` FOREIGN KEY (`M_ID`) REFERENCES `manager` (`username`);
--
-- 데이터베이스: `cakeshop`
--
CREATE DATABASE IF NOT EXISTS `cakeshop` DEFAULT CHARACTER SET utf8mb4 COLLATE utf8mb4_general_ci;
USE `cakeshop`;

-- --------------------------------------------------------

--
-- 테이블 구조 `cart`
--

CREATE TABLE `cart` (
  `cartID` bigint(20) NOT NULL,
  `userID` bigint(20) NOT NULL
) ENGINE=InnoDB DEFAULT CHARSET=utf8mb4 COLLATE=utf8mb4_general_ci;

--
-- 테이블의 덤프 데이터 `cart`
--

INSERT INTO `cart` (`cartID`, `userID`) VALUES
(16, 11),
(20, 15),
(24, 20),
(25, 21),
(26, 22),
(29, 25),
(30, 26),
(31, 28);

-- --------------------------------------------------------

--
-- 테이블 구조 `cartitem`
--

CREATE TABLE `cartitem` (
  `cartItemID` bigint(20) NOT NULL,
  `productID` bigint(20) NOT NULL,
  `cartID` bigint(20) NOT NULL,
  `price` float NOT NULL,
  `quantity` smallint(6) NOT NULL,
  `createDate` timestamp NOT NULL DEFAULT current_timestamp() ON UPDATE current_timestamp()
) ENGINE=InnoDB DEFAULT CHARSET=utf8mb4 COLLATE=utf8mb4_general_ci;

--
-- 테이블의 덤프 데이터 `cartitem`
--

INSERT INTO `cartitem` (`cartItemID`, `productID`, `cartID`, `price`, `quantity`, `createDate`) VALUES
(30, 16, 20, 29, 1, '2022-05-04 09:27:59'),
(36, 2, 24, 25, 2, '2023-11-07 09:10:29'),
(37, 2, 24, 25, 2, '2023-11-07 09:10:29'),
(38, 13, 24, 20, 2, '2023-11-05 06:55:34'),
(39, 16, 24, 29, 1, '2023-11-01 00:01:20'),
(40, 13, 24, 20, 2, '2023-11-05 06:55:34'),
(41, 13, 24, 20, 2, '2023-11-05 06:55:34'),
(42, 13, 24, 20, 2, '2023-11-05 06:55:34'),
(43, 13, 24, 20, 2, '2023-11-05 06:55:34'),
(44, 13, 24, 20, 2, '2023-11-05 06:55:34'),
(45, 13, 24, 20, 2, '2023-11-05 06:55:34'),
(48, 13, 24, 20, 2, '2023-11-05 06:55:34'),
(50, 17, 30, 29, 3, '2023-11-02 23:49:42'),
(51, 13, 29, 20, 2, '2023-11-05 06:55:34'),
(53, 1, 24, 25, 2, '2023-11-06 07:45:34'),
(55, 15, 24, 20, 2, '2023-11-06 12:41:59'),
(61, 3, 24, 15, 4, '2023-11-06 22:45:45'),
(85, 110, 29, 50000, 2, '2023-11-10 00:13:12'),
(86, 110, 29, 50000, 2, '2023-11-10 00:13:12'),
(87, 110, 29, 50000, 2, '2023-11-10 00:13:12'),
(88, 110, 29, 50000, 2, '2023-11-10 00:13:12'),
(89, 109, 29, 50000, 2, '2023-11-12 09:31:25'),
(90, 51, 29, 15, 1, '2023-11-07 09:08:42'),
(91, 2, 29, 25, 2, '2023-11-07 09:10:29'),
(92, 109, 24, 50000, 2, '2023-11-12 09:31:25'),
(93, 110, 29, 50000, 2, '2023-11-10 00:13:12'),
(94, 112, 24, 10000, 1, '2023-11-07 22:38:28'),
(95, 52, 24, 15, 2, '2023-11-08 00:26:43'),
(96, 110, 24, 50000, 2, '2023-11-10 00:13:12'),
(97, 52, 24, 15, 2, '2023-11-08 00:26:43'),
(98, 109, 24, 50000, 2, '2023-11-12 09:31:25'),
(99, 112, 29, 10000, 1, '2023-11-08 06:27:57'),
(100, 52, 29, 15, 2, '2023-11-08 12:02:12'),
(101, 110, 29, 50000, 2, '2023-11-10 00:13:12'),
(102, 51, 29, 15, 1, '2023-11-08 11:00:15'),
(103, 52, 24, 15, 2, '2023-11-08 12:02:12'),
(104, 109, 29, 50000, 2, '2023-11-12 09:31:25'),
(105, 110, 29, 50000, 1, '2023-11-10 04:02:55'),
(106, 116, 29, 50000, 2, '2023-11-11 08:44:48'),
(107, 110, 29, 50000, 1, '2023-11-10 04:23:45'),
(108, 116, 29, 50000, 2, '2023-11-11 08:44:48'),
(109, 116, 29, 50000, 2, '2023-11-11 08:44:48'),
(110, 116, 24, 50000, 2, '2023-11-11 08:44:48'),
(111, 110, 24, 50000, 1, '2023-11-11 03:34:11'),
(112, 117, 29, 50000, 2, '2023-11-11 08:03:05'),
(113, 117, 29, 50000, 2, '2023-11-11 08:03:05'),
(114, 116, 24, 50000, 2, '2023-11-11 08:44:48'),
(115, 117, 24, 50000, 2, '2023-11-11 08:03:05'),
(116, 117, 24, 50000, 2, '2023-11-11 08:03:05'),
(117, 117, 24, 50000, 2, '2023-11-11 08:03:05'),
(118, 117, 24, 50000, 2, '2023-11-11 08:03:05'),
(119, 117, 31, 50000, 2, '2023-11-11 08:03:05'),
(120, 117, 24, 50000, 2, '2023-11-11 08:03:05'),
(121, 117, 24, 50000, 2, '2023-11-11 08:03:05'),
(122, 117, 24, 50000, 2, '2023-11-11 08:03:05'),
(123, 117, 24, 50000, 2, '2023-11-11 08:43:47'),
(124, 117, 24, 50000, 2, '2023-11-11 08:44:24'),
(125, 117, 24, 50000, 2, '2023-11-11 08:46:40'),
(126, 117, 24, 50000, 2, '2023-11-11 08:46:40'),
(127, 117, 24, 50000, 2, '2023-11-11 08:46:40'),
(128, 117, 24, 50000, 2, '2023-11-11 09:54:49'),
(129, 117, 24, 50000, 2, '2023-11-11 09:54:49'),
(130, 109, 24, 50000, 2, '2023-11-12 09:31:25'),
(131, 109, 24, 15000, 2, '2023-11-12 09:31:25'),
(132, 110, 24, 50000, 1, '2023-11-11 23:26:17'),
(133, 117, 24, 50000, 1, '2023-11-12 00:59:00'),
(134, 117, 24, 50000, 1, '2023-11-12 01:04:47'),
(135, 109, 24, 2900, 2, '2023-11-12 09:31:25'),
(136, 109, 24, 50000, 2, '2023-11-12 09:31:25'),
(137, 109, 24, 50000, 2, '2023-11-12 09:31:25'),
(138, 14, 24, 50000, 2, '2023-11-12 07:12:54'),
(139, 109, 24, 50000, 2, '2023-11-12 09:31:25'),
(140, 109, 24, 50000, 2, '2023-11-12 09:31:25'),
(141, 109, 24, 50000, 2, '2023-11-12 09:31:25'),
(142, 109, 24, 50000, 2, '2023-11-12 11:42:58'),
(143, 109, 24, 50000, 2, '2023-11-12 12:58:43'),
(144, 109, 24, 50000, 2, '2023-11-12 12:58:43'),
(145, 109, 24, 50000, 2, '2023-11-12 12:58:43'),
(146, 109, 24, 50000, 2, '2023-11-13 06:50:23'),
(147, 109, 24, 50000, 2, '2023-11-13 06:50:23'),
(148, 109, 24, 50000, 1, '2023-11-13 06:50:27'),
(149, 109, 24, 50000, 1, '2023-11-13 06:50:37'),
(150, 116, 24, 50000, 1, '2023-11-14 19:53:21'),
(151, 116, 31, 40000, 1, '2024-05-30 06:58:07');

-- --------------------------------------------------------

--
-- 테이블 구조 `categories`
--

CREATE TABLE `categories` (
  `categoryID` bigint(20) NOT NULL,
  `p_cat_name` varchar(30) NOT NULL,
  `p_cat_desc` text NOT NULL
) ENGINE=InnoDB DEFAULT CHARSET=utf8mb4 COLLATE=utf8mb4_general_ci;

--
-- 테이블의 덤프 데이터 `categories`
--

INSERT INTO `categories` (`categoryID`, `p_cat_name`, `p_cat_desc`) VALUES
(1, 'Cake', 'cakes with layer(s), frosting and top coat'),
(2, 'Cupcake', 'small cake baked in cupcake or muffin cups'),
(3, 'Cakepop', 'cake shaped as lollipops'),
(4, 'Cookie', 'baked circular or differently shaped biscuits'),
(5, 'Macaron', '   sandwiched cookies and cream   '),
(6, 'Brownie', 'chocolate fudge cakes');

-- --------------------------------------------------------

--
-- 테이블 구조 `orderitem`
--

CREATE TABLE `orderitem` (
  `orderItemID` bigint(20) NOT NULL,
  `productID` bigint(20) NOT NULL,
  `orderID` bigint(20) NOT NULL,
  `price` float NOT NULL,
  `quantity` smallint(6) NOT NULL,
  `createDate` timestamp NOT NULL DEFAULT current_timestamp() ON UPDATE current_timestamp()
) ENGINE=InnoDB DEFAULT CHARSET=utf8mb4 COLLATE=utf8mb4_general_ci;

--
-- 테이블의 덤프 데이터 `orderitem`
--

INSERT INTO `orderitem` (`orderItemID`, `productID`, `orderID`, `price`, `quantity`, `createDate`) VALUES
(23, 38, 18, 2200, 2, '2022-04-30 14:56:20'),
(24, 23, 18, 700, 3, '2022-04-30 14:56:20'),
(25, 37, 18, 650, 2, '2022-04-30 14:56:20'),
(26, 43, 18, 1000, 3, '2022-04-30 14:56:20');

-- --------------------------------------------------------

--
-- 테이블 구조 `products`
--

CREATE TABLE `products` (
  `ZZZproductsZZZproductID` bigint(20) NOT NULL,
  `ZZZp_name` varchar(100) NOT NULL,
  `ZZZp_desc` text NOT NULL,
  `ZZZp_img` text NOT NULL,
  `p_price` float NOT NULL
) ENGINE=InnoDB DEFAULT CHARSET=utf8mb4 COLLATE=utf8mb4_general_ci;

--
-- 테이블의 덤프 데이터 `products`
--

INSERT INTO `products` (`ZZZproductsZZZproductID`, `ZZZp_name`, `ZZZp_desc`, `ZZZp_img`, `p_price`) VALUES
(1, 'Vanilla Cupcake', 'vanilla cupcake with vanilla frosting', 'Assets\\images\\products\\cupcake_pic.png', 25),
(2, 'Red Velvet Cupcake', 'red velvet cupcake with cream cheese frosting', 'Assets\\images\\products\\red_velvet_cupcake_pic.png', 25),
(3, 'Choc chip cookie', 'cookie with chocolate chips', 'Assets\\images\\products\\cookies_pic.png', 15),
(6, 'Macaron_box_20', 'box of 20 macarons of different flavours', 'Assets\\images\\products\\macaron_box_pic.jpg', 650),
(7, 'Birthday cupcakes', 'Cupcakes specially designed for birthdays', 'Assets\\images\\products\\Cake_1.jpg', 350),
(10, 'Chocolate Cake pops', 'Lollipops but as a cake coated with a cracking chocolate!', 'Assets\\images\\products\\Cake_4.jpg', 350),
(11, 'Expresso Cupcake', 'Expresso cupcake with a chocolate base and a hint of coffee! It\'s accompanied with a very creamy frosting with a coffee flavor.', 'Assets\\images\\products\\Cake_5.jpg', 30),
(12, 'Rainbow Cupcake', 'Vanilla flavoured cupcake with a confetti bomb at its heart! The topping is a meringue based frosting.', 'Assets\\images\\products\\cupcake_bg.jpg', 40),
(13, 'Cinnamon brownie', 'Squared chocolaty and fudgy brownie, flavored faintly with cinnamon!', 'Assets\\images\\products\\Brownie\\Brownie_1.png', 20),
(14, 'choc-chip brownie', 'Amazingly mouth melting brownie with a fudgy consistency. It contains melted chocolate in every bite !', 'Assets\\images\\products\\Brownie\\Brownie_2.png', 20),
(15, 'choc-mint brownie', 'This brownie is refreshing and very delicious, with a hint of mint and a swirl of chocolate.', 'Assets\\images\\products\\Brownie\\Brownie_3.png', 20),
(16, 'Pecan brownie', 'This brownie contains pecan nuts and offers a wider range of textures. A pure chef-d\'oeuvre!', 'Assets\\images\\products\\Brownie\\Brownie_4.png', 29),
(17, 'Raspberry  brownie', 'Delicate raspberry brownie that brings the perfect balance between fruitiness and chocolate ! Raspberry is one of the best fruits that compliments the cacao flavor.', 'Assets\\images\\products\\Brownie\\Brownie_5.png', 29),
(18, 'Walnut brownie', 'This brownie contains roasted walnuts that accentuates the cacao in the brownie. The nutty flavor and particular texture of the roasted walnut compliments the delicateness and fudgy texture of the original brownie.', 'Assets\\images\\products\\Brownie\\Brownie_6.png', 29),
(19, 'White-choc brownie', 'White chocolate provides for the adequate moisture that makes up the perfect brownie!', 'Assets\\images\\products\\Brownie\\Brownie_7.png', 29),
(20, 'Choc-chip blondie', 'Blondie is another word for a longer brownie but not necessarily dominated by chocolate! This choc chip blondie offers the warmth and purity of vanilla and the fudgy texture of the chocolate chips.', 'Assets\\images\\products\\Brownie\\Brownie_8.png', 40),
(21, 'Raspberry swirl blondie', 'A fruity flavor that perfectly fits the moistness of a good blondie.', 'Assets\\images\\products\\Brownie\\Brownie_9.png', 40),
(22, 'Lemon blondie', 'Lemon flavored blondie provides for the perfect balance between the sourness of the lemon and the sweetness of the blondie.', 'Assets\\images\\products\\Brownie\\Brownie_10.png', 40),
(23, 'Christmas box x 24', 'Brownie box with 4 pieces of 6 unique flavors:<br><br>\r\n1. Walnut Brownie,<br>\r\n2. Cream cheese Brownie,<br>\r\n3. Original Brownie,<br>\r\n4. Choc-chip Brownie,<br>\r\n5. Raspberry swirl Brownie,<br>\r\n6. Double choc Brownie.<br>', 'Assets\\images\\products\\Brownie\\Brownie_11.png', 700),
(24, 'Christmas brownie bars x 8', 'The box contains 8 brownie bars, topped with white chocolate with a hint of candy cane. A limited edition by MALAKO!', 'Assets\\images\\products\\Brownie\\Brownie_12.png', 320),
(37, 'Rainbow cake', 'Beautiful multi flavored cake with interior and exterior rainbow colors! 4 layers of different cakes in 1!', 'Assets\\images\\products\\Cakes\\Cake_1.png', 650),
(38, 'Elegant floral wedding cake', 'Multi layered wedding cake decorated with fondant and sugar flowers. It\'s layers and sandwiched with several frostings: <br>\r\n\r\n> White chocolate ganache<br>\r\n> Vanilla frosting <br>\r\n> Chocolate and raspberry frosting<br>\r\n\r\n', 'Assets\\images\\products\\Cakes\\Cake_2.png', 2200),
(39, 'Minimal elegant floral cake', 'Multi-layered cake with a minimalistic design for a modern look. The floral design gives an elegant touch to it. It\'s flavor is vanilla with chocolate frosting.', 'Assets\\images\\products\\Cakes\\Cake_3.png', 1800),
(40, 'Golden drip floral cake', 'Long multi-layered cake with golden white chocolate drips. One of our trendiest and candid looking cake ! It\'s delicious with a combination of our best compatible flavors.', 'Assets\\images\\products\\Cakes\\Cake_4.png', 1500),
(41, 'Fruity cake with chocolate', 'Simple chocolate cake with vanilla buttercream and refreshing red berries: cherries and strawberries.', 'Assets\\images\\products\\Cakes\\Cake_5.png', 350),
(42, 'Fruity cake with alomonds', 'Vanilla and almond flavored cake with simple buttercream frosting and fresh fruits.', 'Assets\\images\\products\\Cakes\\Cake_6.png', 350),
(43, 'White floral fondant cake', 'Red velvet cake covered with fondant and sugar flowers for a vintage look.', 'Assets\\images\\products\\Cakes\\Cake_7.png', 1000),
(44, 'Choc-drip coffee cake', 'Amazing coffee cake with coffee beans flavored buttercream and a dripping chocolate ganache.', 'Assets\\images\\products\\Cakes\\Cake_8.png', 1000),
(45, 'Original vanilla cookie', 'Plain vanilla cookie', 'Assets\\images\\products\\Cookie\\Cookie_1.png', 15),
(46, 'M&M cookie', 'Soft cookie with M&Ms .', 'Assets\\images\\products\\Cookie\\Cookie_4.png', 15),
(47, 'Choc-chunks cookie', 'Cookie filled with chocolate chips', 'Assets\\images\\products\\Cookie\\Cookie_5.png', 15),
(48, 'M&M and Choc-chip cookie', 'Cookie with M&M and Chocolate chips.', 'Assets\\images\\products\\Cookie\\Cookie_6.png', 15),
(49, 'Chocolate sandwich cookie', '2 chocolate cookies filled with whipped cream too satisfy any sugar cravings!', 'Assets\\images\\products\\Cookie\\Cookie_7.png', 30),
(50, 'Choc-chip and M&M sandwich cookie', 'M&M and Choc-chip cookies with whipped cream', 'Assets\\images\\products\\Cookie\\Cookie_8.png', 30),
(51, 'Oats cookies', 'Cookies with oats for a healthier option.', 'Assets\\images\\products\\Cookie\\Cookie_9.png', 15),
(52, 'Dark-choc and mint cookie', 'Dark chocolate cookie with a hint of mint', 'Assets\\images\\products\\Cookie\\Cookie_10.png', 15);

-- --------------------------------------------------------

--
-- 테이블 구조 `products_test`
--

CREATE TABLE `products_test` (
  `p_id` int(11) NOT NULL,
  `p_name` varchar(63) NOT NULL,
  `p_desc` varchar(63) DEFAULT NULL,
  `p_cat_id` int(11) DEFAULT NULL,
  `p_type_id` int(11) DEFAULT NULL,
  `p_active` decimal(5,2) NOT NULL DEFAULT 1.00,
  `p_img` varchar(63) DEFAULT NULL,
  `p_price` int(11) DEFAULT NULL
) ENGINE=InnoDB DEFAULT CHARSET=utf8mb4 COLLATE=utf8mb4_general_ci;

--
-- 테이블의 덤프 데이터 `products_test`
--

INSERT INTO `products_test` (`p_id`, `p_name`, `p_desc`, `p_cat_id`, `p_type_id`, `p_active`, `p_img`, `p_price`) VALUES
(3, 'Choc chip cookie', '  cookie with chocolate chips   ', 4, 2, 0.00, 'Assets/images/products/fk654c24ad.png', 15),
(7, 'Birthday cupcakes', '  Cupcakes specially designed for birthdays  ', 2, 2, 0.00, 'Assets/images/products/Ny654c26dc.jpg', 350),
(10, 'Chocolate Cake pops', '    Lollipops but as a cake coated with a cracking chocolate!  ', 3, 2, 0.00, 'Assets/images/products/d6654c2672.jpg', 350),
(14, 'choc-chip brownie', '  Amazingly mouth melting brownie with a fudgy consistency. It ', 6, 2, 2.00, 'Assets/images/products/cq654c274d.png', 50000),
(15, 'choc-mint brownie', ' This brownie is refreshing and very delicious, with a hint o  ', 6, 2, 2.00, 'Assets/images/products/Hd654c2646.png', 2000),
(18, 'Walnutbrownie', '  This brownie contains roasted walnuts that accentuates the ca', 6, 2, 2.00, 'Assets/images/products/8n654c2e71.png', 2900),
(45, 'Original vanilla cookie', '     Plain vanilla cookie     ', 4, 2, 2.00, 'Assets/images/products/v9654c2e5b.png', 15000),
(47, 'Choc-chunks cookie', '    Cookie filled with chocolate chips    ', 4, 2, 0.00, 'Assets/images/products/pZ654c24fd.png', 15),
(51, 'Oats cookies', '  Cookies with oats for a healthier option.  ', 4, 2, 0.00, 'Assets/images/products/46654c2e1c.png', 15),
(109, '모은빵1', '       건강케이크            ', 1, 2, 5.00, 'Assets/images/products/U9654962c5.jpeg', 50000),
(110, '모은빵2', '     건강빵2       ', 1, 2, 4.00, 'Assets/images/products/Ue6549641b.JPEG', 50000),
(112, 'sample1', '       sample       ', 1, 1, 1.00, 'Assets/images/products/T1654b6abd.png', 10000),
(113, 'sample2', '       sample       ', 2, 2, 1.00, 'Assets/images/products/ao654b6ac9.png', 20000),
(114, 'sample3', '      sample      ', 3, 3, 1.00, 'Assets/images/products/6p654b6ad3.png', 30000),
(115, 'sample4', '              sample              ', 1, 4, 4.00, 'Assets/images/products/4x654b6add.png', 40000),
(116, 'cake', '         cake         ', 1, 2, 4.00, 'Assets/images/products/HN654ab60b.JPEG', 50000),
(117, 'cookie', '            cookie            ', 4, 3, 3.00, 'Assets/images/products/R6654ab62a.jpeg', 50000);

-- --------------------------------------------------------

--
-- 테이블 구조 `product_category`
--

CREATE TABLE `product_category` (
  `ZZZproductID` bigint(20) NOT NULL,
  `ZZZcategoryID` bigint(20) NOT NULL
) ENGINE=InnoDB DEFAULT CHARSET=utf8mb4 COLLATE=utf8mb4_general_ci;

--
-- 테이블의 덤프 데이터 `product_category`
--

INSERT INTO `product_category` (`ZZZproductID`, `ZZZcategoryID`) VALUES
(1, 2),
(2, 2),
(3, 4),
(6, 5),
(7, 2),
(10, 3),
(11, 2),
(12, 2),
(13, 6),
(14, 6),
(15, 6),
(16, 6),
(17, 6),
(18, 6),
(19, 6),
(20, 6),
(21, 6),
(22, 6),
(23, 6),
(24, 6),
(37, 1),
(38, 1),
(39, 1),
(40, 1),
(41, 1),
(42, 1),
(43, 1),
(44, 1),
(45, 4),
(46, 4),
(47, 4),
(48, 4),
(49, 4),
(50, 4),
(51, 4),
(52, 4);

-- --------------------------------------------------------

--
-- 테이블 구조 `product_type`
--

CREATE TABLE `product_type` (
  `ZZZproductID` bigint(20) NOT NULL,
  `ZZZtypeID` bigint(20) NOT NULL
) ENGINE=InnoDB DEFAULT CHARSET=utf8mb4 COLLATE=utf8mb4_general_ci;

--
-- 테이블의 덤프 데이터 `product_type`
--

INSERT INTO `product_type` (`ZZZproductID`, `ZZZtypeID`) VALUES
(1, 2),
(2, 2),
(3, 2),
(6, 2),
(7, 1),
(10, 1),
(11, 1),
(12, 1),
(13, 2),
(14, 2),
(15, 2),
(16, 2),
(17, 2),
(18, 2),
(19, 2),
(20, 2),
(21, 2),
(22, 2),
(23, 2),
(24, 2),
(37, 2),
(38, 2),
(39, 2),
(40, 2),
(41, 2),
(42, 2),
(43, 2),
(44, 2),
(45, 2),
(46, 2),
(47, 2),
(48, 2),
(49, 2),
(50, 2),
(51, 2),
(52, 2);

-- --------------------------------------------------------

--
-- 테이블 구조 `transaction`
--

CREATE TABLE `transaction` (
  `tranID` bigint(20) NOT NULL,
  `userID` bigint(20) NOT NULL,
  `orderID` bigint(20) NOT NULL,
  `paymentMethod` text NOT NULL,
  `status` text NOT NULL,
  `createDate` timestamp NOT NULL DEFAULT current_timestamp() ON UPDATE current_timestamp()
) ENGINE=InnoDB DEFAULT CHARSET=utf8mb4 COLLATE=utf8mb4_general_ci;

--
-- 테이블의 덤프 데이터 `transaction`
--

INSERT INTO `transaction` (`tranID`, `userID`, `orderID`, `paymentMethod`, `status`, `createDate`) VALUES
(18, 15, 18, 'creditCard', 'successful', '2022-04-30 14:56:20');

-- --------------------------------------------------------

--
-- 테이블 구조 `types`
--

CREATE TABLE `types` (
  `typeID` bigint(20) NOT NULL,
  `p_type_name` varchar(30) NOT NULL,
  `p_type_desc` text NOT NULL
) ENGINE=InnoDB DEFAULT CHARSET=utf8mb4 COLLATE=utf8mb4_general_ci;

--
-- 테이블의 덤프 데이터 `types`
--

INSERT INTO `types` (`typeID`, `p_type_name`, `p_type_desc`) VALUES
(1, 'new1', 'new products are tagged as new  '),
(2, 'featured2', 'products which have to get attention are tagged as featured  '),
(3, 'NOT USE 3', 'products on sale are tagged as hot     '),
(4, '행사품목4', 'best-  Assign Active > 4   ');

-- --------------------------------------------------------

--
-- 테이블 구조 `user`
--

CREATE TABLE `user` (
  `userID` bigint(20) NOT NULL,
  `uname` varchar(50) NOT NULL,
  `pass` varchar(100) NOT NULL,
  `fname` varchar(50) NOT NULL,
  `lname` varchar(50) NOT NULL,
  `email` varchar(50) NOT NULL,
  `address` varchar(60) DEFAULT NULL,
  `phone` varchar(11) DEFAULT NULL,
  `description` text DEFAULT NULL,
  `vkey` varchar(100) DEFAULT NULL,
  `verified` tinyint(1) DEFAULT NULL,
  `isSubscribed` tinyint(1) DEFAULT NULL,
  `isAdmin` tinyint(1) DEFAULT NULL,
  `createDate` timestamp NULL DEFAULT current_timestamp()
) ENGINE=InnoDB DEFAULT CHARSET=utf8mb4 COLLATE=utf8mb4_general_ci;

--
-- 테이블의 덤프 데이터 `user`
--

INSERT INTO `user` (`userID`, `uname`, `pass`, `fname`, `lname`, `email`, `address`, `phone`, `description`, `vkey`, `verified`, `isSubscribed`, `isAdmin`, `createDate`) VALUES
(11, 'vinoth23', '$2y$10$yKEz/scA.zbstZ/ASRC7EehChaCKHdu99szT6ACvI7h00mQcMulFG', 'Vinoth', 'kumar', 'gpwteamtester@outlook.com', 'Chennai', '88803444', 'GPW Testing Team :)', 'fdc08f517ffa88672f52894a035eb8b7', 1, 0, 1, '2022-04-30 14:58:57'),
(15, 'sandeep', '$2y$10$EW3J3LGkIjbtkT3/SpkueuLrpnu16FqfwqNozFq2m7QY2z0J3Kg5y', 'Sandeep', 'M', 'stromcrazy02@outlook.com', 'Trichy', '79876535', 'I see who you are !!', '736e8a5a2f65b585c19ab145fbba6986', 1, 0, 0, '2022-04-30 14:58:36'),
(20, 'admin', '$2y$10$OK8ND90omQG00NmubGOSDePv3xSmp9B6mycIbk2hPyfKO/nXXYzcO', 'ad', 'min', 'kyungsukkang@naver.com', '', '', '', '908edbc424e9228a6c5fd0ab3ce924b0', 1, 1, 1, '2023-10-30 07:35:36'),
(21, 'mekang', '$2y$10$mx4pMc/3SY4sU.TNW7keJOy9BcSX/tZplvHKT8Q5pBCY18v5q4ADi', 'me', 'kang', 'mekang1@gmail.com', '', '', '', '1e5a3993e28c0eeaf90fa29c7ac683be', 1, 0, 1, '2023-10-30 07:35:56'),
(22, 'ujpark', '$2y$10$COY/Ciu5p3BT0Sm.gCjicObMp8d8BA6uh.xoFs8W8LzTEUhsJ8o2q', 'uj', 'park', 'ujin1178@hotmail.com', '', '', '', '8b72d5b7abde90e6027c995a8a836da7', 1, 0, 1, '2023-11-11 02:59:44'),
(25, 'kskang', '$2y$10$eJ3oxPrnWTZP51PGKqRxGOsryslYE6Dw32Rilk1KmQlf2kibteB1y', 'ks', 'kang', 'kskang2@gmail.com', '', '', '', 'eb4f215b08d29c49feecd5ff67204fa5', 1, 0, 1, '2023-11-01 08:55:30'),
(26, 'mjpark', '$2y$10$ytOJFO2d0g3HdDD2/Qqa.uG2OVYz4ly6bjKooVI5OS1tC.TLvJhZW', 'mj', 'park', 'meeja.park@gmail.com', '', '', '', '94516bfcd4ade889ab9963599d684c89', 1, 0, 1, '2023-11-01 08:55:37'),
(28, 'guest', '$2y$10$X6PSu4aawiTl1dBiGOY/ze1jLkP4mL1DVa9OD1T0UCt9o92re0vou', 'gu', 'est', 'digitalvote1@gmail.com', NULL, NULL, NULL, 'cfc692ecfe26eb70ae2ce1e908ac5700', 1, 0, 0, '2023-11-11 03:12:36');

-- --------------------------------------------------------

--
-- 테이블 구조 `userorder`
--

CREATE TABLE `userorder` (
  `orderID` bigint(20) NOT NULL,
  `userID` bigint(20) NOT NULL,
  `total` float NOT NULL,
  `address` varchar(100) NOT NULL,
  `phone` varchar(8) NOT NULL,
  `status` text NOT NULL,
  `createDate` timestamp NOT NULL DEFAULT current_timestamp() ON UPDATE current_timestamp()
) ENGINE=InnoDB DEFAULT CHARSET=utf8mb4 COLLATE=utf8mb4_general_ci;

--
-- 테이블의 덤프 데이터 `userorder`
--

INSERT INTO `userorder` (`orderID`, `userID`, `total`, `address`, `phone`, `status`, `createDate`) VALUES
(18, 15, 10800, 'trichy', '79876535', 'successful', '2022-04-30 14:56:20');

--
-- 덤프된 테이블의 인덱스
--

--
-- 테이블의 인덱스 `cart`
--
ALTER TABLE `cart`
  ADD PRIMARY KEY (`cartID`),
  ADD KEY `userID` (`userID`);

--
-- 테이블의 인덱스 `cartitem`
--
ALTER TABLE `cartitem`
  ADD PRIMARY KEY (`cartItemID`),
  ADD KEY `1_Cart_Zero-Or-More_CartItems` (`cartID`),
  ADD KEY `1_Product_Many_CartItems` (`productID`);

--
-- 테이블의 인덱스 `categories`
--
ALTER TABLE `categories`
  ADD PRIMARY KEY (`categoryID`);

--
-- 테이블의 인덱스 `orderitem`
--
ALTER TABLE `orderitem`
  ADD PRIMARY KEY (`orderItemID`),
  ADD KEY `1_Order_Many_OrderItems` (`orderID`),
  ADD KEY `1_Product_Many_OrderItems` (`productID`);

--
-- 테이블의 인덱스 `products`
--
ALTER TABLE `products`
  ADD PRIMARY KEY (`ZZZproductsZZZproductID`);

--
-- 테이블의 인덱스 `products_test`
--
ALTER TABLE `products_test`
  ADD PRIMARY KEY (`p_id`);

--
-- 테이블의 인덱스 `product_category`
--
ALTER TABLE `product_category`
  ADD KEY `1_Product_Many_Categories` (`ZZZproductID`),
  ADD KEY `1_Category_Many_Products` (`ZZZcategoryID`);

--
-- 테이블의 인덱스 `product_type`
--
ALTER TABLE `product_type`
  ADD KEY `1_Product_Many_Types` (`ZZZproductID`),
  ADD KEY `1_Type_Many_Products` (`ZZZtypeID`);

--
-- 테이블의 인덱스 `transaction`
--
ALTER TABLE `transaction`
  ADD PRIMARY KEY (`tranID`),
  ADD KEY `1_Order_Many_Transactions` (`orderID`),
  ADD KEY `1_User_Many_Transactions` (`userID`);

--
-- 테이블의 인덱스 `types`
--
ALTER TABLE `types`
  ADD PRIMARY KEY (`typeID`);

--
-- 테이블의 인덱스 `user`
--
ALTER TABLE `user`
  ADD PRIMARY KEY (`userID`);

--
-- 테이블의 인덱스 `userorder`
--
ALTER TABLE `userorder`
  ADD PRIMARY KEY (`orderID`),
  ADD KEY `1_User_Many_Orders` (`userID`);

--
-- 덤프된 테이블의 AUTO_INCREMENT
--

--
-- 테이블의 AUTO_INCREMENT `cart`
--
ALTER TABLE `cart`
  MODIFY `cartID` bigint(20) NOT NULL AUTO_INCREMENT, AUTO_INCREMENT=32;

--
-- 테이블의 AUTO_INCREMENT `cartitem`
--
ALTER TABLE `cartitem`
  MODIFY `cartItemID` bigint(20) NOT NULL AUTO_INCREMENT, AUTO_INCREMENT=152;

--
-- 테이블의 AUTO_INCREMENT `categories`
--
ALTER TABLE `categories`
  MODIFY `categoryID` bigint(20) NOT NULL AUTO_INCREMENT, AUTO_INCREMENT=10;

--
-- 테이블의 AUTO_INCREMENT `orderitem`
--
ALTER TABLE `orderitem`
  MODIFY `orderItemID` bigint(20) NOT NULL AUTO_INCREMENT, AUTO_INCREMENT=27;

--
-- 테이블의 AUTO_INCREMENT `products`
--
ALTER TABLE `products`
  MODIFY `ZZZproductsZZZproductID` bigint(20) NOT NULL AUTO_INCREMENT, AUTO_INCREMENT=57;

--
-- 테이블의 AUTO_INCREMENT `products_test`
--
ALTER TABLE `products_test`
  MODIFY `p_id` int(11) NOT NULL AUTO_INCREMENT, AUTO_INCREMENT=118;

--
-- 테이블의 AUTO_INCREMENT `transaction`
--
ALTER TABLE `transaction`
  MODIFY `tranID` bigint(20) NOT NULL AUTO_INCREMENT, AUTO_INCREMENT=19;

--
-- 테이블의 AUTO_INCREMENT `types`
--
ALTER TABLE `types`
  MODIFY `typeID` bigint(20) NOT NULL AUTO_INCREMENT, AUTO_INCREMENT=8;

--
-- 테이블의 AUTO_INCREMENT `user`
--
ALTER TABLE `user`
  MODIFY `userID` bigint(20) NOT NULL AUTO_INCREMENT, AUTO_INCREMENT=29;

--
-- 테이블의 AUTO_INCREMENT `userorder`
--
ALTER TABLE `userorder`
  MODIFY `orderID` bigint(20) NOT NULL AUTO_INCREMENT, AUTO_INCREMENT=19;

--
-- 덤프된 테이블의 제약사항
--

--
-- 테이블의 제약사항 `cart`
--
ALTER TABLE `cart`
  ADD CONSTRAINT `cart_ibfk_1` FOREIGN KEY (`userID`) REFERENCES `user` (`userID`) ON DELETE CASCADE ON UPDATE CASCADE;

--
-- 테이블의 제약사항 `orderitem`
--
ALTER TABLE `orderitem`
  ADD CONSTRAINT `1_Order_Many_OrderItems` FOREIGN KEY (`orderID`) REFERENCES `userorder` (`orderID`) ON DELETE CASCADE ON UPDATE CASCADE,
  ADD CONSTRAINT `1_Product_Many_OrderItems` FOREIGN KEY (`productID`) REFERENCES `products` (`ZZZproductsZZZproductID`) ON DELETE CASCADE ON UPDATE CASCADE;

--
-- 테이블의 제약사항 `product_category`
--
ALTER TABLE `product_category`
  ADD CONSTRAINT `1_Category_Many_Products` FOREIGN KEY (`ZZZcategoryID`) REFERENCES `categories` (`categoryID`) ON DELETE CASCADE ON UPDATE CASCADE,
  ADD CONSTRAINT `1_Product_Many_Categories` FOREIGN KEY (`ZZZproductID`) REFERENCES `products` (`ZZZproductsZZZproductID`) ON DELETE CASCADE ON UPDATE CASCADE;

--
-- 테이블의 제약사항 `product_type`
--
ALTER TABLE `product_type`
  ADD CONSTRAINT `1_Product_Many_Types` FOREIGN KEY (`ZZZproductID`) REFERENCES `products` (`ZZZproductsZZZproductID`) ON DELETE CASCADE ON UPDATE CASCADE,
  ADD CONSTRAINT `1_Type_Many_Products` FOREIGN KEY (`ZZZtypeID`) REFERENCES `types` (`typeID`) ON DELETE CASCADE ON UPDATE CASCADE;

--
-- 테이블의 제약사항 `transaction`
--
ALTER TABLE `transaction`
  ADD CONSTRAINT `1_Order_Many_Transactions` FOREIGN KEY (`orderID`) REFERENCES `userorder` (`orderID`) ON DELETE CASCADE ON UPDATE CASCADE,
  ADD CONSTRAINT `1_User_Many_Transactions` FOREIGN KEY (`userID`) REFERENCES `user` (`userID`) ON DELETE CASCADE ON UPDATE CASCADE;

--
-- 테이블의 제약사항 `userorder`
--
ALTER TABLE `userorder`
  ADD CONSTRAINT `1_User_Many_Orders` FOREIGN KEY (`userID`) REFERENCES `user` (`userID`) ON DELETE CASCADE ON UPDATE CASCADE;
--
-- 데이터베이스: `chat`
--
CREATE DATABASE IF NOT EXISTS `chat` DEFAULT CHARACTER SET utf8mb3 COLLATE utf8mb3_unicode_ci;
USE `chat`;

-- --------------------------------------------------------

--
-- 테이블 구조 `messages`
--

CREATE TABLE `messages` (
  `id` bigint(20) NOT NULL,
  `msgid` varchar(63) NOT NULL,
  `sender` bigint(20) NOT NULL,
  `receiver` bigint(20) NOT NULL,
  `message` text NOT NULL,
  `files` varchar(511) DEFAULT NULL,
  `date` datetime NOT NULL,
  `seen` int(11) NOT NULL DEFAULT 0,
  `received` int(11) NOT NULL DEFAULT 0,
  `deleted_sender` tinyint(1) NOT NULL DEFAULT 0,
  `deleted_receiver` tinyint(1) NOT NULL DEFAULT 0,
  `chatgroup` varchar(31) DEFAULT NULL
) ENGINE=InnoDB DEFAULT CHARSET=utf8mb3 COLLATE=utf8mb3_unicode_ci;

--
-- 테이블의 덤프 데이터 `messages`
--

INSERT INTO `messages` (`id`, `msgid`, `sender`, `receiver`, `message`, `files`, `date`, `seen`, `received`, `deleted_sender`, `deleted_receiver`, `chatgroup`) VALUES
(10, 'guL9V2YwAdXMmVhkBD6CkGycB3aam7ALUyr220pb25Pf', 12187067336, 1569691846017, 'send message after delete this thread', NULL, '2023-01-02 05:57:30', 0, 1, 1, 1, 'kang'),
(162, 'HB6udOLpGtaf9WdE1', 1569691846017, 4460506240, '姜敬錫 to 姜模殷', NULL, '2023-01-05 16:38:38', 1, 1, 0, 0, 'kang'),
(164, 'SuBXORNAhXcZj', 508451183118993, 1569691846017, 'kskang2 to kang', NULL, '2023-01-05 16:40:20', 1, 1, 0, 0, NULL),
(167, 'HB6udOLpGtaf9WdE1', 4460506240, 1569691846017, '姜模殷 우리 손녀(孫女)', NULL, '2023-01-05 21:02:49', 1, 1, 0, 0, NULL),
(168, '0H0vEqnhoM1P6pX6UU4', 4460506240, 684227975, 'mekang to mekang2', NULL, '2023-01-05 21:09:19', 1, 1, 0, 0, NULL),
(177, 'guL9V2YwAdXMmVhkBD6CkGycB3aam7ALUyr220pb25Pf', 12187067336, 1569691846017, 'mary2 to kskang', NULL, '2023-01-06 06:29:41', 1, 1, 1, 1, NULL),
(190, 'xLFNkWn4golSSnjGGDqBWUD', 1569691846017, 684227975, '姜模殷 2011年 11月4日  生 ', NULL, '2023-01-06 09:09:10', 0, 1, 1, 1, NULL),
(192, 'HB6udOLpGtaf9WdE1', 4460506240, 1569691846017, '7 0-0', NULL, '2023-01-06 09:16:51', 1, 1, 0, 1, NULL),
(195, 'xLFNkWn4golSSnjGGDqBWUD', 684227975, 1569691846017, '姜模殷 2011年 11月4日  生 ', NULL, '2023-01-06 09:27:40', 1, 1, 0, 0, NULL),
(196, 'guL9V2YwAdXMmVhkBD6CkGycB3aam7ALUyr220pb25Pf', 12187067336, 1569691846017, 'not seen massage test', NULL, '2023-01-06 09:33:45', 1, 1, 0, 0, NULL),
(233, '230106173431XIvQ', 777777, 396511824097591, 'id send', NULL, '2023-01-06 17:34:31', 1, 1, 0, 0, 'kang'),
(234, '230106173431XIvQ', 396511824097591, 777777, 'id return', NULL, '2023-01-06 17:34:50', 0, 1, 0, 0, 'kang'),
(235, 'xLFNkWn4golSSnjGGDqBWUD', 1569691846017, 684227975, '확인함', NULL, '2023-01-06 19:14:07', 0, 1, 0, 0, 'kang'),
(236, '0H0vEqnhoM1P6pX6UU4', 4460506240, 684227975, '네', NULL, '2023-01-06 19:55:16', 1, 1, 0, 0, 'kang'),
(237, '0H0vEqnhoM1P6pX6UU4', 4460506240, 684227975, '내일 3시 30분 후에 학원끝나요', NULL, '2023-01-06 19:55:52', 1, 1, 0, 0, 'kang'),
(240, 'HB6udOLpGtaf9WdE1', 4460506240, 1569691846017, '姜模殷 to 姜敬錫', NULL, '2023-01-07 15:01:56', 1, 1, 0, 1, 'kang'),
(241, 'HB6udOLpGtaf9WdE1', 4460506240, 1569691846017, '姜模殷 to 姜敬錫 ', NULL, '2023-01-07 15:02:19', 1, 1, 0, 1, 'kang'),
(245, '0H0vEqnhoM1P6pX6UU4', 684227975, 4460506240, '모은이가  문자 보냈네!!', NULL, '2023-01-07 20:09:59', 0, 0, 0, 0, 't'),
(246, 'HB6udOLpGtaf9WdE1', 1569691846017, 4460506240, '우리 모은이가  어제 문자 보냈구나!', NULL, '2023-01-07 20:38:28', 0, 0, 0, 0, 'kang'),
(247, 'HB6udOLpGtaf9WdE1', 4460506240, 1569691846017, '姜模殷 to 姜敬錫', NULL, '2023-01-07 20:40:29', 1, 1, 0, 0, 't'),
(251, '6vscJ5TFFQPVOCL0fOrCtSgy0L8Q0h8mQPv1qPdG4bYzAMIXMjAOUr', 520240, 1569691846017, 'move speed', NULL, '2023-01-07 22:12:45', 1, 1, 1, 1, 't'),
(252, 'xLFNkWn4golSSnjGGDqBWUD', 684227975, 1569691846017, 'mekang2 to kskang', NULL, '2023-01-07 22:15:06', 1, 1, 0, 0, 't'),
(256, '230107232537JMRW', 2526, 4812680474, '네', NULL, '2023-01-07 23:25:37', 1, 1, 1, 1, 'kang'),
(257, '230107232537JMRW', 2526, 4812680474, '내일 3시 30분 후에 학원끝나요', NULL, '2023-01-07 23:25:46', 1, 1, 0, 0, 'kang'),
(259, '230107232537JMRW', 4812680474, 2526, '그래!', NULL, '2023-01-07 23:32:08', 1, 1, 0, 0, 'kang'),
(272, '230110103448RYoZ', 1569691846017, 54857617616149042, 'kskang to guest', NULL, '2023-01-10 10:39:57', 1, 1, 1, 0, 't'),
(274, '230110103448RYoZ', 54857617616149042, 1569691846017, 'guest to kskang', NULL, '2023-01-10 10:47:06', 1, 1, 1, 0, 't'),
(303, '230111063543uKht', 290616046, 2526, '안녕^^ 이건 테스트용 멘트야~~', NULL, '2023-01-11 06:35:43', 0, 0, 0, 0, 'kang'),
(304, '230111064136ybYd', 290616046, 4812680474, 'Great!! 만드느라 수고하셨어요!!', NULL, '2023-01-11 06:41:36', 0, 1, 0, 0, 'kang'),
(317, '230110103448RYoZ', 1569691846017, 54857617616149042, '', 'uploads/DSC05022.JPG', '2023-01-11 08:25:08', 1, 1, 1, 1, 't'),
(318, '230110103448RYoZ', 1569691846017, 54857617616149042, '', 'uploads/iphone_top320x64.jpg', '2023-01-11 08:34:29', 1, 1, 1, 1, 't'),
(319, 'ehmeadLHsSgDJQfKaFgshk9Ybaa', 54857617616149042, 81130236239045, '', 'uploads/imga052세운것 (1).jpg', '2023-01-11 08:54:21', 0, 0, 0, 0, 'kang'),
(320, 'KgelPp35PwDIWKKhsETViZ2Td9QkPduSrXdq0uH4', 2526, 81130236239045, '', 'uploads/random walk001.jpg', '2023-01-11 08:57:26', 1, 1, 1, 1, 'kang'),
(321, '9tSQuCRigHG', 81130236239045, 4812680474, '', 'uploads/imga052세운것 (1).jpg', '2023-01-11 08:58:32', 1, 1, 0, 0, 'kang'),
(322, '230110103448RYoZ', 1569691846017, 54857617616149042, '', 'uploads/동구 유학 전 가족사진 mj.jpg', '2023-01-11 09:01:40', 1, 1, 1, 1, 't'),
(324, '230110103448RYoZ', 1569691846017, 54857617616149042, '', 'uploads/귀한사진145.jpg', '2023-01-11 09:04:04', 1, 1, 1, 0, 't'),
(325, '230110103448RYoZ', 1569691846017, 54857617616149042, '', 'uploads/chat2b.png', '2023-01-11 16:07:59', 0, 1, 1, 1, 't'),
(326, '230110103448RYoZ', 1569691846017, 54857617616149042, '', 'uploads/230101B1xU.jpeg', '2023-01-11 16:16:25', 0, 1, 1, 1, 't'),
(327, '9tSQuCRigHG', 4812680474, 81130236239045, '', 'uploads/1660004255101.JPEG', '2023-01-11 16:20:39', 1, 1, 1, 1, 'kang'),
(328, '9tSQuCRigHG', 4812680474, 81130236239045, '', 'uploads/1660004255101.JPEG', '2023-01-11 16:21:33', 0, 1, 1, 1, 'kang'),
(330, 'HB6udOLpGtaf9WdE1', 1569691846017, 4460506240, '', 'uploads/귀한사진145.jpg', '2023-01-11 16:26:34', 1, 1, 0, 0, 't'),
(331, '230107232537JMRW', 4812680474, 2526, '', 'uploads/귀한사진145.jpg', '2023-01-11 17:08:21', 1, 1, 0, 1, 'kang'),
(335, '230110103448RYoZ', 1569691846017, 54857617616149042, '', 'uploads/DSC08946.jpg', '2023-01-12 06:27:37', 1, 1, 1, 1, 't'),
(336, '230110103448RYoZ', 1569691846017, 54857617616149042, '', 'uploads/DSC05325.JPG', '2023-01-12 12:28:52', 1, 1, 1, 1, 't'),
(488, '230110103448RYoZ', 1569691846017, 54857617616149042, '', 'uploads/귀한사진145.jpg', '2023-01-13 12:35:35', 1, 1, 0, 1, 't'),
(495, 'xLFNkWn4golSSnjGGDqBWUD', 1569691846017, 684227975, '', 'uploads/PSX_20190206_210222.jpg', '2023-01-13 17:43:42', 0, 0, 0, 0, 't'),
(571, '230107232537JMRW', 4812680474, 2526, '模殷아!<br />\n자기前  2時間 內에는, 뭘 먹지 말고,  자기前에는 물을 半컵이라도 마시고 자려므나 ..아침에 일어나서도 우선 半컵쯤 물을 마셔..이게 속을 깨끗이 하게 하는지, 할아버지는 속을 많이 고쳤단다.  效果가 크더라...물은 미지근한 물이 第一 좋은데..   그냥  아주 차지만 않은 물이면 되더라.', NULL, '2023-01-16 07:51:03', 1, 1, 0, 0, 'kang'),
(572, 'HB6udOLpGtaf9WdE1', 1569691846017, 4460506240, '模殷아!<br />\r\n자기前  2時間 內에는, 뭘 먹지 말고,  자기前에는 물을 半컵이라도 마시고 자려므나 ..아침에 일어나서도 우선 半컵쯤 물을 마셔..이게 속을 깨끗하게 하는지, 할아버지는 속을 많이 고쳤단다.  效果가 크더라...물은 미지근한 물이 第一 좋은데..   그냥  아주 차지만 않은 물이면 되더라.', NULL, '2023-01-16 07:52:19', 1, 1, 0, 0, 't'),
(578, '9tSQuCRigHG', 4812680474, 81130236239045, '模殷아!<br />\r\n자기前  2時間 內에는, 뭘 먹지 말고,  자기前에는 물을 半컵이라도 마시고 자려므나 ..아침에 일어나서도 우선 半컵쯤 물을 마셔..이게 속을 깨끗하게 하는지, 할아버지는 속을 많이 고쳤단다.  效果가 크더라...물은 미지근한 물이 第一 좋은데..   그냥  아주 차지만 않은 물이면 되더라.', NULL, '2023-01-17 06:55:43', 1, 1, 0, 0, 'kang'),
(579, '230117065710GOeG', 777777, 81130236239045, '模殷아!<br />\r\n자기前  2時間 內에는, 뭘 먹지 말고,  자기前에는 물을 半컵이라도 마시고 자려므나 ..아침에 일어나서도 우선 半컵쯤 물을 마셔..이게 속을 깨끗하게 하는지, 할아버지는 속을 많이 고쳤단다.  效果가 크더라...물은 미지근한 물이 第一 좋은데..   그냥  아주 차지만 않은 물이면 되더라.', NULL, '2023-01-17 06:57:10', 1, 1, 0, 0, 'kang'),
(580, '230117065710GOeG', 777777, 81130236239045, '', 'uploads/img041a_Original.jpg', '2023-01-17 06:57:27', 1, 1, 0, 0, 'kang'),
(586, '9tSQuCRigHG', 4812680474, 81130236239045, '', 'uploads/DSC02034.JPG', '2023-01-18 20:10:18', 1, 1, 1, 1, 'kang'),
(588, '9tSQuCRigHG', 4812680474, 81130236239045, '', 'uploads/1449305787399.jpeg', '2023-01-18 20:12:47', 1, 1, 1, 1, 'kang'),
(589, '9tSQuCRigHG', 4812680474, 81130236239045, '', 'uploads/1449305796426.jpeg', '2023-01-18 20:13:20', 1, 1, 1, 0, 'kang'),
(592, '9tSQuCRigHG', 4812680474, 81130236239045, '', 'uploads/processed-0acb2645-312c-42e3-aed5-cfdfda426531_wnlMl7dm-1.jpeg', '2023-01-18 20:17:57', 1, 1, 0, 0, 'kang'),
(593, '9tSQuCRigHG', 4812680474, 81130236239045, '', 'uploads/DSCN2004.JPG', '2023-01-18 20:21:08', 1, 1, 0, 0, 'kang'),
(594, '9tSQuCRigHG', 4812680474, 81130236239045, '', 'uploads/1572182308354.jpg', '2023-01-18 20:24:01', 1, 1, 0, 1, 'kang'),
(595, 'HB6udOLpGtaf9WdE1', 1569691846017, 4460506240, '', 'uploads/processed-0acb2645-312c-42e3-aed5-cfdfda426531_wnlMl7dm-1.jpeg', '2023-01-18 20:41:06', 1, 1, 0, 0, 't'),
(596, 'KgelPp35PwDIWKKhsETViZ2Td9QkPduSrXdq0uH4', 81130236239045, 2526, '', 'uploads/processed-0acb2645-312c-42e3-aed5-cfdfda426531_wnlMl7dm-1.jpeg', '2023-01-19 06:48:08', 0, 0, 0, 0, 'kang'),
(597, 'LpTq', 81130236239045, 7247413859, '', 'uploads/DSC05349.JPG', '2023-01-19 06:48:37', 0, 0, 0, 0, 'kang'),
(598, 'MACc9QoAGzfYsLj8hQbVAu8ps', 81130236239045, 92447996105988234, '', 'uploads/20230112_154729.jpg', '2023-01-19 06:49:03', 0, 0, 1, 0, 'kang'),
(599, 'MACc9QoAGzfYsLj8hQbVAu8ps', 81130236239045, 92447996105988234, '', 'uploads/귀한사진106.jpg', '2023-01-19 06:49:41', 0, 0, 0, 0, 'kang'),
(600, '230110103448RYoZ', 1569691846017, 54857617616149042, '', 'uploads/processed-0acb2645-312c-42e3-aed5-cfdfda426531_wnlMl7dm-1.jpeg', '2023-01-19 07:11:34', 1, 1, 0, 0, 't'),
(603, '230107232537JMRW', 4812680474, 2526, '', 'uploads/processed-0acb2645-312c-42e3-aed5-cfdfda426531_wnlMl7dm-1.jpeg', '2023-01-19 07:34:41', 1, 1, 0, 1, 'kang'),
(604, '230107232537JMRW', 4812680474, 2526, '', 'uploads/DSC03042-1.JPG', '2023-01-19 07:34:53', 1, 1, 0, 1, 'kang'),
(605, '230107232537JMRW', 4812680474, 2526, '', 'uploads/20140617_085005000_iOS-1.jpg', '2023-01-19 07:35:01', 1, 1, 0, 1, 'kang'),
(606, '9tSQuCRigHG', 4812680474, 81130236239045, '', 'uploads/DSC03042-1.JPG', '2023-01-19 07:37:34', 1, 1, 0, 0, 'kang'),
(607, '9tSQuCRigHG', 4812680474, 81130236239045, '', 'uploads/20140617_085005000_iOS-1.jpg', '2023-01-19 07:37:42', 1, 1, 0, 1, 'kang'),
(608, '230107232537JMRW', 4812680474, 2526, '', 'uploads/2023-01-19-1012-1.png', '2023-01-19 12:28:38', 1, 1, 1, 1, 'kang'),
(610, 'HB6udOLpGtaf9WdE1', 4460506240, 1569691846017, '', 'uploads/PSX_20190206_210222.jpg', '2023-01-20 08:54:39', 1, 1, 0, 0, 't'),
(621, '9tSQuCRigHG', 81130236239045, 4812680474, '', 'uploads/PSX_20190206_210222.jpg', '2023-01-20 10:12:57', 0, 1, 1, 0, 'kang'),
(622, '9tSQuCRigHG', 81130236239045, 4812680474, '', 'uploads/20140617_085005000_iOS-1.jpg', '2023-01-20 10:13:48', 0, 1, 0, 0, 'kang'),
(623, '230110103448RYoZ', 1569691846017, 54857617616149042, '', 'uploads/imga052세운것 (1).jpg', '2023-01-21 07:31:15', 1, 1, 0, 0, 't'),
(627, '230107232537JMRW', 2526, 4812680474, '', 'uploads/2023-01-19-1012-1.png', '2023-01-21 14:52:31', 1, 1, 0, 0, 'kang'),
(628, '230110103448RYoZ', 54857617616149042, 1569691846017, '模殷아!<br />\n자기前  2時間 內에는, 뭘 먹지 말고,  자기前에는 물을 半컵이라도 마시고 자려므나 ..아침에 일어나서도 우선 半컵쯤 물을 마셔..이게 속을 깨끗이 하게 하는지, 할아버지는 속을 많이 고쳤단다.  效果가 크더라...물은 미지근한 물이 第一 좋은데..   그냥  아주 차지만 않은 물이면 되더라.', NULL, '2023-01-24 12:58:17', 1, 1, 0, 0, 't'),
(629, '6vscJ5TFFQPVOCL0fOrCtSgy0L8Q0h8mQPv1qPdG4bYzAMIXMjAOUr', 1569691846017, 520240, 'https://naver.me/xitbU5g0', NULL, '2023-01-27 07:03:28', 0, 1, 1, 0, 't'),
(630, '6vscJ5TFFQPVOCL0fOrCtSgy0L8Q0h8mQPv1qPdG4bYzAMIXMjAOUr', 1569691846017, 520240, 'https://iconcert.kr/chat/mychat_t', NULL, '2023-01-27 07:04:20', 0, 1, 1, 0, 't'),
(631, '6vscJ5TFFQPVOCL0fOrCtSgy0L8Q0h8mQPv1qPdG4bYzAMIXMjAOUr', 1569691846017, 520240, '2월13일 月  12시,<br />\n박남준님 김연숙님 김선옥님 홍 유 강 참가예정<br />\n장소,<br />\nhttps://naver.me/5GysNHvH', NULL, '2023-01-27 07:06:26', 0, 1, 1, 0, 't'),
(632, '230110103448RYoZ', 1569691846017, 54857617616149042, '', 'uploads/Screenshot_20230119_103908_NAVER.png', '2023-01-27 15:46:49', 0, 0, 0, 0, 't'),
(633, '6vscJ5TFFQPVOCL0fOrCtSgy0L8Q0h8mQPv1qPdG4bYzAMIXMjAOUr', 1569691846017, 520240, '', 'uploads/sony wh-h910n.png', '2023-01-27 17:47:39', 0, 1, 0, 0, 't'),
(634, '4waxlD9upIGyuKQqsdXXLgdlaFijqLtto2fRl787Lbb4GAbC', 4812680474, 56645346677, '', 'uploads/imga052세운것 (1).jpg', '2023-01-28 16:43:01', 0, 0, 0, 0, 'kang'),
(635, '4waxlD9upIGyuKQqsdXXLgdlaFijqLtto2fRl787Lbb4GAbC', 4812680474, 56645346677, '', 'uploads/img041a_Original.jpg', '2023-01-28 16:43:12', 0, 0, 0, 0, 'kang'),
(636, '4waxlD9upIGyuKQqsdXXLgdlaFijqLtto2fRl787Lbb4GAbC', 4812680474, 56645346677, '', 'uploads/img026.jpg', '2023-01-28 16:43:28', 0, 0, 0, 0, 'kang'),
(637, 'ZgoaZ1ePiV8joLhtf9zlkefjhfn5geE7bH78LKtv', 1569691846017, 56645346677, '', 'uploads/Screenshot_20230119_103908_NAVER.png', '2023-01-28 16:51:40', 0, 0, 0, 0, 'kang'),
(638, '6vscJ5TFFQPVOCL0fOrCtSgy0L8Q0h8mQPv1qPdG4bYzAMIXMjAOUr', 1569691846017, 520240, 'キーボードレーザー刻印サービス<br />\nhappy hacking 英語キーキャップに写真(添付)のような韓国語印刷ができますか？ 値段はいくらくらいですか。', NULL, '2023-01-30 08:40:54', 0, 0, 0, 0, 't'),
(639, '6vscJ5TFFQPVOCL0fOrCtSgy0L8Q0h8mQPv1qPdG4bYzAMIXMjAOUr', 1569691846017, 520240, '', 'uploads/1675378951678.JPEG', '2023-02-07 17:59:28', 0, 0, 0, 0, 't'),
(640, '230110103448RYoZ', 1569691846017, 54857617616149042, '', 'uploads/DSC09886s (2).jpg', '2023-02-10 10:15:08', 0, 0, 0, 0, 't'),
(641, '230107232537JMRW', 4812680474, 2526, '', 'uploads/1676359705512.JPEG', '2023-02-14 16:33:18', 0, 0, 0, 0, 'kang'),
(642, '230107232537JMRW', 4812680474, 2526, '', 'uploads/1676359705523.JPEG', '2023-02-14 16:33:25', 0, 0, 0, 0, 'kang'),
(643, '4waxlD9upIGyuKQqsdXXLgdlaFijqLtto2fRl787Lbb4GAbC', 4812680474, 56645346677, '', 'uploads/Screenshot_20230214_165857_Messages.png', '2023-02-14 17:00:12', 0, 0, 0, 0, 'kang'),
(644, 'Q3HVRXNPGnNtJI9YuD3qMHVFPXhzhusfzjJY8ats4Bd9lhHHkuV0bvS7', 4812680474, 520240, '', 'uploads/Screenshot_20230214_165857_Messages.png', '2023-02-14 17:00:29', 0, 0, 0, 0, 't'),
(645, '4waxlD9upIGyuKQqsdXXLgdlaFijqLtto2fRl787Lbb4GAbC', 4812680474, 56645346677, '', 'uploads/DSCN1107-2-1[1].jpg.png', '2023-02-18 08:13:05', 0, 0, 0, 0, 'kang'),
(646, '4waxlD9upIGyuKQqsdXXLgdlaFijqLtto2fRl787Lbb4GAbC', 4812680474, 56645346677, '', 'uploads/IMG_20190710_131906.jpg', '2023-02-18 08:13:13', 0, 0, 0, 0, 'kang'),
(647, '4waxlD9upIGyuKQqsdXXLgdlaFijqLtto2fRl787Lbb4GAbC', 4812680474, 56645346677, '', 'uploads/스크린샷(588).png', '2023-02-18 08:13:23', 0, 0, 0, 0, 'kang'),
(648, '4waxlD9upIGyuKQqsdXXLgdlaFijqLtto2fRl787Lbb4GAbC', 4812680474, 56645346677, '', 'uploads/aa.png', '2023-02-18 08:13:30', 0, 0, 0, 0, 'kang'),
(649, '4waxlD9upIGyuKQqsdXXLgdlaFijqLtto2fRl787Lbb4GAbC', 4812680474, 56645346677, '', 'uploads/20150425_084904-1.jpg', '2023-02-18 08:13:37', 0, 0, 0, 0, 'kang'),
(650, '4waxlD9upIGyuKQqsdXXLgdlaFijqLtto2fRl787Lbb4GAbC', 4812680474, 56645346677, '', 'uploads/joon.png', '2023-02-18 08:13:44', 0, 0, 0, 0, 'kang'),
(651, '4waxlD9upIGyuKQqsdXXLgdlaFijqLtto2fRl787Lbb4GAbC', 4812680474, 56645346677, '엄마 사진<br />\nhttps://photos.app.goo.gl/G49Uc7aMMNvFLEuy5', NULL, '2023-02-20 07:43:24', 0, 0, 1, 0, 'kang'),
(652, '4waxlD9upIGyuKQqsdXXLgdlaFijqLtto2fRl787Lbb4GAbC', 4812680474, 56645346677, 'https://photos.app.goo.gl/G49Uc7aMMNvFLEuy5', NULL, '2023-02-20 07:43:53', 0, 0, 1, 0, 'kang'),
(653, 'YT7IUWGsayeomIO7w9PcsUI8TGC4', 4812680474, 777777, '', 'uploads/img019c.jpg', '2023-02-20 07:47:25', 0, 0, 0, 0, 'kang'),
(654, 'YT7IUWGsayeomIO7w9PcsUI8TGC4', 4812680474, 777777, '', 'uploads/img021a.jpg', '2023-02-20 07:47:35', 0, 0, 0, 0, 'kang'),
(655, 'YT7IUWGsayeomIO7w9PcsUI8TGC4', 4812680474, 777777, '', 'uploads/img017c.jpg', '2023-02-20 07:47:59', 0, 0, 1, 0, 'kang'),
(656, 'YT7IUWGsayeomIO7w9PcsUI8TGC4', 4812680474, 777777, '', 'uploads/img023a.jpg', '2023-02-20 07:51:26', 0, 0, 0, 0, 'kang'),
(657, 'YT7IUWGsayeomIO7w9PcsUI8TGC4', 4812680474, 777777, '', 'uploads/img017c.jpg', '2023-02-20 07:51:38', 0, 0, 0, 0, 'kang'),
(658, 'YT7IUWGsayeomIO7w9PcsUI8TGC4', 4812680474, 777777, '', 'uploads/img029b.jpg', '2023-02-20 07:52:02', 0, 0, 0, 0, 'kang'),
(659, 'YT7IUWGsayeomIO7w9PcsUI8TGC4', 4812680474, 777777, '', 'uploads/img027c.jpg', '2023-02-20 07:52:08', 0, 0, 0, 0, 'kang'),
(660, 'YT7IUWGsayeomIO7w9PcsUI8TGC4', 4812680474, 777777, '', 'uploads/img057b.jpg', '2023-02-20 07:52:21', 0, 0, 0, 0, 'kang'),
(661, 'YT7IUWGsayeomIO7w9PcsUI8TGC4', 4812680474, 777777, '', 'uploads/img026.jpg', '2023-02-20 07:52:30', 0, 0, 0, 0, 'kang'),
(662, 'YT7IUWGsayeomIO7w9PcsUI8TGC4', 4812680474, 777777, '', 'uploads/img035c.jpg', '2023-02-20 07:52:41', 0, 0, 0, 0, 'kang'),
(663, 'YT7IUWGsayeomIO7w9PcsUI8TGC4', 4812680474, 777777, '', 'uploads/img043a.jpg', '2023-02-20 07:52:48', 0, 0, 0, 0, 'kang'),
(664, 'YT7IUWGsayeomIO7w9PcsUI8TGC4', 4812680474, 777777, '', 'uploads/img026.jpg', '2023-02-20 07:53:05', 0, 0, 0, 0, 'kang'),
(665, 'YT7IUWGsayeomIO7w9PcsUI8TGC4', 4812680474, 777777, '', 'uploads/img089.jpg', '2023-02-20 07:53:50', 0, 0, 0, 0, 'kang'),
(666, 'YT7IUWGsayeomIO7w9PcsUI8TGC4', 4812680474, 777777, '', 'uploads/img041a_Original.jpg', '2023-02-20 07:56:17', 0, 0, 0, 0, 'kang'),
(667, 'YT7IUWGsayeomIO7w9PcsUI8TGC4', 4812680474, 777777, '', 'uploads/imga052세운것 (1).jpg', '2023-02-20 07:56:32', 0, 0, 0, 0, 'kang'),
(670, '4waxlD9upIGyuKQqsdXXLgdlaFijqLtto2fRl787Lbb4GAbC', 4812680474, 56645346677, '제일 좋은데,  전파가 안 된는 이유?<br />\n<br />\n인도-지들끼리만 공부..  대승이라하는 소승들.<br />\n<br />\n판교-빅데이타를 보고도 무시하고 있다.<br />\n<br />\n전에는-- 자산 보유 지주계급의 종교..<br />\n<br />\n<br />\n인도에서 간절함(x)  <br />\n포교<br />\n접근성<br />\n설립 방법 및 지원, 기획광고 <br />\n운영 방법 형식,기획광고 <br />\n필요자격,기획광고 <br />\n운영지원<br />\nYoutube로 표준예', NULL, '2023-02-26 18:46:34', 0, 0, 1, 0, 'kang'),
(671, '4waxlD9upIGyuKQqsdXXLgdlaFijqLtto2fRl787Lbb4GAbC', 4812680474, 56645346677, '', 'uploads/an.png', '2023-03-01 07:36:34', 0, 0, 1, 0, 'kang'),
(672, 'YT7IUWGsayeomIO7w9PcsUI8TGC4', 4812680474, 777777, '', 'uploads/an.png', '2023-03-01 07:37:24', 0, 0, 0, 0, 'kang'),
(673, '4waxlD9upIGyuKQqsdXXLgdlaFijqLtto2fRl787Lbb4GAbC', 4812680474, 56645346677, '제일 좋은데,  전파가 안 된는 이유?<br />\n<br />\n본것-------<br />\n판교에 교회수 <br />\n교리가 탁월한데 ~~ <br />\n헌금액수 비고 <br />\n인도에서 포교 <br />\n탁발이 없어짐 <br />\n <br />\n인도-지들끼리만 공부..  대승이라하는 소승들.(간절함x) <br />\n<br />\n판교-빅데이타를 보고도 무시하고 있다.<br />\n전에는-- 자산 보유 지주계급의 종교..<br />\n절-왕   천주교-왕 기독교-일반모금 <br />\n탁발 --포교의 역할 을 대신 할 것이 없다 <br />\n헌금-포교,, <br />\n<br />\n<br />\n포교<br />\n접근성<br />\n설립 방법 및 지원, 기획광고 <br />\n운영 방법 형식,기획광고 <br />\n필요자격,기획광고 <br />\n운영지원<br />\nYoutube로 표준예<br />\n<br />\n초등 천자문 교실 <br />\n모임 결성 구역, <br />\n<br />\n1.탁발을 중단하면서,<br />\n기존의 불자에게 교육만하고,<br />\n포교활동은 중단 한다고 이해했나?<br />\n다른 대안의 포교 방법이 없이 탁발을 중단한 것은 아닌가?<br />\n<br />\n소승도 아니고, 대승도 아니고 ,끼리끼리 불교가 된것은 아닌가?<br />\n<br />\n오온이 공하다는 가르침은 이미 불자가 되 사람에게의 가르침이고,<br />\n포교는   가르침을 들으러오게 하는것이고,  우선 접근성이 좋아야한다..', NULL, '2023-03-18 09:25:33', 0, 0, 1, 0, 'kang'),
(674, '4waxlD9upIGyuKQqsdXXLgdlaFijqLtto2fRl787Lbb4GAbC', 4812680474, 56645346677, '불교 중흥이란?<br />\n신도 數 배증 <br />\n사찰(참배목적, 대로 변) 수 배증 <br />\n<br />\n可能行動<br />\n巡禮  當日 ,1泊<br />\n초등 천자문 교실 <br />\n구역 신도회 <br />\n제가불자 포교 TFT구성 <br />\n<br />\n본것-------<br />\n판교에 교회수 <br />\n교리가 탁월한데 ~~ <br />\n헌금액수 비고 <br />\n인도에서 포교 <br />\n탁발이 없어짐 <br />\n<br />\n판교-빅데이타를 보고도 무시하고 있다.<br />\n전에는-- 자산 보유 지주계급의 종교..<br />\n절-왕   천주교-왕 기독교-일반모금 <br />\n탁발 --포교의 역할 을 대신 할 것이 없다 <br />\n헌금-포교,, <br />\n<br />\n<br />\n포교<br />\n접근성<br />\n설립 방법 및 지원, 기획광고 <br />\n운영 방법 형식,기획광고 <br />\n필요자격,기획광고 <br />\n운영지원<br />\nYoutube로 표준예<br />\n<br />\n追窮  <br />\n탁발을 중단하면서,<br />\n기존의 불자에게 교육만하고,<br />\n포교활동은 중단 한다고 이해했나?<br />\n다른 대안의 포교 방법이 없이 탁발을 중단한 것은 아닌가?<br />\n<br />\n제일 좋은데,  전파가 안 된는 이유?<br />\n는 기존 지도부 아닌가?<br />\n<br />\n인도-간절함 만이 포교의 해결책이 아니다. <br />\n<br />\n소승도 아니고, 대승도 아니고 ,끼리끼리 불교가 된것은 아닌가?<br />\n<br />\n오온이 공하다는 가르침은 이미 불자가 되 사람에게의 가르침이고,<br />\n포교는 가르침을 들으러 오게 하는것이니,  우선 접근성이 좋아야한다..', NULL, '2023-03-22 21:06:51', 0, 0, 0, 0, 'kang'),
(675, '4waxlD9upIGyuKQqsdXXLgdlaFijqLtto2fRl787Lbb4GAbC', 4812680474, 56645346677, '', 'uploads/21CC2746-2E7F-41A1-B324-214775424508.jpg', '2023-03-24 07:07:33', 0, 0, 0, 0, 'kang'),
(676, '4waxlD9upIGyuKQqsdXXLgdlaFijqLtto2fRl787Lbb4GAbC', 4812680474, 56645346677, '', 'uploads/2023-03-25 104526.png', '2023-03-25 10:54:59', 0, 0, 0, 0, 'kang'),
(677, '4waxlD9upIGyuKQqsdXXLgdlaFijqLtto2fRl787Lbb4GAbC', 4812680474, 56645346677, '', 'uploads/apple한자.png', '2023-04-03 17:53:39', 0, 0, 0, 0, 'kang'),
(678, '4waxlD9upIGyuKQqsdXXLgdlaFijqLtto2fRl787Lbb4GAbC', 4812680474, 56645346677, '李喜順 87年9月2日<br />\n安淑子 67年6月21日', NULL, '2023-04-13 07:55:00', 0, 0, 0, 0, 'kang'),
(679, 'KgelPp35PwDIWKKhsETViZ2Td9QkPduSrXdq0uH4', 81130236239045, 2526, '', 'uploads/img20240103_13281266.jpg', '2024-01-05 07:03:44', 0, 0, 1, 0, 'kang'),
(680, 'KgelPp35PwDIWKKhsETViZ2Td9QkPduSrXdq0uH4', 81130236239045, 2526, '', 'uploads/img20240103_13281266.jpg', '2024-01-05 07:05:25', 0, 0, 1, 0, 'kang'),
(681, 'KgelPp35PwDIWKKhsETViZ2Td9QkPduSrXdq0uH4', 81130236239045, 2526, '', 'uploads/removebg-preview.png', '2024-01-05 07:07:01', 0, 0, 1, 0, 'kang'),
(682, 'KgelPp35PwDIWKKhsETViZ2Td9QkPduSrXdq0uH4', 81130236239045, 2526, '', 'uploads/161359-removebg-preview.png', '2024-01-05 07:08:33', 0, 0, 1, 0, 'kang'),
(683, 'KgelPp35PwDIWKKhsETViZ2Td9QkPduSrXdq0uH4', 81130236239045, 2526, '', 'uploads/DSC01785.JPG', '2024-01-05 07:18:47', 0, 0, 1, 0, 'kang'),
(684, 'KgelPp35PwDIWKKhsETViZ2Td9QkPduSrXdq0uH4', 81130236239045, 2526, '', 'uploads/DSC01785.JPG', '2024-01-05 07:42:33', 0, 0, 1, 0, 'kang'),
(685, 'KgelPp35PwDIWKKhsETViZ2Td9QkPduSrXdq0uH4', 81130236239045, 2526, '', 'uploads/DSC01785.JPG', '2024-01-05 07:59:12', 0, 0, 1, 0, 'kang'),
(686, 'yBiO7s4D3h9JLFwMPDX2bKmg2rco3BkeXZOpb1lb9PUFC5adbEYmkCo', 81130236239045, 4460506240, '', 'uploads/DSC01785.JPG', '2024-01-05 07:59:44', 0, 0, 1, 0, 't'),
(687, '9tSQuCRigHG', 81130236239045, 4812680474, '', 'uploads/DSC01785.JPG', '2024-01-05 08:02:06', 0, 0, 1, 0, 'kang'),
(688, 'KgelPp35PwDIWKKhsETViZ2Td9QkPduSrXdq0uH4', 81130236239045, 2526, '', 'uploads/161359-removebg-preview.png', '2024-01-05 08:03:48', 0, 0, 1, 0, 'kang'),
(689, 'yBiO7s4D3h9JLFwMPDX2bKmg2rco3BkeXZOpb1lb9PUFC5adbEYmkCo', 81130236239045, 4460506240, '', 'uploads/DSC01785.JPG', '2024-01-05 08:04:47', 0, 0, 1, 0, 't'),
(690, 'KgelPp35PwDIWKKhsETViZ2Td9QkPduSrXdq0uH4', 81130236239045, 2526, '', 'uploads/DSC01785.JPG', '2024-01-05 08:05:13', 0, 0, 1, 0, 'kang'),
(691, 'KgelPp35PwDIWKKhsETViZ2Td9QkPduSrXdq0uH4', 81130236239045, 2526, '', 'uploads/DSC01785.JPG', '2024-01-05 08:06:17', 0, 0, 0, 0, 'kang'),
(692, 'KgelPp35PwDIWKKhsETViZ2Td9QkPduSrXdq0uH4', 81130236239045, 2526, '', 'uploads/170475522061q2.png', '2024-01-09 08:20:44', 0, 0, 0, 0, 'kang'),
(693, 'KgelPp35PwDIWKKhsETViZ2Td9QkPduSrXdq0uH4', 81130236239045, 2526, '', 'uploads/1704755220532.JPEG', '2024-01-09 08:20:52', 0, 0, 0, 0, 'kang'),
(694, 'LpTq', 81130236239045, 7247413859, '', 'uploads/1704755220532.JPEG', '2024-01-09 08:21:15', 0, 0, 0, 0, 'kang'),
(695, 'LpTq', 81130236239045, 7247413859, '', 'uploads/170475522061q2.png', '2024-01-09 08:21:22', 0, 0, 0, 0, 'kang'),
(696, 'LpTq', 81130236239045, 7247413859, '', 'uploads/스크린샷 2024-01-10 184948.png', '2024-01-10 19:11:37', 0, 0, 1, 0, 'kang'),
(697, 'LpTq', 81130236239045, 7247413859, '', 'uploads/2024-01-09 173255.png', '2024-01-10 19:16:29', 0, 0, 0, 0, 'kang'),
(698, 'LpTq', 81130236239045, 7247413859, '', 'uploads/스크린샷 2024-01-12 081130.png', '2024-01-12 08:33:14', 0, 0, 0, 0, 'kang'),
(699, '9tSQuCRigHG', 81130236239045, 4812680474, '', 'uploads/sony wh-h910n.png', '2024-01-20 09:40:53', 0, 0, 0, 0, 'kang'),
(700, '9tSQuCRigHG', 81130236239045, 4812680474, '', 'uploads/wh-h910n.png', '2024-01-20 13:20:45', 0, 0, 0, 0, 'kang'),
(701, '230117065710GOeG', 81130236239045, 777777, 'rest', NULL, '2024-04-20 18:31:43', 0, 0, 0, 0, 'kang'),
(702, '230117065710GOeG', 81130236239045, 777777, '', 'uploads/17136054588275738997988572309114.jpg', '2024-04-20 18:31:56', 0, 0, 0, 0, 'kang'),
(703, 'LpTq', 81130236239045, 7247413859, 'tttttt', NULL, '2024-04-20 18:32:04', 0, 0, 0, 0, 'kang'),
(704, 'LpTq', 81130236239045, 7247413859, '', 'uploads/20240420_162035.jpg', '2024-04-20 18:33:06', 0, 0, 0, 0, 'kang');

-- --------------------------------------------------------

--
-- 테이블 구조 `users`
--

CREATE TABLE `users` (
  `id` bigint(20) NOT NULL,
  `userid` bigint(20) DEFAULT NULL,
  `username` varchar(50) CHARACTER SET utf8mb3 COLLATE utf8mb3_unicode_ci DEFAULT NULL,
  `email` varchar(100) CHARACTER SET utf8mb3 COLLATE utf8mb3_unicode_ci DEFAULT NULL,
  `gender` varchar(6) CHARACTER SET utf8mb3 COLLATE utf8mb3_unicode_ci DEFAULT NULL,
  `password` varchar(64) CHARACTER SET utf8mb3 COLLATE utf8mb3_unicode_ci DEFAULT NULL,
  `date` datetime DEFAULT NULL,
  `image` varchar(500) CHARACTER SET utf8mb3 COLLATE utf8mb3_unicode_ci DEFAULT NULL,
  `chatgroup` varchar(31) CHARACTER SET utf8mb3 COLLATE utf8mb3_unicode_ci DEFAULT NULL
) ENGINE=InnoDB DEFAULT CHARSET=latin1 COLLATE=latin1_swedish_ci;

--
-- 테이블의 덤프 데이터 `users`
--

INSERT INTO `users` (`id`, `userid`, `username`, `email`, `gender`, `password`, `date`, `image`, `chatgroup`) VALUES
(4, 1569691846017, 'kskang', 'kskang', 'Male', '1111', '2022-12-30 17:19:09', 'uploads/kang.jpg', 't'),
(6, 520240, 'file', 'file', 'Male', '1111', '2022-12-30 17:32:48', 'uploads/2023-01-28 163823.png', 't'),
(8, 81130236239045, 'guest', 'guest', 'Male', '1111', '2022-12-31 07:29:49', 'uploads/befunky_2023-0-1_17-1-26.jpg', 'kang'),
(9, 777777, 'murakami', 'murakami', 'Male', '1111', '2022-12-31 16:33:21', 'uploads/murakami.jpg', 'kang'),
(10, 4460506240, 'mekang', 'mekang', 'Female', '1111', '2023-01-01 19:17:50', 'uploads/befunky_2023-0-1_17-0-40.jpg', 't'),
(11, 684227975, 'mekang2', 'mekang2', 'Female', '1111', '2023-01-01 19:22:00', 'uploads/befunky_2023-0-1_17-2-33.jpg', 't'),
(12, 396511824097591, 'mary', 'mary', 'Female', '1111', '2023-01-01 19:22:30', NULL, 't'),
(13, 12187067336, 'mary2', 'mary2', 'Female', '1111', '2023-01-01 19:22:53', NULL, 't'),
(65, 54857617616149042, 'guest', 'guest', 'Male', '1111', '2023-01-07 22:51:50', 'uploads/befunky_2023-0-1_17-1-26.jpg', 't'),
(66, 2526, 'mekang', 'mekang', 'Male', '1111', '2023-01-07 23:18:11', 'uploads/befunky_2023-0-1_17-0-40.jpg', 'kang'),
(67, 4812680474, 'kskang', 'kskang', 'Male', '1111', '2023-01-07 23:18:32', 'uploads/kang.jpg', 'kang'),
(68, 7247413859, 'mekang2', 'mekang2', 'Male', '1111', '2023-01-07 23:21:54', 'uploads/befunky_2023-0-1_17-2-33.jpg', 'kang'),
(73, 92447996105988234, 'dkkang', 'dkkang', 'Male', '1111', '2023-01-08 20:58:44', NULL, 'kang'),
(74, 290616046, 'mjpark', 'mjpark', 'Male', '1111', '2023-01-09 13:39:56', 'uploads/mjpark.jpg', 'kang'),
(77, 428333, 'murakami', 'murakami', 'Male', '1111', '2023-01-20 17:52:24', 'uploads/murakami.jpg', 't'),
(78, 56645346677, 'file', 'file', 'Male', '1111', '2023-01-28 16:41:58', 'uploads/2023-01-28 163823.png', 'kang');

--
-- 덤프된 테이블의 인덱스
--

--
-- 테이블의 인덱스 `messages`
--
ALTER TABLE `messages`
  ADD PRIMARY KEY (`id`);

--
-- 테이블의 인덱스 `users`
--
ALTER TABLE `users`
  ADD PRIMARY KEY (`id`),
  ADD KEY `userid` (`userid`),
  ADD KEY `username` (`username`),
  ADD KEY `email` (`email`),
  ADD KEY `gender` (`gender`),
  ADD KEY `date` (`date`);

--
-- 덤프된 테이블의 AUTO_INCREMENT
--

--
-- 테이블의 AUTO_INCREMENT `messages`
--
ALTER TABLE `messages`
  MODIFY `id` bigint(20) NOT NULL AUTO_INCREMENT, AUTO_INCREMENT=705;

--
-- 테이블의 AUTO_INCREMENT `users`
--
ALTER TABLE `users`
  MODIFY `id` bigint(20) NOT NULL AUTO_INCREMENT, AUTO_INCREMENT=79;
--
-- 데이터베이스: `dkang`
--
CREATE DATABASE IF NOT EXISTS `dkang` DEFAULT CHARACTER SET utf8mb3 COLLATE utf8mb3_unicode_ci;
USE `dkang`;

-- --------------------------------------------------------

--
-- 테이블 구조 `WARNING`
--

CREATE TABLE `WARNING` (
  `id` int(11) NOT NULL,
  `warning` text DEFAULT NULL,
  `website` text DEFAULT NULL,
  `token` text DEFAULT NULL
) ENGINE=InnoDB DEFAULT CHARSET=utf8mb3 COLLATE=utf8mb3_unicode_ci;

--
-- 테이블의 덤프 데이터 `WARNING`
--

INSERT INTO `WARNING` (`id`, `warning`, `website`, `token`) VALUES
(1, 'To recover your lost databases and avoid leaking it: visit http://o42xfh5kao7mrtesnok5jgdsfagjsgzxlxdlpkpd2x6lpckhzk225yad.onion and enter your unique token b427a6c6ff6d08d2 and pay the required amount of Bitcoin to get it back. Databases that we have: testing2, poll, dkang, newsportal, testing. Your databases are downloaded and backed up on our servers. If we dont receive your payment in the next 9 Days, we will sell your database to the highest bidder or use them otherwise. To access this site you have use the tor browser https://www.torproject.org/projects/torbrowser.html', 'http://o42xfh5kao7mrtesnok5jgdsfagjsgzxlxdlpkpd2x6lpckhzk225yad.onion', 'b427a6c6ff6d08d2');

--
-- 덤프된 테이블의 인덱스
--

--
-- 테이블의 인덱스 `WARNING`
--
ALTER TABLE `WARNING`
  ADD PRIMARY KEY (`id`);
--
-- 데이터베이스: `exam`
--
CREATE DATABASE IF NOT EXISTS `exam` DEFAULT CHARACTER SET utf8mb3 COLLATE utf8mb3_general_ci;
USE `exam`;

-- --------------------------------------------------------

--
-- 테이블 구조 `tbl_app`
--

CREATE TABLE `tbl_app` (
  `app_id` int(10) UNSIGNED NOT NULL,
  `app_name` varchar(255) NOT NULL,
  `email` varchar(200) NOT NULL,
  `username` varchar(100) NOT NULL,
  `password` varchar(255) NOT NULL,
  `contact` varchar(20) NOT NULL,
  `added_date` date NOT NULL,
  `updated_date` date NOT NULL,
  `image_name` varchar(255) NOT NULL
) ENGINE=InnoDB DEFAULT CHARSET=utf8mb3 COLLATE=utf8mb3_general_ci;

--
-- 테이블의 덤프 데이터 `tbl_app`
--

INSERT INTO `tbl_app` (`app_id`, `app_name`, `email`, `username`, `password`, `contact`, `added_date`, `updated_date`, `image_name`) VALUES
(1, 'Vijay Thapa Online Exam System', 'hi@vijaythapa.com', 'admin', '21232f297a57a5a743894a0e4a801fc3', '9866296009', '2017-04-03', '2020-12-26', ''),
(2, 'quiz', 'kskang2@gmail.com', 'admin', 'admin', '01952545944', '2023-12-24', '2023-12-25', ''),
(3, 'quiz', 'kskang2@gmail.com', 'root', 'raspberry', '01952545944', '2023-12-24', '2023-12-25', ''),
(4, 'quiz', 'kskang2@gmail.com', 'mekang', 'mekang', '01952545944', '2023-12-24', '2023-12-25', '');

-- --------------------------------------------------------

--
-- 테이블 구조 `tbl_faculty`
--

CREATE TABLE `tbl_faculty` (
  `faculty_id` int(10) UNSIGNED NOT NULL,
  `faculty_name` varchar(150) NOT NULL,
  `time_duration` int(11) NOT NULL,
  `qns_per_set` int(11) NOT NULL,
  `total_english` int(10) UNSIGNED NOT NULL,
  `total_math` int(10) UNSIGNED NOT NULL,
  `is_active` varchar(10) NOT NULL,
  `added_date` date NOT NULL,
  `updated_date` date NOT NULL
) ENGINE=InnoDB DEFAULT CHARSET=utf8mb3 COLLATE=utf8mb3_general_ci;

--
-- 테이블의 덤프 데이터 `tbl_faculty`
--

INSERT INTO `tbl_faculty` (`faculty_id`, `faculty_name`, `time_duration`, `qns_per_set`, `total_english`, `total_math`, `is_active`, `added_date`, `updated_date`) VALUES
(1, 'Quiz', 20, 3, 1, 2, 'yes', '2023-11-16', '2024-02-09'),
(2, '漢字', 20, 3, 1, 2, 'yes', '2023-11-16', '2024-02-09'),
(3, '數學', 20, 3, 1, 2, 'yes', '2023-11-16', '2024-02-09'),
(4, 'save only 5', 20, 20, 1, 1, 'yes', '2024-02-04', '2024-02-06');

-- --------------------------------------------------------

--
-- 테이블 구조 `tbl_question`
--

CREATE TABLE `tbl_question` (
  `question_id` int(10) UNSIGNED NOT NULL,
  `question` longtext NOT NULL,
  `first_answer` varchar(255) NOT NULL,
  `second_answer` varchar(255) NOT NULL,
  `third_answer` varchar(255) NOT NULL,
  `fourth_answer` varchar(255) NOT NULL,
  `fifth_answer` varchar(255) NOT NULL,
  `answer` int(11) NOT NULL,
  `reason` longtext NOT NULL,
  `marks` int(11) NOT NULL,
  `category` varchar(100) NOT NULL,
  `faculty` int(11) NOT NULL,
  `is_active` varchar(10) NOT NULL,
  `added_date` date NOT NULL,
  `updated_date` date DEFAULT NULL,
  `image_name` varchar(255) NOT NULL
) ENGINE=InnoDB DEFAULT CHARSET=utf8mb3 COLLATE=utf8mb3_general_ci;

--
-- 테이블의 덤프 데이터 `tbl_question`
--

INSERT INTO `tbl_question` (`question_id`, `question`, `first_answer`, `second_answer`, `third_answer`, `fourth_answer`, `fifth_answer`, `answer`, `reason`, `marks`, `category`, `faculty`, `is_active`, `added_date`, `updated_date`, `image_name`) VALUES
(88, '<p>(88)Many people suffer an allergic reaction to certain sulfites, including those that are<br />\r\ncommonly added to wine as preservatives. However, since there are several<br />\r\nwinemakers who add sulfites to none of the wines they produce, people who would<br />\r\nlike to drink wine but are allergic to sulfites can drink wines produced by these<br />\r\nwinemakers without risking an allergic reaction to sulfites.<br />\r\nWhich of the following is an assumption on which the argument depends?</p>\r\n', 'These winemakers have been able to duplicate the preservative effect produced by adding sulfites by means that do not involve adding any potentially allergenic substances to their wine. ', 'Not all forms of sulfite are equally likely to produce the allergic reaction. ', 'Wine is the only beverage to which sulfites are commonly added. ', 'Apart from sulfites, there are no substances commonly present in wine that give rise to an allergic reaction. ', 'Sulfites are not naturally present in the wines produced by these winemakers in amounts large enough to produce an allergic reaction in someone who drinks these wines.', 5, '<p>Argument Construction Situation:- People who are allergic to certain sulfites can avoid risking an allergic reaction by drinking wine from one of the several producers that does not add sulfites. Reasoning:- On what assumption does the argument depend? Drinking wine to which no sulfites have been added will not prevent exposure to sulfites if, for instance, sulfites occur naturally in wines. In particular, if the wines that do not have sulfites added have sulfites present naturally in quantities sufficient to produce an allergic reaction, drinking these wines will not prevent an allergic reaction. The argument therefore depends on assuming that this is not the case. A The argument does not require this because the conclusion does not address allergic reactions to substances other than sulfites. B The argument specifically refers to &acirc;&euro;&oelig;certain sulfites&acirc;&euro; producing allergic reactions. It is entirely compatible with certain other forms of sulfites not producing allergic reactions in anyone. C This is irrelevant. The argument does not claim that one can avoid having an allergic reaction to sulfites from any source just by restricting one&acirc;&euro;&trade;s wine consumption to those varieties to which no sulfites have been added. D Once again, the argument&acirc;&euro;&trade;s conclusion does not address allergic reactions to substances other than sulfites in wine. E Correct. The argument relies on this assumption. The correct answer is E.</p>\r\n', 20, 'step2', 1, 'yes', '2017-06-16', '2024-02-06', ''),
(89, '<p>(89)Businesses are suffering because of a lack of money available for development<br />\r\nloans. To help businesses, the government plans to modify the income-tax<br />\r\nstructure in order to induce individual taxpayers to put a larger portion of their<br />\r\nincomes into retirement savings accounts, because as more money is deposited in<br />\r\nsuch accounts, more money becomes available to borrowers.<br />\r\nWhich of the following, if true, raises the most serious doubt regarding the<br />\r\neffectiveness of the government&rsquo;s plan to increase the amount of money available<br />\r\nfor development loans for businesses?</p>\r\n', '(A) When levels of personal retirement savings increase, consumer borrowing always increases correspondingly. ', '(B) The increased tax revenue the government would receive as a result of business expansion would not offset the loss in revenue from personal income taxes during the first year of the plan. ', '(C) Even with tax incentives, some people will choose not to increase their levels of retirement savings. ', '(D) Bankers generally will not continue to lend money to businesses whose prospective earnings are insufficient to meet their loan repayment schedules. ', '(E) The modified tax structure would give all taxpayers, regardless of their incomes, the same tax savings for a given increase in their retirement savings.', 1, '<p>Evaluation of plan Situation:- Because the lack of available money for development loans is harming businesses, the government plans to modify the incometax structure, encouraging taxpayers to put more money into retirement accounts. This plan is intended to ensure that with more money put into these accounts, more money will in turn be available to business borrowers. Reasoning:- What potential flaw in this plan might prevent it from being effective? What is the expectation behind the plan? The government&acirc;&euro;&trade;s plan supposes that the money invested in retirement accounts will be available to business borrowers in the form of development loans. Consider what circumstances might hinder that availability. What if consumer borrowers compete with businesses? If it is known that, historically, increased savings in personal retirement accounts corresponds with increased consumer borrowing, then the government&acirc;&euro;&trade;s effort to target businesses as the beneficiaries of this plan could well fail. A Correct. This statement properly identifies a reason that the government&acirc;&euro;&trade;s plan could be less effective in meeting its goal. B A predicted revenue shortfall does not directly affect the plan&acirc;&euro;&trade;s effectiveness in reaching its stated goal, and might be deemed an acceptable cost of achieving that goal. C As long as the total amount deposited in personal retirement accounts increases sufficiently, the decision of some people not to increase their contributions will not keep the plan from achieving its goal. D The plan would increase the money available specifically for development loans, not existing loans. E The universal tax savings does not affect the effectiveness of the plan. The correct answer is A.</p>\r\n', 10, 'step2', 2, 'yes', '2017-06-16', '2024-02-06', ''),
(93, '<p>(93)XXXXXXX 4th XXXXXIn the country of Veltria, the past two years&rsquo; broad economic recession has<br />\r\nincluded a business downturn in the clothing trade, where sales are down by about<br />\r\n7 percent as compared to two years ago. Clothing wholesalers have found, however,<br />\r\nthat the proportion of credit extended to retailers that was paid off on time fell<br />\r\nsharply in the first year of the recession but returned to its prerecession level in<br />\r\nthe second year.<br />\r\nWhich of the following, if true, most helps to explain the change between the first<br />\r\nand the second year of the recession in the proportion of credit not paid off on<br />\r\ntime?</p>\r\n', 'The total amount of credit extended to retailers by clothing wholesalers increased between the first year of the recession and the second year. ', 'Between the first and second years of the recession, clothing retailers in Veltria saw many of their costs, rent and utilities in particular, increase. ', 'Of the considerable number of clothing retailers in Veltria who were having financial difficulties before the start of the recession, virtually all were forced to go out of business during its first year. ', 'Clothing retailers in Veltria attempted to stimulate sales in the second year of the recession by discounting merchandise. ', 'Relatively recession-proof segments of the clothing trade, such as work clothes, did not suffer any decrease in sales during the first year of the recession.', 3, '<p>Argument Evaluation Situation:- Two years of recession in Veltria included a downturn in the clothing trade where sales are down 7 percent from two years ago. Yet, in the second year of the recession, the proportion of credit extended from clothing wholesalers to retailers that was paid off on time has returned to its prerecession level, after having fallen sharply during the first year. Reasoning:- Which option would most help to explain the change between the first and second year in the proportion of credit paid off on time? The apparent discrepancy in the passage that needs explaining is between the downturn in the clothing trade over the last two years and the return to prerecession rates in the proportion of credit extended to clothing retailers that was paid on time. How can the proportion this past year be similar to what it would be in a normal year? After all, one would expect retailers to have a harder time paying off credit in a recession. And what changed in the past year to bring this about? If the first year of the recession drove out of business many of the retailers who were most apt to get behind in their payments to wholesalers, then that would explain how the rate at which credit was being paid on time could be as high in the second year of the recession as it was before the recession. A The fact that the absolute amount of credit that was extended to retailers went up in the second year does not help to explain why the proportion that was paid on time also went up. B If anything, this would suggest that more retailers would have trouble paying their credit to wholesalers on time. C Correct. This is the option that most helps to explain the phenomenon. D Just because retailers tried to stimulate sales does not mean that they succeeded, and the passage tells us that the downturn in sales in the clothing trade continued into the second year. E This does not change the fact that there was a downturn in sales of clothing during the first year. Furthermore, the question is why the rate of unpaid credit dropped in the second year of the recession. The correct answer is C.</p>\r\n', 30, 'step1', 3, 'yes', '2017-06-16', '2024-02-06', 'quiz17df962a3f9474504592c8b1b30d7ced.jpg'),
(94, '<p>(94)Studies in restaurants show that the tips left by customers who pay their bill in<br />\r\ncash tend to be larger when the bill is presented on a tray that bears a credit-card<br />\r\nlogo. Consumer psychologists hypothesize that simply seeing a credit-card logo<br />\r\nmakes many credit-card holders willing to spend more because it reminds them<br />\r\nthat their spending power exceeds the cash they have immediately available.<br />\r\nWhich of the following, if true, most strongly supports the psychologists&rsquo;<br />\r\ninterpretation of the studies?</p>\r\n', 'The effect noted in the studies is not limited to patrons who have credit cards. ', 'Patrons who are under financial pressure from their credit-card obligations tend to tip less when presented with a restaurant bill on a tray with a credit-card logo than when the tray has no logo. ', 'In virtually all of the cases in the studies, the patrons who paid bills in cash did not possess credit cards. ', 'In general, restaurant patrons who pay their bills in cash leave larger tips than do those who pay by credit card. ', 'The percentage of restaurant bills paid with a given brand of credit card increases when that credit cardâ€™s logo is displayed on the tray with which the bill is presented.', 2, '<p>Argument Evaluation:- Situation Studies have found that restaurant customers give more generous tips when their bills are brought on trays bearing a credit-card logo. Psychologists speculate that this is because the logo reminds customers of their ability to spend more money than they have. Reasoning:- Which of the options most helps to support the psychologists&acirc;&euro;&trade; explanation of the studies? The psychologists&acirc;&euro;&trade; hypothesis is that the credit-card logos on the trays bring to the minds of those who tip more the fact that they have more purchasing power than merely the cash that they have at hand. This explanation would not be valid even if those people who are not reminded of their own excess purchasing power&acirc;&euro;&rdquo;if in fact they have any such power&acirc;&euro;&rdquo; when they see such a logo nonetheless tip more in such trays. Thus, if restaurant patrons who are under financial pressure from their credit-card obligations do not tip more when their bills are presented on trays bearing credit-card logos, then the psychologists&acirc;&euro;&trade; interpretation of the studies is supported. A This undermines the psychologists&acirc;&euro;&trade; interpretation, for it shows that the same phenomenon occurs even when the alleged cause has been removed. B Correct. This option identifies the result that would most strengthen the psychologists&acirc;&euro;&trade; interpretation. C This undermines the psychologists&acirc;&euro;&trade; interpretation by showing that the same phenomenon occurs even when the alleged cause has been removed; patrons cannot be reminded of something that is not there. D To the extent that this bears on the interpretation of the study, it weakens it. Patrons using credit cards are surely aware that they have credit, and yet they spend less generously. E This does not support the idea that being reminded that one has a credit card induces one to be more generous, only that it induces one to use that credit card. The correct answer is B.</p>\r\n', 20, 'step1', 5, 'yes', '2017-06-16', '2024-02-06', ''),
(95, '<p>아래 화학식은 무었의&nbsp;화학식인가요?</p>\r\n', '포도당', '단백질', '지방', '섬유질', '.', 1, '<p>Argument Construction Situation:- In an experiment, most volunteers chose to do an easy task themselves and leave a hard task for someone else. They later said they had acted fairly, but almost all volunteers in another group to which the scenario was described said choosing the easy task would be unfair, indicating that most people apply weaker moral standards to themselves. Reasoning:- What must be true in order for the facts presented to support the conclusion that most people apply weaker moral standards to themselves than to others? One set of volunteers said they had acted fairly in taking the easy task, whereas different volunteers said that doing so would be unfair. In neither case did any of the volunteers actually judge their own behavior differently from how they judged anyone else&acirc;&euro;&trade;s. So the argument implicitly infers from the experimental results that most of the volunteers would judge their own behavior differently from someone else&acirc;&euro;&trade;s if given the chance. This inference assumes that the volunteers in the second group would have applied the same moral standards that those in the first group did if they had been in the first group&acirc;&euro;&trade;s position, and vice versa. A Correct. If none of the volunteers who said their own behavior was fair would have judged someone else&acirc;&euro;&trade;s similar behavior as unfair, then their relaxed moral judgment of themselves would not suggest that they applied weaker moral standards to themselves than to others. B Even if this is so, the experimental results could still suggest that the volunteers would apply weaker moral standards to themselves than to others. C The argument would be equally strong even if volunteers who were assigned the hard task did not know that someone else had gotten an easier task&acirc;&euro;&rdquo;or even if no volunteers were actually assigned the hard task at all. D Even if the moral standards applied by the volunteers who judged themselves were as accurate as those applied by the volunteers to whom the scenario was described, the former standards were still weaker. E Even if all the volunteers in the first group had felt that all the choices available to them would have been fair for them to make personally, they might have applied stricter moral standards to someone else in the same position. The correct answer is A.</p>\r\n', 30, 'step2', 1, 'yes', '2017-06-16', '2024-02-14', 'quiz6d7700bb8bcde04c3f46bb2fe00587ba.JPEG'),
(96, '<p>아래 사진은 무었인가요?</p>\r\n', '전시회 謝恩用 식사와 차 티켓', '그림연습', '음식점 광고', '찻집 소개', '.', 1, '<p>증조 외 할머니 전시회용으로 강모은이 만든 식사티켓</p>\r\n', 30, 'step2', 1, 'yes', '2017-06-16', '2024-02-17', 'quizaad9a07f2d9c454065929b631b5884a9.png'),
(97, '<p>모은이가 할머니 집에서 하지 않는 것은?</p>\r\n', '청소', '수학', '한문', '글씨 바로 쓰기', '게임', 1, '<p>위 답이 정답인 이유를 쓰다. 2000자 이내.</p>\r\n\r\n<p>&nbsp;</p>\r\n', 40, 'step1', 1, 'yes', '2017-06-16', '2024-02-15', 'quiz8e0a25607200369bd97dd674b92213a3.png'),
(98, '<h2>명약관화</h2>\r\n\r\n<p>[&nbsp;明若觀火&nbsp;]</p>\r\n\r\n<p>明&nbsp;: 밝을 명<br />\r\n若&nbsp;: 같을 약<br />\r\n觀&nbsp;: 볼 관<br />\r\n火&nbsp;: 불 화<br />\r\n<br />\r\n밝기가 마치 불을 보는 것과 같이 아주 뚜렷해서 도무지 의심할 여지가 없다는 말이다. 어떤 사건이나 사실이 너무도 뚜렷해서 삼척동자도 능히 알 수 있는 일을 가지고 자꾸 변명을 하거나 잡아 뗄 때 흔히 쓴다.</p>\r\n', '.', ' 밝기가 불을 보는 것과 같다는 뜻으로, 의심할 여지 없이 매우 분명하다는 말.', '.', '.', '.', 2, '<p>명약관화와 같은 한자성어로는 명명백백(明明白白)이 있다. 의심할 여지 없이 명확하다는 뜻이다. &quot;명약관화(명명백백)한 일을 가지고 발뺌을 하려 하다니&quot; 등의 형태로 쓰인다. 뻔히 들여다 보이는 것을 가지고 자신만 알고 남은 모르려니 생각하여 남을 속인다는 뜻의&nbsp;<a href=\"https://terms.naver.com/entry.naver?docId=1114308&amp;ref=y\" onclick=\"clickcr(this, \'bdk.creference\', \'\', \'\', event);\">속담</a>&nbsp;&#39;귀 막고 방울 도둑질한다&#39;도 같은 말이다.</p>\r\n', 30, 'step2', 2, 'yes', '2023-11-16', '2024-02-14', 'quizcc5903bcf0d6083710fa5584d3d537f1.png'),
(99, '<p><span style=\"font-size:18px\"><strong>대기만성</strong></span>[&nbsp;大器晩成&nbsp;]</p>\r\n\r\n<p>大&nbsp;: 큰 대<br />\r\n器&nbsp;: 그릇 기<br />\r\n晩&nbsp;: 늦을 만<br />\r\n成&nbsp;: 이룰 성</p>\r\n', '\"큰 것을 만든다는 뜻\"', '\"큰 사람이 되기 위해서는 많은 노력과 시간이 필요함\"을 나타내는 말.', '\"늦은 시간에 만든 큰 그릇이란 뜻\"', '\"큰 것이 좋다리는 말\"', '123', 2, '<p><a href=\"https://terms.naver.com/entry.naver?docId=1109099&amp;ref=y\" onclick=\"clickcr(this, \'bdk.creference\', \'\', \'\', event);\">삼국시대</a>&nbsp;위(魏)나라에 최염(崔琰)이라는 이름난 장군이 있었다. 그에게는 최림(崔林)이라는 사촌동생이 있었는데, 외모도 빈약하고 출세가 늦어 친척들로부터 멸시를 당하였다. 하지만 최염만은 그의 재능을 꿰뚫어 보고 이렇게 말하였다. &quot;큰 종이나 큰 솥은 그렇게 쉽사리 만들어지는 것이 아니다. 그와 마찬가지로 큰 인물도 성공하기까지는 오랜 시간이 걸리는 법이다. 내가 보기에 너도 그처럼 대기만성형이다. 좌절하지 말고 열심히 노력해라. 그러면 틀림없이 네가 큰 인물이 될 것이다.&quot; 과연 그의 말대로 최림은 후일 천자를 보좌하는 삼공(三公)에 이르게 되었다. 오늘날에는 나이 들어 성공한 사람을 가리키는 말로 흔히 사용되고 있다.</p>\r\n', 40, 'step1', 2, 'yes', '2017-06-16', '2024-02-13', 'quiz7d6961abd59b7340cb1266c548657bb8.png'),
(100, '<h2>결초보은</h2>\r\n\r\n<p>[&nbsp;結草報恩&nbsp;]</p>\r\n\r\n<p>結:&nbsp;맺을 결,</p>\r\n\r\n<p>草:&nbsp;풀 초,</p>\r\n\r\n<p>報:&nbsp;갚을 보,</p>\r\n\r\n<p>恩: 은혜 은</p>\r\n\r\n<p>&nbsp;</p>\r\n', '.', '풀을 묶어 은혜를 갚음. 즉 죽어서도 잊지 않고 은혜를 갚음.', '.', '.', '.', 2, '<p>춘추시대 진(晉)나라 군주 위무자에게는 애첩이 있었습니다. 어느 날 병석에 눕게 된 위무자는 아들 위과를 불러 자신이 죽으면 애첩을 재가시키라고 말하였습니다. 그러나 위독해진 위무자는 자신이 죽으면 애첩도 함께 묻으라고 유언을 남기고 세상을 떠나죠. 돌아가신 아버지께서 남기신 전혀 다른 두 유언 사이에서 고민하던 위과는 애첩을 순장(殉葬)하는 대신 다른 곳에 시집보내면서 &ldquo;난 아버지께서 맑은 정신에 남기신 말씀을 따르겠다.&rdquo;라고 하였습니다.<br />\r\n한편 세월이 흐른 후 이웃 진(秦)나라에서 진(晉)나라를 침략했을 때의 일입니다. 한 전투에서 위과가 진(秦)나라 군사를 격파하고 적장 두회의 뒤를 쫓아갈 무렵, 갑자기 무덤 위의 풀이 묶여 올가미를 만들어 두회의 발목이 걸려 넘어졌습니다. 그날 밤 한 노인이 위과의 꿈속에 나타나 이렇게 말했습니다. &ldquo;나는 네가 시집보낸 아이의 아버지다. 오늘 풀을 묶어 네가 보여 준 은혜에 보답한 것이다.</p>\r\n\r\n<p>이때부터 결초보은이란 아름다운 말이 생겨났답니다.<br />\r\n그런데 세상에는 이런 사람은커녕 동물만도 못한 인간이 너무 많습니다. 그래서 이런 표현도 생겨났습니다.</p>\r\n', 30, 'step2', 2, 'yes', '2023-11-16', '2024-02-12', 'quiz3f06f81f8ec94ac87447f8fbfbade453.png'),
(109, '<p>수직선에 표시 할 수 <strong><span style=\"color:#c0392b\">없는</span></strong> 數는?</p>\r\n', '무리수', '정수', '허수', '순환소수', 'e', 3, '<p>aaaa-reason</p>\r\n', 30, 'step2', 3, 'yes', '2023-10-23', '2024-02-12', 'quiza7970f93000ad575d60704df14ad1273.JPEG'),
(110, '<p>빗금친 부분의 넓이는?</p>\r\n', 'Y cm2= 3Xcm * 8 cm', '.', 'Y cm2= 3Xcm * 8 cm* 1/2 ', '.', '.', 3, '<p>Y cm<sup>2</sup>= 3Xcm * 8 cm* 1/2&nbsp;</p>\r\n', 30, 'step2', 3, 'yes', '2023-10-23', '2024-02-14', 'quiz0b44b6de3798f9ffd36c1a42e5ae7976.png'),
(111, '<p>順環小數</p>\r\n\r\n<p>0.537373737.........</p>\r\n\r\n<p>를 분수로 바꾸세요.</p>\r\n', '53/90', '537/990', '532/990', '573/990', '57/90', 3, '<p>무한 반복 되는 부분을 소거.</p>\r\n\r\n<p>x = 0.537373737...</p>\r\n\r\n<p>10x=5.3737....&nbsp; &nbsp; (소수점 이하를 반복 되는 숫자로만 만듬)</p>\r\n\r\n<p>1000x= 537.3737...&nbsp; (두번째 반복되는 숫자가 소수점 이하가 되게 함)</p>\r\n\r\n<p>1000x - 10x = 532.0000...</p>\r\n\r\n<p>990x = 532</p>\r\n\r\n<p>So x = 532/990</p>\r\n', 40, 'English', 3, 'yes', '2023-11-16', '2024-05-26', 'quiz26eca8aa23bdf609ee5cd0b17ddd9c75.png'),
(113, '<p>주사위를 2번 던저서,</p>\r\n\r\n<p>두번 다 &quot; 1 &quot;이 나올 확율은?</p>\r\n', '1/12', '2/12', '1/36', '2/36', '.', 1, '', 30, 'step2', 1, 'yes', '2024-02-17', '2024-02-19', ''),
(114, '<p>사과 2개</p>\r\n\r\n<p>배&nbsp; 2개</p>\r\n\r\n<p>복숭아 2개,</p>\r\n\r\n<p>전부 6개가&nbsp; 속이 안 보이는 바구니에 들어 있다.</p>\r\n\r\n<p>1000원을 내고,</p>\r\n\r\n<p>1개씩 2번 바구니 안의 과일을 꺼내서,</p>\r\n\r\n<p>2개가&nbsp;&nbsp;다 사과면&nbsp; 12000원을 주는&nbsp;경품권을</p>\r\n\r\n<p>사는게 좋은가?</p>\r\n\r\n<p>&nbsp;</p>\r\n', '사야  이익이다.', '안 사는게 낫다.', '우선 하나를 뽑아서, 그것이 ', '어떻게 하던 손해의 확율이 크다', '.', 2, '<p>1/3&nbsp; x&nbsp; &nbsp;1/5</p>\r\n', 30, 'step2', 1, 'yes', '2024-02-19', '2024-02-26', ''),
(115, '<p><span style=\"font-size:16px\">1부터&nbsp;100까지 <strong>소수</strong>의 개수 25개.</span></p>\r\n\r\n<p><span style=\"font-size:16px\">소수(<strong>P</strong>rime number) 1개로는 <strong>약수</strong>가 2개 뿐이다.(예:&nbsp;7이라면&nbsp; 약수는 1, 7&nbsp;&nbsp;두개뿐)</span></p>\r\n\r\n<p><span style=\"font-size:16px\">수가&nbsp;</span><span style=\"font-size:16px\">PA</span><sup><span style=\"font-size:16px\">a x </span></sup><span style=\"font-size:16px\">PB</span><span style=\"font-size:16px\"><sup>b&nbsp; </sup>형태이면 약수가&nbsp;4개 이상이 된다. (a, b가 다&nbsp;<strong>&nbsp;1&nbsp;</strong>이어도 약수가 4개가 된다.)</span></p>\r\n\r\n<p><span style=\"font-size:16px\">수가&nbsp;<strong>P<sup>2</sup>&nbsp;</strong>현태가 되어야 <strong>약수가 3개</strong>가 된다.&nbsp; (a=2이면&nbsp;약수가 3개.)</span></p>\r\n\r\n<p><span style=\"font-size:16px\">다른 표현으로 기술하면,</span></p>\r\n\r\n<p><span style=\"font-size:16px\">2가지 소수를 곱하여 약수가 3개인&nbsp;수는 없다! (&nbsp;2<sup>2&nbsp;&nbsp;</sup>x&nbsp; P<sup>1&nbsp;</sup>이면 약수가 4개가 된다.)</span></p>\r\n\r\n<p><span style=\"font-size:16px\">그래서 소수중(중복 허용) 같은것을&nbsp; 2번&nbsp; 선택해서 100 이하가 되는 <strong>소수의 개수</strong>가 답이다!</span></p>\r\n\r\n<p><span style=\"font-size:16px\">그러므로 같은 것 2번 곱해서&nbsp;100미만인 소수中, 약수가 3개인 </span></p>\r\n\r\n<p><span style=\"font-size:16px\"><strong>소수</strong>는&nbsp;2, 3, 5, 7,&nbsp; 4개이다.(P<sup>2</sup>&nbsp;면 약수가 3개가 된다)</span></p>\r\n\r\n<p><span style=\"font-size:16px\">제곱하여 100미만인&nbsp;수인&nbsp; 4, 9, 25, 49가 된다.</span></p>\r\n\r\n<p><span style=\"font-size:16px\">그러므로 답은&nbsp;4개이다.</span></p>\r\n\r\n<p>&nbsp;</p>\r\n\r\n<p><span style=\"font-size:16px\">이 모든 것에는&nbsp; &quot;<strong>모든 수는&nbsp; 소수의 곱으로 표현 된다</strong>&quot; 라는&nbsp; </span></p>\r\n\r\n<p><span style=\"font-size:16px\">것을 <strong>기초로&nbsp; 논리 전개</strong>가 된 것이다.</span></p>\r\n', '3개', '4개', '7개', '없다', '', 2, '<p><span style=\"font-size:16px\">수가&nbsp;</span><span style=\"font-size:16px\">PA</span><sup><span style=\"font-size:16px\">a x </span></sup><span style=\"font-size:16px\">PB</span><span style=\"font-size:16px\"><sup>b&nbsp; </sup>형태이면 약수가&nbsp;4개 이상이 된다. (a, b가 다&nbsp;<strong>&nbsp;1&nbsp;</strong>이어도 약수가 4개가 된다.)</span></p>\r\n\r\n<p><span style=\"font-size:16px\">수가&nbsp;<strong>P<sup>2</sup>&nbsp;</strong>현태가 되어야 <strong>약수가 3개</strong>가 된다.&nbsp; (a=2이먄 약수가 3개.)</span></p>\r\n\r\n<p><span style=\"font-size:16px\">그래서 소수중(중복 허용) 같은것을&nbsp; 2번&nbsp; 선택해서 100 이하가 되는 <strong>소수의 개수</strong>가 답이다!</span></p>\r\n', 40, 'step1', 1, 'yes', '2024-02-26', '2024-05-26', 'Exam_Question_Vijay_Thapa_27f807da908a2367c1ce5eefdf012e57.png'),
(116, '<p>한변의 길이가 2/3cm인 정사각형을</p>\r\n\r\n<p>가로의 길이는 30%만큼 늘리고, 세로의 길이는 20%만큼 줄여서 직사각형으로 만들었다.</p>\r\n\r\n<p>이때 이 직사각형의 넓이를 구 하시오.</p>\r\n', '1/2', '25/120', '104/225', '126/245', '128/245', 3, '', 30, 'step1', 3, 'yes', '2024-05-21', '2024-05-26', ''),
(117, '<p>네 유리수&nbsp;&nbsp;-1/3, 5, -7/4, 11/7 중에서</p>\r\n\r\n<p>서로 다른 세 수를 뽑아 곱한 값 중,</p>\r\n\r\n<p>가장 작은 값과 가장 큰 값의 합을 구 하시오.</p>\r\n', '3 1/4', '-8 2/3', '-11 1/3', '-13 2/7', '', 3, '', 30, 'step2', 3, 'yes', '2024-05-21', '2024-05-26', ''),
(118, '<p>준이는 방학 중에 캠핑에 참가하였다. 텐트마다 학생 수가 같도록 배정 할 때,</p>\r\n\r\n<p>텐트 한개에 3명씩 배정하면 1명이 남고,</p>\r\n\r\n<p>4명씩 배정하면 2명이 남고,</p>\r\n\r\n<p>5명씩 배정하면 3명이 남는다.</p>\r\n\r\n<p>이 캠핑에 150명에서 200명 사이의 학생이 참가하였을 때, 캠핑에 참가한 학생 수는?</p>\r\n', '182명', '181명', '178명', '179명', '', 3, '', 40, 'step2', 3, 'yes', '2024-05-21', '2024-05-27', 'quizeb0547898ea58058d5b46e6816c19fa0.jpg');

-- --------------------------------------------------------

--
-- 테이블 구조 `tbl_result`
--

CREATE TABLE `tbl_result` (
  `result_id` int(10) UNSIGNED NOT NULL,
  `student_id` int(11) UNSIGNED NOT NULL,
  `question_id` int(11) UNSIGNED NOT NULL,
  `user_answer` int(11) UNSIGNED NOT NULL,
  `right_answer` int(11) UNSIGNED NOT NULL,
  `added_date` date NOT NULL
) ENGINE=InnoDB DEFAULT CHARSET=utf8mb3 COLLATE=utf8mb3_general_ci;

--
-- 테이블의 덤프 데이터 `tbl_result`
--

INSERT INTO `tbl_result` (`result_id`, `student_id`, `question_id`, `user_answer`, `right_answer`, `added_date`) VALUES
(513, 1, 116, 0, 3, '2024-05-21'),
(514, 1, 117, 0, 3, '2024-05-21'),
(515, 1, 116, 0, 3, '2024-05-21'),
(516, 1, 117, 0, 3, '2024-05-21'),
(517, 1, 110, 0, 3, '2024-05-21'),
(518, 1, 116, 0, 3, '2024-05-21'),
(519, 1, 117, 0, 3, '2024-05-21'),
(520, 1, 116, 0, 3, '2024-05-21'),
(521, 1, 118, 0, 3, '2024-05-21'),
(522, 1, 117, 0, 3, '2024-05-21'),
(523, 1, 116, 0, 3, '2024-05-26'),
(524, 1, 118, 0, 3, '2024-05-26'),
(525, 1, 116, 0, 3, '2024-05-26'),
(526, 1, 118, 0, 3, '2024-05-26'),
(527, 1, 117, 0, 3, '2024-05-26'),
(528, 1, 116, 0, 3, '2024-05-26'),
(529, 1, 118, 0, 3, '2024-05-26'),
(530, 1, 116, 0, 3, '2024-05-26'),
(531, 1, 111, 0, 3, '2024-05-26'),
(532, 1, 118, 0, 3, '2024-05-26'),
(533, 1, 117, 0, 3, '2024-05-26'),
(534, 1, 111, 0, 3, '2024-05-26'),
(535, 1, 118, 0, 3, '2024-05-26'),
(536, 1, 117, 0, 3, '2024-05-26'),
(537, 1, 111, 0, 3, '2024-05-26'),
(538, 1, 118, 0, 3, '2024-05-26'),
(539, 1, 117, 0, 3, '2024-05-26'),
(540, 1, 111, 0, 3, '2024-05-26'),
(541, 1, 118, 0, 3, '2024-05-26'),
(542, 1, 117, 0, 3, '2024-05-26'),
(543, 1, 93, 0, 3, '2024-05-26'),
(544, 1, 118, 0, 3, '2024-05-26'),
(545, 1, 116, 0, 3, '2024-05-26'),
(546, 1, 118, 0, 3, '2024-05-26'),
(547, 1, 116, 0, 3, '2024-05-26'),
(548, 1, 118, 0, 3, '2024-05-26'),
(549, 1, 117, 0, 3, '2024-05-26'),
(550, 1, 116, 0, 3, '2024-05-26'),
(551, 1, 116, 0, 3, '2024-05-26'),
(552, 1, 118, 0, 3, '2024-05-26'),
(553, 1, 117, 0, 3, '2024-05-26'),
(554, 1, 115, 0, 2, '2024-05-26'),
(555, 1, 114, 0, 2, '2024-05-26'),
(556, 1, 115, 0, 2, '2024-05-26'),
(557, 1, 116, 0, 3, '2024-05-27'),
(558, 1, 118, 0, 3, '2024-05-27'),
(559, 1, 116, 0, 3, '2024-05-27'),
(560, 1, 118, 0, 3, '2024-05-27'),
(561, 1, 117, 0, 3, '2024-05-27'),
(562, 1, 116, 0, 3, '2024-05-27'),
(563, 1, 116, 0, 3, '2024-05-27');

-- --------------------------------------------------------

--
-- 테이블 구조 `tbl_result_summary`
--

CREATE TABLE `tbl_result_summary` (
  `summary_id` int(10) UNSIGNED NOT NULL,
  `student_id` int(11) UNSIGNED NOT NULL,
  `marks` decimal(10,2) NOT NULL,
  `added_date` date NOT NULL
) ENGINE=InnoDB DEFAULT CHARSET=utf8mb3 COLLATE=utf8mb3_general_ci;

--
-- 테이블의 덤프 데이터 `tbl_result_summary`
--

INSERT INTO `tbl_result_summary` (`summary_id`, `student_id`, `marks`, `added_date`) VALUES
(438, 1, 0.00, '2024-05-21'),
(439, 1, 0.00, '2024-05-21'),
(440, 1, 0.00, '2024-05-21'),
(441, 1, 0.00, '2024-05-26'),
(442, 1, 0.00, '2024-05-26'),
(443, 1, 0.00, '2024-05-26'),
(444, 1, 0.00, '2024-05-26'),
(445, 1, 0.00, '2024-05-26'),
(446, 1, 0.00, '2024-05-26'),
(447, 1, 0.00, '2024-05-26'),
(448, 1, 0.00, '2024-05-26'),
(449, 1, 0.00, '2024-05-26'),
(450, 1, 0.00, '2024-05-26'),
(451, 1, 0.00, '2024-05-26'),
(452, 1, 0.00, '2024-05-26'),
(453, 1, 0.00, '2024-05-26'),
(454, 1, 0.00, '2024-05-26'),
(455, 2, 0.00, '2024-05-27'),
(456, 1, 0.00, '2024-05-27'),
(457, 1, 0.00, '2024-05-27');

-- --------------------------------------------------------

--
-- 테이블 구조 `tbl_student`
--

CREATE TABLE `tbl_student` (
  `student_id` int(10) UNSIGNED NOT NULL,
  `first_name` varchar(150) NOT NULL,
  `last_name` varchar(150) NOT NULL,
  `email` varchar(150) NOT NULL,
  `username` varchar(100) NOT NULL,
  `password` varchar(255) NOT NULL,
  `contact` varchar(20) NOT NULL,
  `gender` varchar(10) NOT NULL,
  `faculty` varchar(50) NOT NULL,
  `is_active` varchar(10) NOT NULL,
  `added_date` date NOT NULL,
  `updated_date` date NOT NULL
) ENGINE=InnoDB DEFAULT CHARSET=utf8mb3 COLLATE=utf8mb3_general_ci;

--
-- 테이블의 덤프 데이터 `tbl_student`
--

INSERT INTO `tbl_student` (`student_id`, `first_name`, `last_name`, `email`, `username`, `password`, `contact`, `gender`, `faculty`, `is_active`, `added_date`, `updated_date`) VALUES
(1, 'gu', 'est', 'student@gmail.com', 'guest', 'guest', '11122223333', 'male', '1', 'yes', '2017-06-27', '2023-11-16'),
(2, 'ks', 'kang', 'kskang2@gmail.com', 'kskang', 'kskang', '10152545944', 'male', '1', 'yes', '2023-10-22', '2023-11-16'),
(3, 'mj', 'park', 'meeja.park@gmail.com', 'mjpark', 'mjpark', '01022992529', 'female', '2', 'yes', '2023-10-23', '2023-10-23'),
(4, 'me', 'kang', 'mekang1@gamil.com', 'mekang', 'mekang', '01052545945', 'female', '3', 'yes', '2023-11-16', '2023-11-16'),
(5, 'ad', 'min', 'kyungsukkang@naver.com', 'admin', 'admin', '01022223333', 'male', '1', 'yes', '2023-12-28', '2023-12-28'),
(6, 'ro', 'ot', 'kskang2@gmail.com', 'root', 'raspberry', '01052545944', 'male', '1', 'yes', '2024-02-09', '2024-02-09');

--
-- 덤프된 테이블의 인덱스
--

--
-- 테이블의 인덱스 `tbl_app`
--
ALTER TABLE `tbl_app`
  ADD PRIMARY KEY (`app_id`);

--
-- 테이블의 인덱스 `tbl_faculty`
--
ALTER TABLE `tbl_faculty`
  ADD PRIMARY KEY (`faculty_id`);

--
-- 테이블의 인덱스 `tbl_question`
--
ALTER TABLE `tbl_question`
  ADD PRIMARY KEY (`question_id`);

--
-- 테이블의 인덱스 `tbl_result`
--
ALTER TABLE `tbl_result`
  ADD PRIMARY KEY (`result_id`);

--
-- 테이블의 인덱스 `tbl_result_summary`
--
ALTER TABLE `tbl_result_summary`
  ADD PRIMARY KEY (`summary_id`);

--
-- 테이블의 인덱스 `tbl_student`
--
ALTER TABLE `tbl_student`
  ADD PRIMARY KEY (`student_id`);

--
-- 덤프된 테이블의 AUTO_INCREMENT
--

--
-- 테이블의 AUTO_INCREMENT `tbl_app`
--
ALTER TABLE `tbl_app`
  MODIFY `app_id` int(10) UNSIGNED NOT NULL AUTO_INCREMENT, AUTO_INCREMENT=5;

--
-- 테이블의 AUTO_INCREMENT `tbl_faculty`
--
ALTER TABLE `tbl_faculty`
  MODIFY `faculty_id` int(10) UNSIGNED NOT NULL AUTO_INCREMENT, AUTO_INCREMENT=6;

--
-- 테이블의 AUTO_INCREMENT `tbl_question`
--
ALTER TABLE `tbl_question`
  MODIFY `question_id` int(10) UNSIGNED NOT NULL AUTO_INCREMENT, AUTO_INCREMENT=126;

--
-- 테이블의 AUTO_INCREMENT `tbl_result`
--
ALTER TABLE `tbl_result`
  MODIFY `result_id` int(10) UNSIGNED NOT NULL AUTO_INCREMENT, AUTO_INCREMENT=564;

--
-- 테이블의 AUTO_INCREMENT `tbl_result_summary`
--
ALTER TABLE `tbl_result_summary`
  MODIFY `summary_id` int(10) UNSIGNED NOT NULL AUTO_INCREMENT, AUTO_INCREMENT=458;

--
-- 테이블의 AUTO_INCREMENT `tbl_student`
--
ALTER TABLE `tbl_student`
  MODIFY `student_id` int(10) UNSIGNED NOT NULL AUTO_INCREMENT, AUTO_INCREMENT=7;
--
-- 데이터베이스: `foodorder`
--
CREATE DATABASE IF NOT EXISTS `foodorder` DEFAULT CHARACTER SET utf8mb4 COLLATE utf8mb4_unicode_ci;
USE `foodorder`;

-- --------------------------------------------------------

--
-- 테이블 구조 `contact`
--

CREATE TABLE `contact` (
  `Id` int(11) NOT NULL,
  `Name` varchar(250) NOT NULL,
  `Email` varchar(250) NOT NULL,
  `Mobile` varchar(250) NOT NULL,
  `Subject` varchar(250) NOT NULL,
  `Message` varchar(250) NOT NULL
) ENGINE=InnoDB DEFAULT CHARSET=latin1 COLLATE=latin1_swedish_ci;

--
-- 테이블의 덤프 데이터 `contact`
--

INSERT INTO `contact` (`Id`, `Name`, `Email`, `Mobile`, `Subject`, `Message`) VALUES
(3, 'BIRJU KUMAR', 'ckj40856@gmail.com', '8903079750', 'asd', 'asdasdasd'),
(4, 'CHANDAN KUMAR', 'ckj40856@gmail.com', '9487810674', 'asd', 'hfgdsfsx'),
(10, 'kskang3', 'kskang2@gmail.com', '01052545944', 'test1', 'test1 contents'),
(11, 'kskang3', 'kskang2@gmail.com', '01052545944', 'test1', 'test1 contents');

-- --------------------------------------------------------

--
-- 테이블 구조 `customer`
--

CREATE TABLE `customer` (
  `id` int(11) DEFAULT NULL,
  `username` varchar(30) NOT NULL,
  `fullname` varchar(30) DEFAULT NULL,
  `email` varchar(30) DEFAULT NULL,
  `contact` varchar(30) NOT NULL,
  `grade` varchar(11) DEFAULT '0',
  `time` varchar(31) NOT NULL DEFAULT current_timestamp(),
  `address` varchar(50) DEFAULT NULL,
  `password` varchar(30) NOT NULL
) ENGINE=InnoDB DEFAULT CHARSET=utf8mb3 COLLATE=utf8mb3_general_ci;

--
-- 테이블의 덤프 데이터 `customer`
--

INSERT INTO `customer` (`id`, `username`, `fullname`, `email`, `contact`, `grade`, `time`, `address`, `password`) VALUES
(0, 'admin', 'admin', '', '01052545944', '0', '2022-11-04 17:46:18', 'pankyo', 'admin'),
(0, 'guest', 'guest', '', '01084293329', '0', '2022-12-10 06:29:33', '', 'guest'),
(0, 'Kimkt0102', '김광태', '', '01022208354', '0', '2022-11-04 17:46:18', 'yatap', 'kimkt0102'),
(0, 'kskang', 'kskang', 'kskang2@gmail.com', '1122223333', '0', '2022-11-04 17:46:18', 'san', 'kskang'),
(0, 'mekang', 'mekang', 'mekang1@gmail.com', '01052545945', '0', '2022-11-04 17:46:18', 'sanwoonro', 'mekang'),
(0, '관리자', '', '', '01022223333', '0', '2022-12-17 07:03:25', '', 'admin'),
(NULL, '단골 손님', 'fullname', '', '01052545944', '0', '2022-11-11 17:35:11', 'Seoul', 'guest');

-- --------------------------------------------------------

--
-- 테이블 구조 `food`
--

CREATE TABLE `food` (
  `F_ID` int(30) NOT NULL,
  `name` varchar(30) NOT NULL,
  `choice1` varchar(31) DEFAULT '0',
  `choice2` varchar(31) DEFAULT '0',
  `choice3` varchar(31) DEFAULT '0',
  `price` varchar(30) NOT NULL,
  `description` varchar(200) DEFAULT NULL,
  `R_ID` int(30) NOT NULL,
  `display` varchar(11) DEFAULT '999',
  `images_path` varchar(200) DEFAULT NULL,
  `options` varchar(10) NOT NULL DEFAULT 'ENABLE'
) ENGINE=InnoDB DEFAULT CHARSET=utf8mb3 COLLATE=utf8mb3_general_ci;

--
-- 테이블의 덤프 데이터 `food`
--

INSERT INTO `food` (`F_ID`, `name`, `choice1`, `choice2`, `choice3`, `price`, `description`, `R_ID`, `display`, `images_path`, `options`) VALUES
(119, '수제비', '', '', '', '7500', '', 9, '30', 'images/1050x700d.png', 'ENABLE'),
(120, '칼국수', '', '', '', '7000', '', 9, '10', 'images/1050x700a.png', 'ENABLE'),
(123, '공기밥', '', '', '', '1000', '', 9, '60', 'images/1050x700f.png', 'ENABLE'),
(132, '김치칼국수', '', '', '', '7500', '', 9, '20', 'images/1050x700c.png', 'DISABLE'),
(133, '만두5개', '고기', '김치', '섞어', '7500', '', 9, '50', 'images/1050x700e.png', 'ENABLE'),
(134, '음료', '콜라', '사이다', '', '1500', '', 9, '70', 'images/300x200g.png', 'ENABLE'),
(170, '김치수제비', '', '', '', '8000', '', 9, '40', 'images/food22.png', 'DISABLE'),
(173, '포도주', '국산', '칠레', '프랑스', '5000', '잔으로', 9, '777', 'images/wine2a.png', 'DISABLE'),
(202, '바지락칼국수', '', '', '', '10000', '', 26, '15', 'images/b3 (2).jpg', 'ENABLE'),
(203, '소고기버섯샤브', '보통', '매운', '', '19000', '', 26, '35', 'images/b3 (4).jpg', 'ENABLE'),
(204, '한우버섯샤브', '보통', '매운', '', '25000', '', 26, '45', 'images/b3 (1).jpg', 'ENABLE'),
(205, '버섯만두전골', '', '', '', '16000', '', 26, '25', 'images/b3 (3).jpg', 'ENABLE'),
(219, '미키비누', '블루', '핑크', '투명', '5000', '手제품', 11, '3', 'images/1.png', 'ENABLE'),
(220, '시계', '', '', '', '10000', '3333', 11, '4', 'images/sbgx009.jpg', 'DISABLE'),
(221, '케이크', '', '', '', '20000', 'Homemade', 11, '7', 'images/xO65488ed5.jpeg', 'DISENABLE');

-- --------------------------------------------------------

--
-- 테이블 구조 `manager`
--

CREATE TABLE `manager` (
  `Id` int(11) DEFAULT NULL,
  `username` varchar(30) NOT NULL,
  `fullname` varchar(30) NOT NULL,
  `email` varchar(30) NOT NULL,
  `contact` varchar(30) NOT NULL,
  `grade` varchar(11) DEFAULT '0',
  `time` date NOT NULL DEFAULT current_timestamp(),
  `address` varchar(50) DEFAULT NULL,
  `password` varchar(30) NOT NULL
) ENGINE=InnoDB DEFAULT CHARSET=utf8mb3 COLLATE=utf8mb3_general_ci;

--
-- 테이블의 덤프 데이터 `manager`
--

INSERT INTO `manager` (`Id`, `username`, `fullname`, `email`, `contact`, `grade`, `time`, `address`, `password`) VALUES
(NULL, '', '', '', '', '0', '2022-11-17', '', ''),
(0, 'admin', 'adminf', 'kskang2@gmail.com', '01052545944', '0', '0000-00-00', 'Pankyo', 'admin'),
(NULL, 'adminu', 'adminf', 'kskang2@gmail.com', '11122223333', '0', '2022-11-17', '', 'adminp'),
(0, 'kskang', 'kskangf', 'kskang2@gmail.com', '1122223333', '0', '0000-00-00', 'san', 'kskang'),
(NULL, 'namusee', '이주현', 'namusee@gmail.com', '01032481770', '0', '2022-11-14', '', 'lumi0184'),
(NULL, 'testfood', 'testfoodf', 'kskang2@gmail.com', '11111111111', '0', '2022-11-17', '', 'testfood'),
(NULL, '관리자', '관리자f', 'kskang2@gmail.com', '11122223333', '0', '2022-11-16', '', 'admin');

-- --------------------------------------------------------

--
-- 테이블 구조 `orders`
--

CREATE TABLE `orders` (
  `order_ID` int(30) NOT NULL,
  `order_number` varchar(11) DEFAULT NULL,
  `foodname` varchar(30) NOT NULL,
  `choice` varchar(31) DEFAULT NULL,
  `status` varchar(11) DEFAULT '0',
  `price` int(30) NOT NULL,
  `quantity` int(30) NOT NULL,
  `order_date` varchar(31) NOT NULL,
  `username` varchar(30) NOT NULL,
  `table_nr` varchar(11) DEFAULT '先',
  `contact` varchar(31) DEFAULT NULL,
  `gtotal` varchar(11) DEFAULT NULL,
  `F_ID` int(30) NOT NULL,
  `R_ID` int(30) NOT NULL,
  `myung` varchar(11) DEFAULT NULL,
  `display` varchar(11) DEFAULT '999'
) ENGINE=InnoDB DEFAULT CHARSET=utf8mb3 COLLATE=utf8mb3_general_ci;

--
-- 테이블의 덤프 데이터 `orders`
--

INSERT INTO `orders` (`order_ID`, `order_number`, `foodname`, `choice`, `status`, `price`, `quantity`, `order_date`, `username`, `table_nr`, `contact`, `gtotal`, `F_ID`, `R_ID`, `myung`, `display`) VALUES
(1320, '1328.19', '음료', '콜라', '9', 1500, 1, '1671510489', '관리자', '04', '01022223333', '1500', 134, 9, '', '70'),
(1321, '1659.70', '공기밥', '', '9', 1000, 1, '1671523157', '관리자', '13', '01022223333', '1000', 123, 9, '', '60'),
(1340, '1352.83', '칼국수', '', '9', 7000, 1, '1672375946', '관리자', '07', '01022223333', '7000', 120, 9, '', '10'),
(1341, '1352.83', '만두5개', '김치', '9', 7500, 2, '1672375946', '관리자', '07', '01022223333', '15000', 133, 9, '', '50'),
(1342, '0557.43', '한우버섯샤브', '매운', '2', 25000, 1, '1672433850', '단골 손님', '17', '01052545944', '25000', 204, 26, NULL, '999'),
(1343, '0615.45', '만두5개', '고기', '9', 7500, 1, '1672434928', '관리자', '12', '01022223333', '7500', 133, 9, NULL, '999'),
(1344, '1222.85', '칼국수', '', '9', 7000, 1, '1674012173', '단골 손님', '03', '01052545944', '7000', 120, 9, '', '10'),
(1345, '1222.85', '수제비', '', '9', 7500, 1, '1674012173', '단골 손님', '03', '01052545944', '7500', 119, 9, '', '30'),
(1346, '1257.86', '칼국수', '', '9', 7000, 1, '1674014221', '관리자', '05', '01022223333', '7000', 120, 9, NULL, '10'),
(1347, '1938.87', '칼국수', '', '9', 7000, 1, '1674297539', '관리자', '05', '01022223333', '7000', 120, 9, '', '10'),
(1348, '1938.87', '만두5개', '섞어', '9', 7500, 2, '1674297539', '관리자', '05', '01022223333', '15000', 133, 9, '', '50'),
(1349, '1941.88', '수제비', '', '9', 7500, 1, '1674297693', '관리자', '07', '01022223333', '7500', 119, 9, NULL, '30'),
(1350, '2110.90', '수제비', '', '9', 7500, 1, '1675599024', '관리자', '10', '01022223333', '7500', 119, 9, '', '30'),
(1351, '2110.90', '칼국수', '', '9', 7000, 1, '1675599024', '관리자', '10', '01022223333', '7000', 120, 9, '', '10'),
(1352, '0227.92', '칼국수', '', '9', 7000, 1, '1680197259', '관리자', '03', '01022223333', '7000', 120, 9, '', '10'),
(1353, '0227.92', '만두5개', '김치', '9', 7500, 1, '1680197259', '관리자', '03', '01022223333', '7500', 133, 9, '', '50'),
(1354, '0234.94', '수제비', '', '9', 7500, 1, '1680197652', '관리자', '05', '01022223333', '7500', 119, 9, NULL, '30'),
(1355, '0234.94', '음료', '사이다', '9', 1500, 1, '1680197652', '관리자', '05', '01022223333', '1500', 134, 9, NULL, '70'),
(1356, '1239.95', '칼국수', '', '9', 7000, 1, '1680233949', '단골 손님', 'i', '01052545944', '7000', 120, 9, '', '10'),
(1357, '1239.96', '칼국수', '', '9', 7000, 5, '1680233982', '단골 손님', 'i', '01052545944', '35000', 120, 9, '', '10'),
(1358, '1545.97', '칼국수', '', '9', 7000, 1, '1680245135', '관리자', '電', '01022223333', '7000', 120, 9, '', '10'),
(1359, '1545.97', '만두5개', '섞어', '9', 7500, 1, '1680245135', '관리자', '電', '01022223333', '7500', 133, 9, '', '50'),
(1360, '1151.99', '칼국수', '', '0', 7000, 1, '1680663111', '관리자', '04', '01022223333', '7000', 120, 9, '', '10'),
(1361, '1151.99', '만두5개', '섞어', '2', 7500, 1, '1680663111', '관리자', '04', '01022223333', '7500', 133, 9, '', '50'),
(1362, '1152.00', '칼국수', '', '9', 7000, 1, '1680663145', '관리자', '07', '01022223333', '7000', 120, 9, NULL, '10'),
(1363, '1448.03', '칼국수', '', '9', 7000, 1, '1698212903', '관리자', '09', '01022223333', '7000', 120, 9, '', '10'),
(1364, '1448.03', '만두5개', '섞어', '9', 7500, 2, '1698212903', '관리자', '09', '01022223333', '15000', 133, 9, '', '50'),
(1365, '0047.03', '칼국수', '', '9', 7000, 1, '1700754432', '관리자', '10', '01022223333', '7000', 120, 9, '', '10'),
(1366, '0047.03', '수제비', '', '9', 7500, 1, '1700754432', '관리자', '10', '01022223333', '7500', 119, 9, '', '30'),
(1367, '1609.03', '칼국수', '', '9', 7000, 1, '1703747393', '관리자', '05', '01022223333', '7000', 120, 9, '', '10'),
(1368, '1609.03', '수제비', '', '9', 7500, 2, '1703747393', '관리자', '05', '01022223333', '15000', 119, 9, '', '30'),
(1369, '1759.03', '칼국수', '', '9', 7000, 2, '1704185986', '관리자', '02', '01022223333', '14000', 120, 9, '', '10'),
(1370, '1759.03', '만두5개', '김치', '9', 7500, 2, '1704185986', '관리자', '02', '01022223333', '15000', 133, 9, '', '50'),
(1371, '1801.03', '칼국수', '', '9', 7000, 1, '1704186096', '관리자', '13', '01022223333', '7000', 120, 9, NULL, '10'),
(1372, '1448.03', '칼국수', '', '9', 7000, 3, '1704433720', '관리자', '08', '01022223333', '21000', 120, 9, '', '10'),
(1373, '1448.03', '만두5개', '김치', '9', 7500, 2, '1704433720', '관리자', '08', '01022223333', '15000', 133, 9, '', '50'),
(1374, '1221.03', '칼국수', '', '9', 7000, 2, '1704856866', '관리자', '03', '01022223333', '14000', 120, 9, '', '10'),
(1375, '1221.03', '만두5개', '김치', '9', 7500, 2, '1704856866', '관리자', '03', '01022223333', '15000', 133, 9, '', '50'),
(1376, '1226.03', '수제비', '', '9', 7500, 1, '1704857205', '단골 손님', 'W', '01052545944', '7500', 119, 9, '3', '30'),
(1377, '1222.03', '만두5개', '김치', '0', 7500, 1, '1705375355', '관리자', '02', '01022223333', '7500', 133, 9, '', '50'),
(1378, '1222.03', '수제비', '', '0', 7500, 1, '1705375355', '관리자', '02', '01022223333', '7500', 119, 9, '', '30'),
(1379, '1414.03', '칼국수', '', '0', 7000, 2, '1705382084', '관리자', '05', '01022223333', '14000', 120, 9, '', '10'),
(1380, '1414.03', '만두5개', '김치', '0', 7500, 1, '1705382084', '관리자', '05', '01022223333', '7500', 133, 9, '', '50'),
(1381, '0852.1', '음료', '콜라', '0', 1500, 1, '1706399552', '관리자', 'i', '01022223333', '1500', 134, 9, '', '70'),
(1382, '1441.1', '칼국수', '', '9', 7000, 1, '1707543706', '관리자', '07', '01022223333', '7000', 120, 9, '', '10'),
(1383, '1441.1', '만두5개', '김치', '9', 7500, 2, '1707543706', '관리자', '07', '01022223333', '15000', 133, 9, '', '50'),
(1384, '1709.1', '칼국수', '', '9', 7000, 1, '1707725375', '관리자', '09', '01022223333', '7000', 120, 9, '', '10'),
(1385, '1709.1', '만두5개', '김치', '9', 7500, 2, '1707725375', '관리자', '09', '01022223333', '15000', 133, 9, '', '50'),
(1386, '1847.1', '칼국수', '', '9', 7000, 1, '1710496042', '관리자', '11', '01022223333', '7000', 120, 9, '', '10'),
(1387, '1847.1', '수제비', '', '9', 7500, 2, '1710496042', '관리자', '11', '01022223333', '15000', 119, 9, '', '30'),
(1388, '0630.1', '칼국수', '', '9', 7000, 1, '1710797437', '관리자', '08', '01022223333', '7000', 120, 9, '', '10'),
(1389, '0630.1', '수제비', '', '9', 7500, 2, '1710797437', '관리자', '08', '01022223333', '15000', 119, 9, '', '30'),
(1390, '1524.1', '칼국수', '', '9', 7000, 1, '1712903070', '관리자', '06', '01022223333', '7000', 120, 9, '', '10'),
(1391, '1524.1', '수제비', '', '9', 7500, 2, '1712903070', '관리자', '06', '01022223333', '15000', 119, 9, '', '30'),
(1392, '1815.1', '칼국수', '', '0', 7000, 1, '1713604508', '관리자', '10', '01022223333', '7000', 120, 9, '', '10'),
(1393, '1815.1', '수제비', '', '0', 7500, 2, '1713604508', '관리자', '10', '01022223333', '15000', 119, 9, '', '30'),
(1394, '2016.46', '바지락칼국수', '', '9', 10000, 1, '1716031000', '단골 손님', '1', '01052545944', '10000', 202, 26, NULL, '999'),
(1395, '2132.46', '바지락칼국수', '', '8', 10000, 1, '1716035553', '단골 손님', '대', '01052545944', '10000', 202, 26, NULL, '999'),
(1396, '2133.47', '소고기버섯샤브', '보통', '9', 19000, 1, '1716035582', '단골 손님', '대', '01052545944', '19000', 203, 26, NULL, '999'),
(1397, '2133.48', '소고기버섯샤브', '보통', '9', 19000, 1, '1716035610', '단골 손님', '대', '01052545944', '19000', 203, 26, NULL, '999'),
(1398, '2134.49', '버섯만두전골', '', '9', 16000, 1, '1716035643', '단골 손님', '대', '01052545944', '16000', 205, 26, NULL, '999'),
(1399, '0810.1', '버섯만두전골', '', '9', 16000, 3, '1716073816', '단골 손님', '9', '01052545944', '48000', 205, 26, NULL, '999'),
(1400, '0811.2', '바지락칼국수', '', '9', 10000, 3, '1716073862', '단골 손님', '11', '01052545944', '30000', 202, 26, NULL, '999'),
(1401, '0811.3', '한우버섯샤브', '보통', '2', 25000, 3, '1716073895', '단골 손님', '8', '01052545944', '75000', 204, 26, NULL, '999'),
(1402, '0913.4', '바지락칼국수', '', '0', 10000, 1, '1716077598', '단골 손님', '10', '01052545944', '10000', 202, 26, NULL, '999'),
(1403, '0943.5', '바지락칼국수', '', '0', 10000, 1, '1716079390', '단골 손님', '7', '01052545944', '10000', 202, 26, NULL, '999'),
(1404, '0943.5', '버섯만두전골', '', '0', 16000, 3, '1716079390', '단골 손님', '7', '01052545944', '58000', 205, 26, NULL, '999'),
(1405, '0950.6', '바지락칼국수', '', '9', 10000, 1, '1716079808', '단골 손님', '대', '01052545944', '10000', 202, 26, NULL, '999'),
(1406, '0954.8', '버섯만두전골', '', '0', 16000, 1, '1716080059', '단골 손님', '14', '01052545944', '16000', 205, 26, NULL, '999'),
(1407, '1011.9', '버섯만두전골', '', '9', 16000, 1, '1716081086', '단골 손님', '대', '01052545944', '16000', 205, 26, NULL, '999'),
(1408, '1711.10', '버섯만두전골', '', '9', 16000, 1, '1716106282', '단골 손님', '대', '01052545944', '16000', 205, 26, NULL, '999'),
(1438, '1830.48', '미키비누', '블루', '0', 5000, 1, '1716370247', '단골 손님', '祖父', '01052545944', '5000', 219, 11, NULL, '999'),
(1440, '0818.50', '미키비누', '투명', '0', 5000, 1, '1716419889', '단골 손님', '祖父', '01052545944', '5000', 219, 11, NULL, '999'),
(1441, '0915.51', '미키비누', '블루', '9', 5000, 1, '1717892137', '단골 손님', '2', '01052545944', '5000', 219, 11, NULL, '999');

--
-- 트리거 `orders`
--
DELIMITER $$
CREATE TRIGGER `before_delete_orders` BEFORE DELETE ON `orders` FOR EACH ROW BEGIN
INSERT INTO orders_backup(order_ID, F_ID, order_number, foodname, choice, price,  quantity, order_date, username, table_nr, contact, gtotal, R_ID)
VALUES(OLD.order_ID, OLD.F_ID, OLD.order_number, OLD.foodname, OLD.choice, OLD.price,  OLD.quantity, OLD.order_date, OLD.username, OLD.table_nr, OLD.contact, OLD.gtotal,OLD.R_ID);
END
$$
DELIMITER ;

-- --------------------------------------------------------

--
-- 테이블 구조 `orders_backup`
--

CREATE TABLE `orders_backup` (
  `order_ID` int(30) DEFAULT NULL,
  `order_number` varchar(11) DEFAULT NULL,
  `foodname` varchar(30) DEFAULT NULL,
  `choice` varchar(31) DEFAULT NULL,
  `status` varchar(11) DEFAULT NULL,
  `price` int(30) DEFAULT NULL,
  `quantity` int(30) DEFAULT NULL,
  `order_date` varchar(31) DEFAULT NULL,
  `username` varchar(30) DEFAULT NULL,
  `table_nr` varchar(11) DEFAULT NULL,
  `contact` varchar(31) DEFAULT NULL,
  `gtotal` varchar(11) DEFAULT NULL,
  `F_ID` int(30) DEFAULT NULL,
  `R_ID` int(30) DEFAULT NULL
) ENGINE=InnoDB DEFAULT CHARSET=utf8mb4 COLLATE=utf8mb4_unicode_ci;

--
-- 테이블의 덤프 데이터 `orders_backup`
--

INSERT INTO `orders_backup` (`order_ID`, `order_number`, `foodname`, `choice`, `status`, `price`, `quantity`, `order_date`, `username`, `table_nr`, `contact`, `gtotal`, `F_ID`, `R_ID`) VALUES
(1029, '0845.09', '만두5개', '섞어', NULL, 7500, 2, '1670543159', '단골 손님', 'i', '01052545944', '51000', 133, 9),
(1031, '0857.13', '수제비', '', NULL, 7500, 1, '1670543874', '단골 손님', 'W', '01052545944', '7500', 119, 9),
(1060, '0937.17', '수제비', '', NULL, 7500, 1, '1670805450', '단골 손님', '08', '01052545944', '7500', 119, 9),
(1225, '1226.63', '수제비', '', NULL, 7500, 1, '1671161180', '단골 손님', '02', '01052545944', '7500', 119, 9),
(1224, '1224.62', '칼국수', '', NULL, 7000, 1, '1671161090', '단골 손님', '02', '01052545944', '7000', 120, 9),
(1223, '1224.61', '수제비', '', NULL, 7500, 1, '1671161084', '단골 손님', '02', '01052545944', '7500', 119, 9),
(1222, '1202.60', '칼국수', '', NULL, 7000, 1, '1671159750', '단골 손님', '02', '01052545944', '7000', 120, 9),
(1221, '1202.59', '수제비', '', NULL, 7500, 1, '1671159724', '단골 손님', '02', '01052545944', '7500', 119, 9),
(1220, '1200.58', '수제비', '', NULL, 7500, 1, '1671159648', '단골 손님', '02', '01052545944', '7500', 119, 9),
(1219, '1156.57', '칼국수', '', NULL, 7000, 1, '1671159413', '단골 손님', '02', '01052545944', '7000', 120, 9),
(1218, '1152.56', '수제비', '', NULL, 7500, 1, '1671159148', '단골 손님', '02', '01052545944', '7500', 119, 9),
(1217, '1151.55', '수제비', '', NULL, 7500, 1, '1671159090', '단골 손님', '02', '01052545944', '7500', 119, 9),
(1216, '1150.54', '수제비', '', NULL, 7500, 1, '1671159032', '단골 손님', '02', '01052545944', '7500', 119, 9),
(1215, '1149.53', '수제비', '', NULL, 7500, 1, '1671158969', '단골 손님', '02', '01052545944', '7500', 119, 9),
(1240, '1702.41', '칼국수', '', NULL, 7000, 1, '1671264177', '관리자', '05', '01022223333', '7000', 120, 9),
(1239, '1641.77', '공기밥', '', NULL, 1000, 1, '1671262908', '관리자', '10', '01022223333', '1000', 123, 9),
(1238, '1639.76', '수제비', '', NULL, 7500, 1, '1671262760', '관리자', '09', '01022223333', '7500', 119, 9),
(1237, '1638.75', '수제비', '', NULL, 7500, 1, '1671262697', '관리자', '08', '01022223333', '7500', 119, 9),
(1236, '1636.74', '칼국수', '', NULL, 7000, 1, '1671262593', '관리자', '04', '01022223333', '7000', 120, 9),
(1235, '1632.73', '칼국수', '', NULL, 7000, 1, '1671262363', '관리자', '05', '01022223333', '7000', 120, 9),
(1234, '1628.72', '칼국수', '', NULL, 7000, 1, '1671262109', '관리자', '06', '01022223333', '7000', 120, 9),
(1231, '1036.68', '수제비', '', NULL, 7500, 1, '1671240973', '관리자', '03', '01022223333', '7500', 119, 9),
(1230, '1036.68', '칼국수', '', NULL, 7000, 1, '1671240973', '관리자', '03', '01022223333', '7000', 120, 9),
(1211, '0745.46', '수제비', '', NULL, 7500, 1, '1671254000', '단골 손님', '07', '01052596944', '7500', 119, 9),
(1062, '0942.16', '칼국수', '', NULL, 7000, 1, '1670805722', '단골 손님', '05', '01052545944', '7000', 120, 9),
(1064, '0952.24', '음료', '콜라', NULL, 1500, 1, '1670806374', '단골 손님', '07', '01052545944', '1500', 134, 9),
(1076, '1108.30', '수제비', '', NULL, 7500, 1, '1670810904', '단골 손님', '05', '01052545944', '7500', 119, 9),
(1077, '1108.30', '칼국수', '', NULL, 7000, 1, '1670810904', '단골 손님', '05', '01052545944', '7000', 120, 9),
(1083, '1159.33', '음료', '사이다', NULL, 1500, 3, '1670813996', '단골 손님', '電', '01052545944', '4500', 134, 9),
(1084, '1159.33', '수제비', '', NULL, 7500, 1, '1670813996', '단골 손님', '電', '01052545944', '7500', 119, 9),
(1089, '1541.35', '수제비', '', NULL, 7500, 1, '1670827303', '단골 손님', 'i', '01052545944', '7500', 119, 9),
(1090, '1541.35', '만두5개', '고기', NULL, 7500, 2, '1670827303', '단골 손님', 'i', '01052545944', '15000', 133, 9),
(1091, '1607.36', '공기밥', '', NULL, 1000, 1, '1670828869', '단골 손님', 'i', '01052545944', '1000', 123, 9),
(1092, '1607.36', '음료', '콜라', NULL, 1500, 1, '1670828869', '단골 손님', 'i', '01052545944', '1500', 134, 9),
(1093, '1642.24', '음료', '콜라', NULL, 1500, 2, '1670830975', '단골 손님', '02', '01052545944', '3000', 134, 9),
(1094, '1642.24', '만두5개', '김치', NULL, 7500, 2, '1670830975', '단골 손님', '02', '01052545944', '18000', 133, 9),
(1095, '0509.35', '칼국수', '', NULL, 7000, 1, '1670875789', '단골 손님', '03', '01052545944', '7000', 120, 9),
(1096, '0509.35', '수제비', '', NULL, 7500, 2, '1670875789', '단골 손님', '03', '01052545944', '15000', 119, 9),
(1097, '0606.37', '만두5개', '고기', NULL, 7500, 1, '1670879190', '단골 손님', 'i', '01052545944', '7500', 133, 9),
(1098, '0940.37', '수제비', '', NULL, 7500, 1, '1670892037', '단골 손님', '10', '01052545944', '7500', 119, 9),
(1099, '0941.39', '수제비', '', NULL, 7500, 1, '1670892072', '단골 손님', '10', '01052545944', '7500', 119, 9),
(1100, '0944.41', '만두5개', '고기', NULL, 7500, 1, '1670892245', '단골 손님', '10', '01052545944', '7500', 133, 9),
(1101, '0944.42', '만두5개', '고기', NULL, 7500, 1, '1670892298', '단골 손님', '10', '01052545944', '7500', 133, 9),
(1102, '0947.37', '만두5개', '고기', NULL, 7500, 1, '1670892431', '단골 손님', '11', '01052545944', '7500', 133, 9),
(1103, '1717.43', '칼국수', '', NULL, 7000, 1, '1670919457', '단골 손님', '07', '01052545944', '7000', 120, 9),
(1104, '1719.44', '만두5개', '섞어', NULL, 7500, 1, '1670919560', '단골 손님', 'W', '01052545944', '7500', 133, 9),
(1105, '1720.38', '만두5개', '김치', NULL, 7500, 2, '1670919648', '단골 손님', '7', '01052545944', '15000', 133, 9),
(1106, '1924.39', '만두5개', '고기', NULL, 7500, 1, '1670927070', '단골 손님', 'W', '01052545944', '7500', 133, 9),
(1107, '1924.45', '음료', '콜라', NULL, 1500, 1, '1670927086', '단골 손님', 'W', '01052545944', '1500', 134, 9),
(1108, '1925.41', '수제비', '', NULL, 7500, 1, '1670927140', '단골 손님', 'W', '01052545944', '7500', 119, 9),
(1109, '1925.41', '공기밥', '', NULL, 1000, 1, '1670927140', '단골 손님', 'W', '01052545944', '1000', 123, 9),
(1110, '0701.42', '음료', '콜라', NULL, 1500, 1, '1670968878', '단골 손님', '05', '01052545944', '1500', 134, 9),
(1111, '1609.43', '만두5개', '김치', NULL, 7500, 1, '1671001741', '단골 손님', '08', '01052545944', '7500', 133, 9),
(1112, '1609.43', '수제비', '', NULL, 7500, 1, '1671001741', '단골 손님', '08', '01052545944', '7500', 119, 9),
(1113, '1609.44', '칼국수', '', NULL, 7000, 1, '1671001759', '단골 손님', 'W', '01052545944', '7000', 120, 9),
(1114, '1609.44', '수제비', '', NULL, 7500, 1, '1671001759', '단골 손님', 'W', '01052545944', '7500', 119, 9),
(1115, '1609.45', '칼국수', '', NULL, 7000, 1, '1671001787', '단골 손님', '電', '01052545944', '7000', 120, 9),
(1116, '1609.45', '수제비', '', NULL, 7500, 1, '1671001787', '단골 손님', '電', '01052545944', '7500', 119, 9),
(1117, '1610.38', '칼국수', '', NULL, 7000, 1, '1671001810', '단골 손님', 'i', '01052545944', '7000', 120, 9),
(1118, '1610.39', '만두5개', '고기', NULL, 7500, 1, '1671001819', '단골 손님', 'i', '01052545944', '7500', 133, 9),
(1119, '1610.46', '공기밥', '', NULL, 1000, 1, '1671001855', '단골 손님', '7', '01052545944', '1000', 123, 9),
(1121, '1948.48', '만두5개', '고기', NULL, 7500, 1, '1671014937', '단골 손님', 'i', '01052545944', '7500', 133, 9),
(1124, '2021.49', '칼국수', '', NULL, 7000, 1, '1671016865', '단골 손님', '13', '01052545944', '7000', 120, 9),
(1125, '2021.49', '수제비', '', NULL, 7500, 1, '1671016865', '단골 손님', 'W', '01052545944', '7500', 119, 9),
(1126, '2021.49', '만두5개', '고기', NULL, 7500, 1, '1671016865', '단골 손님', '13', '01052545944', '7500', 133, 9),
(1127, '2021.49', '만두5개', '김치', NULL, 7500, 1, '1671016865', '단골 손님', 'W', '01052545944', '7500', 133, 9),
(1128, '2021.49', '만두5개', '섞어', NULL, 7500, 1, '1671016865', '단골 손님', '13', '01052545944', '7500', 133, 9),
(1129, '2021.51', '음료', '콜라', NULL, 1500, 1, '1671016898', '단골 손님', '13', '01052545944', '1500', 134, 9),
(1130, '2031.52', '음료', '사이다', NULL, 1500, 1, '1671017473', '단골 손님', 'W', '01052545944', '1500', 134, 9),
(1131, '0914.40', '수제비', '', NULL, 7500, 1, '1671063296', '단골 손님', '06', '01052545944', '7500', 119, 9),
(1134, '0940.51', '칼국수', '', NULL, 7000, 1, '1671064810', '단골 손님', '03', '01052545944', '7000', 120, 9),
(1135, '0940.51', '수제비', '', NULL, 7500, 1, '1671064810', '단골 손님', '08', '01052545944', '7500', 119, 9),
(1136, '0940.51', '공기밥', '', NULL, 1000, 1, '1671064810', '단골 손님', '03', '01052545944', '1000', 123, 9),
(1137, '1329.52', '칼국수', '', NULL, 7000, 1, '1671078546', '단골 손님', '15', '01052545944', '7000', 120, 9),
(1138, '1329.52', '수제비', '', NULL, 7500, 1, '1671078546', '단골 손님', '15', '01052545944', '7500', 119, 9),
(1139, '1329.52', '공기밥', '', NULL, 1000, 1, '1671078546', '단골 손님', '15', '01052545944', '1000', 123, 9),
(1140, '1330.54', '수제비', '', NULL, 7500, 1, '1671078658', '단골 손님', 'W', '01052545944', '7500', 119, 9),
(1142, '1332.55', '만두5개', '고기', NULL, 7500, 1, '1671078743', '단골 손님', '04', '01052545944', '7500', 133, 9),
(1144, '1704.56', '수제비', '', NULL, 7500, 1, '1671091492', '단골 손님', '03', '01052545944', '7500', 119, 9),
(1145, '1705.57', '수제비', '', NULL, 7500, 1, '1671091542', '단골 손님', '03', '01052545944', '7500', 119, 9),
(1146, '1706.58', '수제비', '', NULL, 7500, 1, '1671091618', '단골 손님', '03', '01052545944', '7500', 119, 9),
(1147, '1707.59', '칼국수', '', NULL, 7000, 1, '1671091651', '단골 손님', '03', '01052545944', '7000', 120, 9),
(1148, '1719.60', '수제비', '', NULL, 7500, 1, '1671092362', '단골 손님', '03', '01052545944', '7500', 119, 9),
(1149, '1724.61', '공기밥', '', NULL, 1000, 1, '1671092691', '단골 손님', '03', '01052545944', '1000', 123, 9),
(1150, '1726.62', '칼국수', '', NULL, 7000, 1, '1671092797', '단골 손님', '03', '01052545944', '7000', 120, 9),
(1151, '1729.63', '칼국수', '', NULL, 7000, 1, '1671092997', '단골 손님', '03', '01052545944', '7000', 120, 9),
(1152, '1730.64', '수제비', '', NULL, 7500, 1, '1671093026', '단골 손님', '03', '01052545944', '7500', 119, 9),
(1153, '1730.65', '공기밥', '', NULL, 1000, 1, '1671093053', '단골 손님', '03', '01052545944', '1000', 123, 9),
(1154, '1731.66', '수제비', '', NULL, 7500, 1, '1671093102', '단골 손님', '03', '01052545944', '7500', 119, 9),
(1155, '1732.67', '칼국수', '', NULL, 7000, 1, '1671093121', '단골 손님', '03', '01052545944', '7000', 120, 9),
(1156, '1733.68', '수제비', '', NULL, 7500, 1, '1671093231', '단골 손님', '03', '01052545944', '7500', 119, 9),
(1157, '1744.69', '수제비', '', NULL, 7500, 1, '1671093895', '단골 손님', '03', '01052545944', '7500', 119, 9),
(1158, '1745.70', '만두5개', '고기', NULL, 7500, 1, '1671093919', '단골 손님', '03', '01052545944', '7500', 133, 9),
(1159, '1752.71', '칼국수', '', NULL, 7000, 1, '1671094360', '단골 손님', '03', '01052545944', '7000', 120, 9),
(1160, '1752.72', '수제비', '', NULL, 7500, 1, '1671094379', '단골 손님', '03', '01052545944', '7500', 119, 9),
(1163, '1759.58', '수제비', '', NULL, 7500, 1, '1671094790', '단골 손님', '03', '01052545944', '7500', 119, 9),
(1164, '1800.74', '수제비', '', NULL, 7500, 1, '1671094816', '단골 손님', '03', '01052545944', '7500', 119, 9),
(1165, '1804.75', '칼국수', '', NULL, 7000, 1, '1671095042', '단골 손님', '03', '', '7000', 120, 9),
(1166, '1805.76', '수제비', '', NULL, 7500, 1, '1671095111', '단골 손님', '03', '01052545944', '7500', 119, 9),
(1167, '1806.77', '수제비', '', NULL, 7500, 1, '1671095180', '단골 손님', '03', '01052545944', '7500', 119, 9),
(1168, '1837.78', '수제비', '', NULL, 7500, 1, '1671097060', '단골 손님', '07', '01052545944', '7500', 119, 9),
(1169, '1837.79', '수제비', '', NULL, 7500, 1, '1671097076', '단골 손님', '03', '01052545944', '7500', 119, 9),
(1170, '1838.80', '수제비', '', NULL, 7500, 1, '1671097135', '단골 손님', '08', '01052545944', '7500', 119, 9),
(1171, '1849.82', '수제비', '', NULL, 7500, 1, '1671097767', '단골 손님', '03', '01052545944', '7500', 119, 9),
(1172, '1850.83', '수제비', '', NULL, 7500, 1, '1671097800', '단골 손님', '03', '01052545944', '7500', 119, 9),
(1173, '1850.84', '수제비', '', NULL, 7500, 1, '1671097832', '단골 손님', '03', '01052545944', '7500', 119, 9),
(1174, '1852.85', '수제비', '', NULL, 7500, 1, '1671097924', '단골 손님', '03', '01052545944', '7500', 119, 9),
(1175, '1857.86', '수제비', '', NULL, 7500, 1, '1671098256', '단골 손님', '03', '01052545944', '7500', 119, 9),
(1176, '1858.87', '수제비', '', NULL, 7500, 1, '1671098288', '단골 손님', '04', '01052545944', '7500', 119, 9),
(1177, '1858.88', '수제비', '', NULL, 7500, 1, '1671098310', '단골 손님', '04', '01052545944', '7500', 119, 9),
(1178, '1858.89', '수제비', '', NULL, 7500, 1, '1671098331', '단골 손님', '03', '01052545944', '7500', 119, 9),
(1179, '1859.90', '수제비', '', NULL, 7500, 1, '1671098363', '단골 손님', '03', '01052545944', '7500', 119, 9),
(1180, '1901.91', '수제비', '', NULL, 7500, 1, '1671098498', '단골 손님', '04', '01052545944', '7500', 119, 9),
(1181, '1902.92', '수제비', '', NULL, 7500, 1, '1671098520', '단골 손님', '04', '01052545944', '7500', 119, 9),
(1182, '1902.93', '수제비', '', NULL, 7500, 1, '1671098563', '단골 손님', '04', '01052545944', '7500', 119, 9),
(1183, '1906.94', '수제비', '', NULL, 7500, 1, '1671098813', '단골 손님', '03', '01052545944', '7500', 119, 9),
(1184, '1947.95', '수제비', '', NULL, 7500, 1, '1671101250', '단골 손님', '05', '01052545944', '7500', 119, 9),
(1185, '1947.96', '수제비', '', NULL, 7500, 1, '1671101261', '단골 손님', '05', '01052545944', '7500', 119, 9),
(1186, '1950.98', '수제비', '', NULL, 7500, 1, '1671101411', '단골 손님', '05', '01052545944', '7500', 119, 9),
(1187, '1950.99', '수제비', '', NULL, 7500, 1, '1671101435', '단골 손님', '08', '01052545944', '7500', 119, 9),
(1188, '1952.00', '수제비', '', NULL, 7500, 1, '1671101523', '단골 손님', '03', '01052545944', '7500', 119, 9),
(1189, '1952.01', '수제비', '', NULL, 7500, 1, '1671101538', '단골 손님', '03', '01052545944', '7500', 119, 9),
(1190, '1955.02', '수제비', '', NULL, 7500, 1, '1671101704', '단골 손님', '02', '01052545944', '7500', 119, 9),
(1191, '1955.02', '칼국수', '', NULL, 7000, 1, '1671101704', '단골 손님', '02', '01052545944', '7000', 120, 9),
(1192, '2002.04', '수제비', '', NULL, 7500, 1, '1671102154', '단골 손님', '03', '01052545944', '7500', 119, 9),
(1193, '2002.05', '수제비', '', NULL, 7500, 1, '1671102170', '단골 손님', '03', '01052545944', '7500', 119, 9),
(1194, '2003.06', '수제비', '', NULL, 7500, 1, '1671102216', '단골 손님', '03', '01052545944', '7500', 119, 9),
(1195, '2003.07', '수제비', '', NULL, 7500, 1, '1671102239', '단골 손님', '03', '01052545944', '7500', 119, 9),
(1196, '2004.08', '수제비', '', NULL, 7500, 1, '1671102283', '단골 손님', '03', '01052545944', '7500', 119, 9),
(1197, '2005.09', '수제비', '', NULL, 7500, 1, '1671102331', '단골 손님', 'W', '01052545944', '7500', 119, 9),
(1201, '2009.13', '수제비', '', NULL, 7500, 1, '1671102598', '단골 손님', '14', '01052545944', '7500', 119, 9),
(1202, '2010.14', '수제비', '', NULL, 7500, 1, '1671102618', '단골 손님', 'W', '01052545944', '7500', 119, 9),
(1203, '2010.15', '칼국수', '', NULL, 7000, 1, '1671102655', '단골 손님', '13', '01052545944', '7000', 120, 9),
(1204, '2035.16', '수제비', '', NULL, 7500, 1, '1671104112', '단골 손님', 'W', '01052545944', '7500', 119, 9),
(1205, '2039.17', '만두5개', '고기', NULL, 7500, 1, '1671104359', '단골 손님', 'W', '01052545944', '7500', 133, 9),
(1206, '0627.59', '음료', '콜라', NULL, 1500, 1, '1671139658', '단골 손님', '01', '01052545944', '1500', 134, 9),
(1207, '0642.19', '만두5개', '고기', NULL, 7500, 1, '1671140543', '단골 손님', '01', '01052545944', '7500', 133, 9),
(1208, '0715.42', '수제비', '', NULL, 7500, 1, '1671142534', '단골 손님', '04', '01052545944', '7500', 119, 9),
(1209, '0716.44', '수제비', '', NULL, 7500, 1, '1671142606', '단골 손님', 'W', '01052545944', '7500', 119, 9),
(1210, '0728.45', '칼국수', '', NULL, 7000, 1, '1671143280', '단골 손님', '07', '01052545944', '7000', 120, 9),
(1212, '0756.47', '수제비', '', NULL, 7500, 1, '1671145597', '단골 손님', '02', '01052545944', '7500', 119, 9),
(1213, '0758.49', '수제비', '', NULL, 7500, 1, '1671145092', '단골 손님', 'i', '01052545944', '7500', 119, 9),
(1214, '1122.51', '만두5개', '김치', NULL, 7500, 1, '1671157326', '단골 손님', '01', '01052545944', '7500', 133, 9),
(1226, '1516.64', '칼국수', '', NULL, 7000, 1, '1671171360', '단골 손님', '02', '01052545944', '7000', 120, 9),
(1227, '1517.65', '공기밥', '', NULL, 1000, 1, '1671171437', '단골 손님', '02', '01052545944', '1000', 123, 9),
(1228, '1613.40', '칼국수', '', NULL, 7000, 1, '1671174809', '단골 손님', '05', '01052545944', '7000', 120, 9),
(1229, '1713.67', '수제비', '', NULL, 7500, 1, '1671178403', '단골 손님', '02', '01052545944', '7500', 119, 9),
(1261, '1032.93', '수제비', '', NULL, 7500, 1, '1671327129', '단골 손님', 'i', '01052545944', '7500', 119, 9),
(1260, '1030.92', '수제비', '', NULL, 7500, 1, '1671327037', '단골 손님', 'i', '01052545944', '7500', 119, 9),
(1259, '1028.91', '수제비', '', NULL, 7500, 1, '1671326930', '단골 손님', 'i', '01052545944', '7500', 119, 9),
(1258, '1027.90', '수제비', '', NULL, 7500, 1, '1671326874', '단골 손님', 'i', '01052545944', '7500', 119, 9),
(1257, '1021.89', '수제비', '', NULL, 7500, 1, '1671326503', '단골 손님', 'i', '01052545944', '7500', 119, 9),
(1254, '1014.86', '공기밥', '', NULL, 1000, 1, '1671326070', '관리자', '電', '01022223333', '1000', 123, 9),
(1253, '1008.85', '공기밥', '', NULL, 1000, 1, '1671325734', '관리자', '電', '01022223333', '1000', 123, 9),
(1252, '1007.84', '공기밥', '', NULL, 1000, 1, '1671325668', '관리자', '電', '01022223333', '1000', 123, 9),
(1251, '1005.83', '공기밥', '', NULL, 1000, 1, '1671325548', '관리자', '電', '01022223333', '1000', 123, 9),
(1250, '1001.82', '공기밥', '', NULL, 1000, 1, '1671325318', '관리자', '電', '01022223333', '1000', 123, 9),
(1266, '1111.48', '공기밥', '', NULL, 1000, 1, '1671329494', '단골 손님', 'i', '01052545944', '1000', 123, 9),
(1265, '1110.47', '칼국수', '', NULL, 7000, 1, '1671329457', '단골 손님', 'i', '01052545944', '7000', 120, 9),
(1246, '2024.44', '만두5개', '고기', NULL, 7500, 1, '1671276248', '관리자', '04', '01022223333', '7500', 133, 9),
(1256, '1020.88', '만두5개', '고기', NULL, 7500, 1, '1671326446', '관리자', '電', '01022223333', '7500', 133, 9),
(1232, '1611.70', '수제비', '', NULL, 7500, 1, '1671261114', '단골 손님', 'i', '01052545944', '7500', 119, 9),
(1233, '1616.71', '수제비', '', NULL, 7500, 1, '1671261382', '관리자', 'W', '01022223333', '7500', 120, 9),
(1241, '1938.78', '만두5개', '고기', NULL, 7500, 1, '1671273499', '관리자', '03', '01022223333', '7500', 133, 9),
(1242, '2010.79', '만두5개', '고기', NULL, 7500, 1, '1671275443', '관리자', '03', '01022223333', '7500', 133, 9),
(1243, '2011.80', '음료', '콜라', NULL, 1500, 1, '1671275478', '관리자', '03', '01022223333', '1500', 134, 9),
(1244, '2022.42', '수제비', '', NULL, 7500, 1, '1671276167', '관리자', '03', '01022223333', '7500', 119, 9),
(1245, '2023.43', '음료', '콜라', NULL, 1500, 1, '1671276221', '관리자', '03', '01022223333', '1500', 134, 9),
(1247, '2027.81', '칼국수', '', NULL, 7000, 1, '1671276459', '관리자', '03', '01022223333', '7000', 120, 9),
(1248, '2028.45', '칼국수', '', NULL, 7000, 1, '1671276483', '관리자', '03', '01022223333', '7000', 120, 9),
(1249, '2028.46', '수제비', '', NULL, 7500, 1, '1671276527', '관리자', '05', '01022223333', '7500', 119, 9),
(1255, '1015.87', '공기밥', '', NULL, 1000, 1, '1671326129', '관리자', '電', '01022223333', '1000', 123, 9),
(1262, '1032.94', '수제비', '', NULL, 7500, 1, '1671327171', '단골 손님', 'i', '01052545944', '7500', 119, 9),
(1263, '1055.96', '칼국수', '', NULL, 7000, 1, '1671328553', '단골 손님', 'i', '01052545944', '7000', 120, 9),
(1264, '1056.97', '수제비', '', NULL, 7500, 1, '1671328603', '단골 손님', '03', '01052545944', '7500', 119, 9),
(1267, '1114.49', '공기밥', '', NULL, 1000, 1, '1671329646', '단골 손님', 'i', '01052545944', '1000', 123, 9),
(1268, '1120.51', '만두5개', '고기', NULL, 7500, 1, '1671330029', '관리자', '電', '01022223333', '7500', 133, 9),
(1269, '1042.53', '공기밥', '', NULL, 1000, 1, '1671414123', '관리자', '09', '01022223333', '1000', 123, 9),
(1270, '1045.54', '수제비', '', NULL, 7500, 1, '1671414339', '관리자', 'W', '01022223333', '7500', 119, 9),
(1271, '1045.54', '칼국수', '', NULL, 7000, 1, '1671414339', '관리자', 'W', '01022223333', '7000', 120, 9),
(1272, '1600.56', '수제비', '', NULL, 7500, 1, '1671433205', '관리자', '03', '01022223333', '7500', 119, 9),
(1273, '1802.98', '만두5개', '고기', NULL, 7500, 1, '1671440557', '관리자', '09', '01022223333', '7500', 133, 9),
(1274, '1815.99', '칼국수', '', NULL, 7000, 1, '1671441313', '관리자', 'W', '01022223333', '7000', 120, 9),
(1275, '1815.99', '수제비', '', NULL, 7500, 1, '1671441313', '관리자', 'W', '01022223333', '7500', 119, 9),
(1276, '1815.99', '공기밥', '', NULL, 1000, 1, '1671441313', '관리자', 'W', '01022223333', '1000', 123, 9),
(1277, '1817.00', '칼국수', '', NULL, 7000, 1, '1671441469', '관리자', '01', '01022223333', '7000', 120, 9),
(1278, '1817.00', '수제비', '', NULL, 7500, 1, '1671441469', '관리자', '01', '01022223333', '7500', 119, 9),
(1279, '1817.00', '공기밥', '', NULL, 1000, 1, '1671441469', '관리자', '01', '01022223333', '1000', 123, 9),
(1280, '1858.01', '음료', '콜라', NULL, 1500, 1, '1671443893', '관리자', '03', '01022223333', '1500', 134, 9),
(1281, '1907.02', '만두5개', '고기', NULL, 7500, 1, '1671444427', '관리자', '09', '01022223333', '7500', 133, 9),
(1282, '1908.03', '칼국수', '', NULL, 7000, 1, '1671444496', '관리자', '09', '01022223333', '7000', 120, 9),
(1283, '1940.04', '칼국수', '', NULL, 7000, 1, '1671446430', '관리자', '03', '01022223333', '7000', 120, 9),
(1284, '1940.04', '수제비', '', NULL, 7500, 1, '1671446430', '관리자', '03', '01022223333', '7500', 119, 9),
(1285, '1940.04', '공기밥', '', NULL, 1000, 1, '1671446430', '관리자', '03', '01022223333', '1000', 123, 9),
(1286, '1942.05', '수제비', '', NULL, 7500, 1, '1671446551', '관리자', '03', '01022223333', '7500', 119, 9),
(1287, '1942.05', '칼국수', '', NULL, 7000, 1, '1671446551', '관리자', '03', '01022223333', '7000', 120, 9),
(1288, '1942.05', '만두5개', '고기', NULL, 7500, 1, '1671446551', '관리자', '03', '01022223333', '7500', 133, 9),
(1289, '1943.06', '수제비', '', NULL, 7500, 1, '1671446606', '관리자', '04', '01022223333', '7500', 119, 9),
(1290, '1943.07', '칼국수', '', NULL, 7000, 1, '1671446632', '관리자', '05', '01022223333', '7000', 120, 9),
(1291, '1944.08', '칼국수', '', NULL, 7000, 1, '1671446640', '관리자', '03', '01022223333', '7000', 120, 9),
(1292, '1944.57', '수제비', '', NULL, 7500, 1, '1671446659', '관리자', '04', '01022223333', '7500', 119, 9),
(1293, '1944.58', '수제비', '', NULL, 7500, 1, '1671446684', '관리자', '04', '01022223333', '7500', 119, 9),
(1294, '1945.09', '수제비', '', NULL, 7500, 1, '1671446743', '관리자', 'W', '01022223333', '7500', 119, 9),
(1295, '1945.09', '만두5개', '고기', NULL, 7500, 1, '1671446743', '관리자', 'W', '01022223333', '7500', 133, 9),
(1296, '1945.10', '수제비', '', NULL, 7500, 1, '1671446752', '관리자', '電', '01022223333', '7500', 119, 9),
(1297, '1945.10', '칼국수', '', NULL, 7000, 1, '1671446752', '관리자', '電', '01022223333', '7000', 120, 9),
(1298, '1946.11', '음료', '콜라', NULL, 1500, 1, '1671446773', '관리자', '05', '01022223333', '1500', 134, 9),
(1299, '1951.12', '수제비', '', NULL, 7500, 1, '1671447071', '관리자', '05', '01022223333', '7500', 119, 9),
(1300, '1951.12', '칼국수', '', NULL, 7000, 1, '1671447071', '관리자', '05', '01022223333', '7000', 120, 9),
(1301, '1951.13', '만두5개', '고기', NULL, 7500, 1, '1671447089', '관리자', '05', '01022223333', '7500', 133, 9),
(1302, '1951.13', '수제비', '', NULL, 7500, 1, '1671447089', '관리자', '05', '01022223333', '7500', 119, 9),
(1303, '1952.14', '수제비', '', NULL, 7500, 1, '1671447125', '관리자', '05', '01022223333', '7500', 119, 9),
(1304, '1958.59', '수제비', '', NULL, 7500, 1, '1671447494', '관리자', 'W', '01022223333', '7500', 119, 9),
(1305, '2024.60', '만두5개', '고기', NULL, 7500, 1, '1671449098', '관리자', '01', '01022223333', '7500', 133, 9),
(1306, '2025.61', '음료', '콜라', NULL, 1500, 1, '1671449121', '관리자', '05', '01022223333', '1500', 134, 9),
(1307, '2049.15', '칼국수', '', NULL, 7000, 1, '1671450547', '관리자', '02', '01022223333', '7000', 120, 9),
(1308, '2049.16', '칼국수', '', NULL, 7000, 1, '1671450569', '관리자', '02', '01022223333', '7000', 120, 9),
(1309, '2050.62', '칼국수', '', NULL, 7000, 1, '1671450625', '관리자', '03', '01022223333', '7000', 120, 9),
(1310, '2050.63', '칼국수', '', NULL, 7000, 1, '1671450645', '관리자', '03', '01022223333', '7000', 120, 9),
(1311, '2051.64', '공기밥', '', NULL, 1000, 1, '1671450661', '관리자', '03', '01022223333', '1000', 123, 9),
(1312, '2113.65', '만두5개', '김치', NULL, 7500, 15, '1671452035', '관리자', '04', '01022223333', '112500', 133, 9),
(1313, '2216.17', '음료', '콜라', NULL, 1500, 1, '1671455814', '관리자', '05', '01022223333', '1500', 134, 9),
(1314, '0716.66', '음료', '사이다', NULL, 1500, 1, '1671488200', '관리자', '04', '01022223333', '1500', 134, 9),
(1315, '0717.67', '칼국수', '', NULL, 7000, 1, '1671488247', '관리자', 'W', '01022223333', '7000', 120, 9),
(1316, '0717.67', '수제비', '', NULL, 7500, 1, '1671488247', '관리자', 'W', '01022223333', '7500', 119, 9),
(1317, '0920.18', '수제비', '', NULL, 7500, 1, '1671495603', '관리자', '02', '01022223333', '7500', 119, 9),
(1318, '0922.68', '만두5개', '고기', NULL, 7500, 1, '1671495746', '관리자', '電', '01022223333', '7500', 133, 9),
(1319, '1015.69', '수제비', '', NULL, 7500, 1, '1671498940', '관리자', '14', '01022223333', '7500', 119, 9),
(1322, '1208.71', '수제비', '', NULL, 7500, 1, '1671678520', '관리자', '06', '01022223333', '7500', 119, 9),
(1323, '1210.72', '공기밥', '', NULL, 1000, 1, '1671678638', '관리자', '05', '01022223333', '1000', 123, 9),
(1324, '1327.73', '만두5개', '김치', NULL, 7500, 3, '1671769634', '단골 손님', 'i', '01052545944', '22500', 133, 9),
(1325, '1327.73', '칼국수', '', NULL, 7000, 6, '1671769634', '단골 손님', 'i', '01052545944', '42000', 120, 9),
(1326, '1329.75', '칼국수', '', NULL, 7000, 1, '1671769755', '관리자', '05', '01022223333', '7000', 120, 9),
(1327, '1329.75', '수제비', '', NULL, 7500, 1, '1671769755', '관리자', '05', '01022223333', '7500', 119, 9),
(1328, '1801.77', '칼국수', '', NULL, 7000, 1, '1671786106', '단골 손님', 'i', '01052545944', '7000', 120, 9),
(1329, '1801.77', '수제비', '', NULL, 7500, 1, '1671786106', '단골 손님', 'i', '01052545944', '7500', 119, 9),
(1330, '1801.77', '만두5개', '김치', NULL, 7500, 1, '1671786106', '단골 손님', 'i', '01052545944', '7500', 133, 9),
(1331, '1801.77', '음료', '콜라', NULL, 1500, 1, '1671786106', '단골 손님', 'i', '01052545944', '1500', 134, 9),
(1332, '1344.78', '칼국수', '', NULL, 7000, 1, '1672029872', '관리자', '03', '01022223333', '7000', 120, 9),
(1333, '1344.78', '만두5개', '섞어', NULL, 7500, 2, '1672029872', '관리자', '03', '01022223333', '15000', 133, 9),
(1334, '1430.80', '칼국수', '', NULL, 7000, 1, '1672205459', '관리자', '電', '01022223333', '7000', 120, 9),
(1335, '1430.80', '만두5개', '섞어', NULL, 7500, 1, '1672205459', '관리자', '電', '01022223333', '7500', 133, 9),
(1336, '1702.81', '수제비', '', NULL, 7500, 1, '1672214548', '관리자', '02', '01022223333', '7500', 119, 9),
(1337, '1702.81', '칼국수', '', NULL, 7000, 1, '1672214548', '관리자', '02', '01022223333', '7000', 120, 9),
(1338, '1707.82', '칼국수', '', NULL, 7000, 1, '1672214839', '관리자', '07', '01022223333', '7000', 120, 9),
(1339, '1707.82', '수제비', '', NULL, 7500, 1, '1672214839', '관리자', '07', '01022223333', '7500', 119, 9),
(1437, '1345.47', '22', '2', NULL, 444444, 1, '1716353125', '단골 손님', '1', '01052545944', '444444', 223, 11),
(1426, '0727.34', '33', '', NULL, 5555, 1, '1716157621', '단골 손님', '대', '01052545944', '5555', 221, 11),
(1424, '0726.33', '33', '', NULL, 5555, 1, '1716157602', '단골 손님', '대', '01052545944', '5555', 221, 11),
(1423, '0726.32', '33', '', NULL, 5555, 1, '1716157572', '단골 손님', '1', '01052545944', '5555', 221, 11),
(1422, '0723.31', '33', '', NULL, 5555, 1, '1716157386', '단골 손님', '대', '01052545944', '5555', 221, 11),
(1421, '0722.30', '33', '', NULL, 5555, 1, '1716157356', '단골 손님', '1', '01052545944', '5555', 221, 11),
(1420, '0722.29', '33', '', NULL, 5555, 1, '1716157339', '단골 손님', '1', '01052545944', '5555', 221, 11),
(1419, '0718.27', '33', '', NULL, 5555, 1, '1716157131', '단골 손님', '대', '01052545944', '5555', 221, 11),
(1418, '0714.26', '33', '', NULL, 5555, 1, '1716156867', '단골 손님', '대', '01052545944', '5555', 221, 11),
(1417, '0709.24', '33', '', NULL, 5555, 1, '1716156556', '단골 손님', '2', '01052545944', '5555', 221, 11),
(1416, '0707.22', '33', '', NULL, 5555, 1, '1716156467', '단골 손님', '1', '01052545944', '5555', 221, 11),
(1415, '0707.21', '33', '', NULL, 5555, 1, '1716156447', '단골 손님', '1', '01052545944', '5555', 221, 11),
(1414, '0703.19', '33', '', NULL, 5555, 1, '1716156229', '단골 손님', '1', '01052545944', '5555', 221, 11),
(1413, '0647.15', '33', '', NULL, 5555, 1, '1716155253', '단골 손님', '2', '01052545944', '5555', 221, 11),
(1412, '0646.14', '33', '', NULL, 5555, 1, '1716155217', '단골 손님', '대', '01052545944', '5555', 221, 11),
(1411, '0646.13', '33', '', NULL, 5555, 1, '1716155179', '단골 손님', '1', '01052545944', '5555', 221, 11),
(1410, '1948.12', '77', '', NULL, 7777, 1, '1716115711', '단골 손님', '2', '01052545944', '7777', 222, 11),
(1430, '0800.40', '미키비누', '', NULL, 5000, 1, '1716159608', '단골 손님', '대', '01052545944', '5000', 219, 11),
(1429, '0759.38', '미키비누', '', NULL, 5000, 1, '1716159570', '단골 손님', '대', '01052545944', '5000', 219, 11),
(1428, '0758.36', '미키비누', '', NULL, 5000, 1, '1716159518', '단골 손님', '대', '01052545944', '5000', 219, 11),
(1427, '0730.35', '미키비누', '', NULL, 5000, 2, '1716157850', '단골 손님', '1', '01052545944', '10000', 219, 11),
(1425, '0726.33', '시계', '', NULL, 10000, 1, '1716157602', '단골 손님', '대', '01052545944', '15555', 220, 11),
(1439, '1843.49', '케이크', '', NULL, 20000, 1, '1716370988', '단골 손님', '祖母', '01052545944', '20000', 221, 11),
(1409, '1944.11', '시계', '', NULL, 10000, 1, '1716115493', '단골 손님', '1', '01052545944', '10000', 220, 11),
(1433, '1646.42', '미키비누', '투명', NULL, 5000, 1, '1716191182', '단골 손님', '3', '01052545944', '5000', 219, 11),
(1434, '1648.43', '미키비누', '블루', NULL, 5000, 5, '1716191305', '단골 손님', '대', '01052545944', '25000', 219, 11),
(1432, '1646.41', '케이크', '', NULL, 20000, 2, '1716191168', '단골 손님', '2', '01052545944', '45000', 221, 11),
(1431, '1646.41', '미키비누', '블루', NULL, 5000, 1, '1716191168', '단골 손님', '2', '01052545944', '5000', 219, 11),
(1435, '1649.44', '미키비누', '투명', NULL, 5000, 1, '1716191377', '단골 손님', '1', '01052545944', '5000', 219, 11),
(1436, '1959.45', '미키비누', '핑크', NULL, 5000, 1, '1716202757', '단골 손님', '2', '01052545944', '5000', 219, 11);

-- --------------------------------------------------------

--
-- 테이블 구조 `restaurants`
--

CREATE TABLE `restaurants` (
  `R_ID` int(30) NOT NULL,
  `name` varchar(30) NOT NULL,
  `email` varchar(30) NOT NULL,
  `contact` varchar(30) NOT NULL,
  `address` varchar(50) NOT NULL,
  `M_ID` varchar(30) NOT NULL
) ENGINE=InnoDB DEFAULT CHARSET=utf8mb3 COLLATE=utf8mb3_general_ci;

--
-- 테이블의 덤프 데이터 `restaurants`
--

INSERT INTO `restaurants` (`R_ID`, `name`, `email`, `contact`, `address`, `M_ID`) VALUES
(7, 'ksrestaurant', 'kskang2@gmail.com', '1122223333', 'san', 'kskang'),
(9, 'Le Cafe\'', 'kskang2@gmail.com', '01052545944', 'Pankyo', '관리자'),
(11, '벼룩시장', 'kskang2@gmail.com', '11122223333', 'pankyo', 'admin'),
(13, 'Sandwich', 'kskang2@gmail.com', '11122223333', 'pankyo', 'testfood'),
(26, '산골면옥', 'kskang2@gmail.com', '11122223333', 'pankyo', 'adminu');

--
-- 덤프된 테이블의 인덱스
--

--
-- 테이블의 인덱스 `contact`
--
ALTER TABLE `contact`
  ADD PRIMARY KEY (`Id`);

--
-- 테이블의 인덱스 `customer`
--
ALTER TABLE `customer`
  ADD PRIMARY KEY (`username`);

--
-- 테이블의 인덱스 `food`
--
ALTER TABLE `food`
  ADD PRIMARY KEY (`F_ID`,`R_ID`),
  ADD KEY `R_ID` (`R_ID`);

--
-- 테이블의 인덱스 `manager`
--
ALTER TABLE `manager`
  ADD PRIMARY KEY (`username`);

--
-- 테이블의 인덱스 `orders`
--
ALTER TABLE `orders`
  ADD PRIMARY KEY (`order_ID`),
  ADD KEY `F_ID` (`F_ID`),
  ADD KEY `R_ID` (`R_ID`),
  ADD KEY `orders_ibfk_2` (`username`);

--
-- 테이블의 인덱스 `restaurants`
--
ALTER TABLE `restaurants`
  ADD PRIMARY KEY (`R_ID`),
  ADD UNIQUE KEY `M_ID_2` (`M_ID`),
  ADD KEY `M_ID` (`M_ID`);

--
-- 덤프된 테이블의 AUTO_INCREMENT
--

--
-- 테이블의 AUTO_INCREMENT `food`
--
ALTER TABLE `food`
  MODIFY `F_ID` int(30) NOT NULL AUTO_INCREMENT, AUTO_INCREMENT=224;

--
-- 테이블의 AUTO_INCREMENT `orders`
--
ALTER TABLE `orders`
  MODIFY `order_ID` int(30) NOT NULL AUTO_INCREMENT, AUTO_INCREMENT=1442;

--
-- 테이블의 AUTO_INCREMENT `restaurants`
--
ALTER TABLE `restaurants`
  MODIFY `R_ID` int(30) NOT NULL AUTO_INCREMENT, AUTO_INCREMENT=84;

--
-- 덤프된 테이블의 제약사항
--

--
-- 테이블의 제약사항 `food`
--
ALTER TABLE `food`
  ADD CONSTRAINT `food_ibfk_1` FOREIGN KEY (`R_ID`) REFERENCES `restaurants` (`R_ID`);

--
-- 테이블의 제약사항 `orders`
--
ALTER TABLE `orders`
  ADD CONSTRAINT `orders_ibfk_1` FOREIGN KEY (`F_ID`) REFERENCES `food` (`F_ID`),
  ADD CONSTRAINT `orders_ibfk_2` FOREIGN KEY (`username`) REFERENCES `customer` (`username`),
  ADD CONSTRAINT `orders_ibfk_3` FOREIGN KEY (`R_ID`) REFERENCES `restaurants` (`R_ID`);

--
-- 테이블의 제약사항 `restaurants`
--
ALTER TABLE `restaurants`
  ADD CONSTRAINT `restaurants_ibfk_1` FOREIGN KEY (`M_ID`) REFERENCES `manager` (`username`);
--
-- 데이터베이스: `foodorder2`
--
CREATE DATABASE IF NOT EXISTS `foodorder2` DEFAULT CHARACTER SET utf8mb4 COLLATE utf8mb4_unicode_ci;
USE `foodorder2`;

-- --------------------------------------------------------

--
-- 테이블 구조 `cart`
--

CREATE TABLE `cart` (
  `id` int(30) NOT NULL,
  `client_ip` varchar(20) NOT NULL,
  `user_id` int(30) NOT NULL,
  `product_id` int(30) NOT NULL,
  `qty` int(30) NOT NULL
) ENGINE=InnoDB DEFAULT CHARSET=utf8mb4 COLLATE=utf8mb4_general_ci;

-- --------------------------------------------------------

--
-- 테이블 구조 `category_list`
--

CREATE TABLE `category_list` (
  `id` int(30) NOT NULL,
  `name` text NOT NULL
) ENGINE=InnoDB DEFAULT CHARSET=utf8mb4 COLLATE=utf8mb4_general_ci;

--
-- 테이블의 덤프 데이터 `category_list`
--

INSERT INTO `category_list` (`id`, `name`) VALUES
(1, 'Beverages'),
(3, 'Best Sellers'),
(4, 'Meals'),
(5, 'Snacks');

-- --------------------------------------------------------

--
-- 테이블 구조 `orders`
--

CREATE TABLE `orders` (
  `id` int(30) NOT NULL,
  `name` text NOT NULL,
  `address` text NOT NULL,
  `mobile` text NOT NULL,
  `email` text NOT NULL,
  `status` tinyint(1) NOT NULL DEFAULT 0
) ENGINE=InnoDB DEFAULT CHARSET=utf8mb4 COLLATE=utf8mb4_general_ci;

--
-- 테이블의 덤프 데이터 `orders`
--

INSERT INTO `orders` (`id`, `name`, `address`, `mobile`, `email`, `status`) VALUES
(1, 'James Smith', 'adasdasd asdadasd', '4756463215', 'jsmith@sample.com', 1),
(2, 'James Smith', 'adasdasd asdadasd', '4756463215', 'jsmith@sample.com', 1);

-- --------------------------------------------------------

--
-- 테이블 구조 `order_list`
--

CREATE TABLE `order_list` (
  `id` int(30) NOT NULL,
  `order_id` int(30) NOT NULL,
  `product_id` int(30) NOT NULL,
  `qty` int(30) NOT NULL
) ENGINE=InnoDB DEFAULT CHARSET=utf8mb4 COLLATE=utf8mb4_general_ci;

--
-- 테이블의 덤프 데이터 `order_list`
--

INSERT INTO `order_list` (`id`, `order_id`, `product_id`, `qty`) VALUES
(1, 1, 3, 1),
(2, 1, 5, 1),
(3, 1, 3, 1),
(4, 1, 6, 3),
(5, 2, 1, 2);

-- --------------------------------------------------------

--
-- 테이블 구조 `product_list`
--

CREATE TABLE `product_list` (
  `id` int(30) NOT NULL,
  `category_id` int(30) NOT NULL,
  `name` varchar(100) NOT NULL,
  `description` text NOT NULL,
  `price` float NOT NULL DEFAULT 0,
  `img_path` text NOT NULL,
  `status` tinyint(1) NOT NULL DEFAULT 1 COMMENT '0= unavailable, 2 Available'
) ENGINE=InnoDB DEFAULT CHARSET=utf8mb4 COLLATE=utf8mb4_general_ci;

--
-- 테이블의 덤프 데이터 `product_list`
--

INSERT INTO `product_list` (`id`, `category_id`, `name`, `description`, `price`, `img_path`, `status`) VALUES
(1, 3, 'Diet Coke', 'In Can', 20, '1600652160_diet_coke.jpg', 1),
(3, 3, 'Lemon Iced Tea', 'Sample', 15, '1600652520_lemon iced tea.jpg', 1),
(4, 4, 'Chicken', 'Sample only', 150, '1600652880_chicken.jpg', 1),
(5, 3, 'Steak', 'Sample 2', 200, '1600652880_steak.jpg', 1),
(6, 3, 'Chicken2', 'Lorem Ipsum is simply dummy text of the printing and typesetting industry. Lorem Ipsum has been the industry’s standard dummy text ever since the 1500s, when an unknown printer took a galley of type and scrambled it to make a type specimen book. It has survived not only five centuries, but also the leap into electronic typesetting, remaining essentially unchanged. It was popularised in the 1960s with the release of Letraset sheets containing Lorem Ipsum passages, and more recently with desktop publishing software like Aldus PageMaker including versions of Lorem Ipsum.', 250, '1600656600_checken2.jpg', 1);

-- --------------------------------------------------------

--
-- 테이블 구조 `system_settings`
--

CREATE TABLE `system_settings` (
  `id` int(30) NOT NULL,
  `name` text NOT NULL,
  `email` varchar(200) NOT NULL,
  `contact` varchar(20) NOT NULL,
  `cover_img` text NOT NULL,
  `about_content` text NOT NULL
) ENGINE=InnoDB DEFAULT CHARSET=utf8mb4 COLLATE=utf8mb4_general_ci;

--
-- 테이블의 덤프 데이터 `system_settings`
--

INSERT INTO `system_settings` (`id`, `name`, `email`, `contact`, `cover_img`, `about_content`) VALUES
(1, 'Online Food Ordering System', 'info@sample.com', '+6948 8542 623', '1600654680_photo-1504674900247-0877df9cc836.jpg', '&lt;p style=&quot;text-align: center; background: transparent; position: relative;&quot;&gt;&lt;span style=&quot;font-size:28px;background: transparent; position: relative;&quot;&gt;ABOUT US&lt;/span&gt;&lt;/b&gt;&lt;/span&gt;&lt;/p&gt;&lt;p style=&quot;text-align: center; background: transparent; position: relative;&quot;&gt;&lt;span style=&quot;background: transparent; position: relative; font-size: 14px;&quot;&gt;&lt;span style=&quot;font-size:28px;background: transparent; position: relative;&quot;&gt;&lt;b style=&quot;margin: 0px; padding: 0px; color: rgb(0, 0, 0); font-family: &amp;quot;Open Sans&amp;quot;, Arial, sans-serif; text-align: justify;&quot;&gt;Lorem Ipsum&lt;/b&gt;&lt;span style=&quot;color: rgb(0, 0, 0); font-family: &amp;quot;Open Sans&amp;quot;, Arial, sans-serif; font-weight: 400; text-align: justify;&quot;&gt;&amp;nbsp;is simply dummy text of the printing and typesetting industry. Lorem Ipsum has been the industry&amp;#x2019;s standard dummy text ever since the 1500s, when an unknown printer took a galley of type and scrambled it to make a type specimen book. It has survived not only five centuries, but also the leap into electronic typesetting, remaining essentially unchanged. It was popularised in the 1960s with the release of Letraset sheets containing Lorem Ipsum passages, and more recently with desktop publishing software like Aldus PageMaker including versions of Lorem Ipsum.&lt;/span&gt;&lt;br&gt;&lt;/span&gt;&lt;/b&gt;&lt;/span&gt;&lt;/p&gt;&lt;p style=&quot;text-align: center; background: transparent; position: relative;&quot;&gt;&lt;span style=&quot;background: transparent; position: relative; font-size: 14px;&quot;&gt;&lt;span style=&quot;font-size:28px;background: transparent; position: relative;&quot;&gt;&lt;span style=&quot;color: rgb(0, 0, 0); font-family: &amp;quot;Open Sans&amp;quot;, Arial, sans-serif; font-weight: 400; text-align: justify;&quot;&gt;&lt;br&gt;&lt;/span&gt;&lt;/b&gt;&lt;/span&gt;&lt;/p&gt;&lt;p style=&quot;text-align: center; background: transparent; position: relative;&quot;&gt;&lt;span style=&quot;background: transparent; position: relative; font-size: 14px;&quot;&gt;&lt;span style=&quot;font-size:28px;background: transparent; position: relative;&quot;&gt;&lt;h2 style=&quot;font-size:28px;background: transparent; position: relative;&quot;&gt;Where does it come from?&lt;/h2&gt;&lt;p style=&quot;text-align: center; margin-bottom: 15px; padding: 0px; color: rgb(0, 0, 0); font-family: &amp;quot;Open Sans&amp;quot;, Arial, sans-serif; font-weight: 400;&quot;&gt;Contrary to popular belief, Lorem Ipsum is not simply random text. It has roots in a piece of classical Latin literature from 45 BC, making it over 2000 years old. Richard McClintock, a Latin professor at Hampden-Sydney College in Virginia, looked up one of the more obscure Latin words, consectetur, from a Lorem Ipsum passage, and going through the cites of the word in classical literature, discovered the undoubtable source. Lorem Ipsum comes from sections 1.10.32 and 1.10.33 of &quot;de Finibus Bonorum et Malorum&quot; (The Extremes of Good and Evil) by Cicero, written in 45 BC. This book is a treatise on the theory of ethics, very popular during the Renaissance. The first line of Lorem Ipsum, &quot;Lorem ipsum dolor sit amet..&quot;, comes from a line in section 1.10.32.&lt;/p&gt;&lt;/span&gt;&lt;/b&gt;&lt;/span&gt;&lt;/p&gt;');

-- --------------------------------------------------------

--
-- 테이블 구조 `users`
--

CREATE TABLE `users` (
  `id` int(30) NOT NULL,
  `name` varchar(200) NOT NULL,
  `username` varchar(100) NOT NULL,
  `password` varchar(200) NOT NULL,
  `type` tinyint(1) NOT NULL DEFAULT 2 COMMENT '1=admin , 2 = staff'
) ENGINE=InnoDB DEFAULT CHARSET=utf8mb4 COLLATE=utf8mb4_general_ci;

--
-- 테이블의 덤프 데이터 `users`
--

INSERT INTO `users` (`id`, `name`, `username`, `password`, `type`) VALUES
(1, 'Administrator', 'admin', 'admin123', 1);

-- --------------------------------------------------------

--
-- 테이블 구조 `user_info`
--

CREATE TABLE `user_info` (
  `user_id` int(10) NOT NULL,
  `first_name` varchar(100) NOT NULL,
  `last_name` varchar(100) NOT NULL,
  `email` varchar(300) NOT NULL,
  `password` varchar(300) NOT NULL,
  `mobile` varchar(10) NOT NULL,
  `address` varchar(300) NOT NULL
) ENGINE=InnoDB DEFAULT CHARSET=latin1 COLLATE=latin1_swedish_ci;

--
-- 테이블의 덤프 데이터 `user_info`
--

INSERT INTO `user_info` (`user_id`, `first_name`, `last_name`, `email`, `password`, `mobile`, `address`) VALUES
(1, 'James', 'Smith', 'jsmith@sample.com', '1254737c076cf867dc53d60a0364f38e', '4756463215', 'adasdasd asdadasd');

--
-- 덤프된 테이블의 인덱스
--

--
-- 테이블의 인덱스 `cart`
--
ALTER TABLE `cart`
  ADD PRIMARY KEY (`id`);

--
-- 테이블의 인덱스 `category_list`
--
ALTER TABLE `category_list`
  ADD PRIMARY KEY (`id`);

--
-- 테이블의 인덱스 `orders`
--
ALTER TABLE `orders`
  ADD PRIMARY KEY (`id`);

--
-- 테이블의 인덱스 `order_list`
--
ALTER TABLE `order_list`
  ADD PRIMARY KEY (`id`);

--
-- 테이블의 인덱스 `product_list`
--
ALTER TABLE `product_list`
  ADD PRIMARY KEY (`id`);

--
-- 테이블의 인덱스 `system_settings`
--
ALTER TABLE `system_settings`
  ADD PRIMARY KEY (`id`);

--
-- 테이블의 인덱스 `users`
--
ALTER TABLE `users`
  ADD PRIMARY KEY (`id`);

--
-- 테이블의 인덱스 `user_info`
--
ALTER TABLE `user_info`
  ADD PRIMARY KEY (`user_id`);

--
-- 덤프된 테이블의 AUTO_INCREMENT
--

--
-- 테이블의 AUTO_INCREMENT `cart`
--
ALTER TABLE `cart`
  MODIFY `id` int(30) NOT NULL AUTO_INCREMENT, AUTO_INCREMENT=10;

--
-- 테이블의 AUTO_INCREMENT `category_list`
--
ALTER TABLE `category_list`
  MODIFY `id` int(30) NOT NULL AUTO_INCREMENT, AUTO_INCREMENT=6;

--
-- 테이블의 AUTO_INCREMENT `orders`
--
ALTER TABLE `orders`
  MODIFY `id` int(30) NOT NULL AUTO_INCREMENT, AUTO_INCREMENT=3;

--
-- 테이블의 AUTO_INCREMENT `order_list`
--
ALTER TABLE `order_list`
  MODIFY `id` int(30) NOT NULL AUTO_INCREMENT, AUTO_INCREMENT=6;

--
-- 테이블의 AUTO_INCREMENT `product_list`
--
ALTER TABLE `product_list`
  MODIFY `id` int(30) NOT NULL AUTO_INCREMENT, AUTO_INCREMENT=7;

--
-- 테이블의 AUTO_INCREMENT `system_settings`
--
ALTER TABLE `system_settings`
  MODIFY `id` int(30) NOT NULL AUTO_INCREMENT, AUTO_INCREMENT=2;

--
-- 테이블의 AUTO_INCREMENT `users`
--
ALTER TABLE `users`
  MODIFY `id` int(30) NOT NULL AUTO_INCREMENT, AUTO_INCREMENT=2;

--
-- 테이블의 AUTO_INCREMENT `user_info`
--
ALTER TABLE `user_info`
  MODIFY `user_id` int(10) NOT NULL AUTO_INCREMENT, AUTO_INCREMENT=2;
--
-- 데이터베이스: `hotel`
--
CREATE DATABASE IF NOT EXISTS `hotel` DEFAULT CHARACTER SET utf8mb3 COLLATE utf8mb3_unicode_ci;
USE `hotel`;

-- --------------------------------------------------------

--
-- 테이블 구조 `check0422x`
--

CREATE TABLE `check0422x` (
  `poll_id` int(11) NOT NULL,
  `poll_candidate` varchar(255) DEFAULT NULL,
  `poll_tv` varchar(30) DEFAULT NULL,
  `poll_time` varchar(31) DEFAULT NULL,
  `poll_ip` varchar(50) DEFAULT NULL,
  `poll_name` varchar(11) DEFAULT NULL,
  `poll_remark` varchar(255) DEFAULT NULL,
  `status` varchar(11) DEFAULT NULL
) ENGINE=InnoDB DEFAULT CHARSET=utf8mb3 COLLATE=utf8mb3_unicode_ci;

--
-- 테이블의 덤프 데이터 `check0422x`
--

INSERT INTO `check0422x` (`poll_id`, `poll_candidate`, `poll_tv`, `poll_time`, `poll_ip`, `poll_name`, `poll_remark`, `status`) VALUES
(218, '안철수,윤석열,추천포도주 있음', 'testTV', '2022-09-12 10:07:11', '', '강경석', '이 포도주는 떨지도 않고 맛 있다', NULL),
(308, 'RoncodiSassiRosso,', 'winetv1', '2022-11-26 07:56:27', NULL, NULL, '역시!  ', NULL),
(309, 'lnnisfress2017,', 'winetv1', '2022-11-26 07:58:31', NULL, NULL, '*보랏빛을 띠고 다양하고 과일의 인상을 찾을 수 있으며 절제된 오크향이 나며 입안을 채우는 잘 짜인 구조와 깔끔한 발란스가 느껴지는 와인이다. 1923년 노벨 문학상에 빛나는 아일랜드의 시인·극작가 예이츠(Yeats, William Butler)의 이상향에 대한 동경을', NULL),
(310, 'lnnisfress2017,', 'winetv1', '2022-11-26 07:58:54', NULL, NULL, '박*현 : 산뜻하면서 바디감도 무겁지 않아서 편하게 마시기 좋았습니다. 개인적으로 찾아서 먹고싶은 와인이였습니다. ㅎㅎ', NULL),
(311, 'RoncodiSassiRosso,', 'winetv1', '2022-11-26 07:59:25', NULL, NULL, '다크한 수준의 짙은 색상과 입안 가득 차는 풀바디 스타일로 첫 인상부터 강렬한 와인이며 야생딸기, 블랙베리, 바닐라, 다크 초콜릿향에 부드러운 탄닌과 산미 밸런스가 좋은 와인이다.\n팀원들의 시음기를 첨부합니다.\n', NULL),
(312, 'RoncodiSassiRosso,', 'winetv1', '2022-11-26 07:59:40', NULL, NULL, '이*헌 : 와인 초심자도 정말 좋은 와인이라고 느낄 수 있었던 와인인 것 같습니다.', NULL),
(313, 'ZardozIndomita,', 'winetv1', '2022-11-26 07:59:59', NULL, NULL, '*1시간 정도 브리딩을 하면 금새 부드워지고 풍미가 좋아지는 와인입니다. 피니쉬에 살짝 산도가 느껴져서 물리지 않고 만족하면서 마실수 있는 고품격 와인입니다.', NULL),
(314, 'ZardozIndomita,', 'winetv1', '2022-11-26 08:00:16', NULL, NULL, '류*선 : 준비해주신 치즈랑 잘어울리는 맛입니다~ 감사합니다!', NULL),
(315, 'lnnisfress2017,', 'winetv1', '2022-11-26 08:01:04', NULL, NULL, '유*덕 : 바디감은 아주 묵직하지도, 가볍지도 않고 적당한듯하고, 향은 꼬냑느낌(?)이 살짝 나는거 같았습니다. 숙성된 포도맛이 잘느껴져 좋았습니다.', NULL),
(316, 'RoncodiSassiRosso,', 'winetv1', '2022-11-26 08:02:17', NULL, NULL, '양*규 : 체리향이 약간 올라오면서 살짝 단맛이 같이 올라오는데 과하지 않아서 딱 좋은것같습니다! 한잔 더달라고 부탁드릴뻔했네요', NULL),
(317, 'RoncodiSassiRosso,', 'winetv1', '2022-11-26 08:02:44', NULL, NULL, '김*민 : 달달하고 떫은맛이 덜해서 와인만 마셔도 좋을것 같았습니다.', NULL),
(318, 'lnnisfress2017,ZardozIndomita,RoncodiSassiRosso,추천 란', 'winetv1', '2022-11-26 14:48:51', NULL, NULL, '후기란', NULL),
(399, '타월 교환', 'ramada-yongin', '1671941733', NULL, '0999', '실험중. 例:욕조 물 안 내려감', '3');

--
-- 덤프된 테이블의 인덱스
--

--
-- 테이블의 인덱스 `check0422x`
--
ALTER TABLE `check0422x`
  ADD PRIMARY KEY (`poll_id`);

--
-- 덤프된 테이블의 AUTO_INCREMENT
--

--
-- 테이블의 AUTO_INCREMENT `check0422x`
--
ALTER TABLE `check0422x`
  MODIFY `poll_id` int(11) NOT NULL AUTO_INCREMENT, AUTO_INCREMENT=422;
--
-- 데이터베이스: `newsportal`
--
CREATE DATABASE IF NOT EXISTS `newsportal` DEFAULT CHARACTER SET utf8mb3 COLLATE utf8mb3_unicode_ci;
USE `newsportal`;

-- --------------------------------------------------------

--
-- 테이블 구조 `tbladmin`
--

CREATE TABLE `tbladmin` (
  `id` int(11) NOT NULL,
  `AdminUserName` varchar(255) NOT NULL,
  `AdminPassword` varchar(255) NOT NULL,
  `AdminEmailId` varchar(255) NOT NULL,
  `Is_Active` int(11) NOT NULL,
  `CreationDate` timestamp NOT NULL DEFAULT current_timestamp(),
  `UpdationDate` timestamp NULL DEFAULT '0000-00-00 00:00:00' ON UPDATE current_timestamp()
) ENGINE=InnoDB DEFAULT CHARSET=utf8mb3 COLLATE=utf8mb3_unicode_ci;

--
-- 테이블의 덤프 데이터 `tbladmin`
--

INSERT INTO `tbladmin` (`id`, `AdminUserName`, `AdminPassword`, `AdminEmailId`, `Is_Active`, `CreationDate`, `UpdationDate`) VALUES
(1, 'admin', '$2y$12$i4LMfeFPQpGSNPTaccIkKuwxAkJ4PhBr3JND7FpXwWFjRvchQn17C', 'campcodes@gmail.com', 1, '2020-03-27 17:51:00', '2020-04-24 18:21:07');

-- --------------------------------------------------------

--
-- 테이블 구조 `tblcategory`
--

CREATE TABLE `tblcategory` (
  `id` int(11) NOT NULL,
  `CategoryName` varchar(200) DEFAULT NULL,
  `Description` mediumtext DEFAULT NULL,
  `PostingDate` timestamp NULL DEFAULT current_timestamp(),
  `UpdationDate` timestamp NULL DEFAULT NULL,
  `Is_Active` int(1) DEFAULT NULL
) ENGINE=InnoDB DEFAULT CHARSET=utf8mb3 COLLATE=utf8mb3_unicode_ci;

--
-- 테이블의 덤프 데이터 `tblcategory`
--

INSERT INTO `tblcategory` (`id`, `CategoryName`, `Description`, `PostingDate`, `UpdationDate`, `Is_Active`) VALUES
(3, '판교 뉴스', '판교 뉴스', '2018-06-06 10:35:09', '2018-06-14 11:11:55', 1),
(5, '할머니 와 모은', '할머니 강모은의 이야기', '2018-06-14 05:32:58', '2018-06-14 05:33:41', 1),
(6, '기록 ', '전에 살던 곳, 여행', '2018-06-22 15:46:09', '0000-00-00 00:00:00', 1),
(7, '교육', '사회,과학,영어, 천자문', '2018-06-22 15:46:22', '0000-00-00 00:00:00', 1);

-- --------------------------------------------------------

--
-- 테이블 구조 `tblcomments`
--

CREATE TABLE `tblcomments` (
  `id` int(11) NOT NULL,
  `postId` char(11) DEFAULT NULL,
  `name` varchar(120) DEFAULT NULL,
  `email` varchar(150) DEFAULT NULL,
  `comment` mediumtext DEFAULT NULL,
  `postingDate` timestamp NULL DEFAULT current_timestamp(),
  `status` int(1) DEFAULT NULL
) ENGINE=InnoDB DEFAULT CHARSET=utf8mb3 COLLATE=utf8mb3_unicode_ci;

--
-- 테이블의 덤프 데이터 `tblcomments`
--

INSERT INTO `tblcomments` (`id`, `postId`, `name`, `email`, `comment`, `postingDate`, `status`) VALUES
(21, '13', 'kang test', 'kskang2@gmail.com', 'test date for submit', '2021-06-22 20:44:49', 1),
(24, '17', '할머니가 지으시고 가꾼 집', '', '할머니께서 고생이 많으셨던 집이었지만, 온 강씨 식구가 프라이드를 갖을 수 있는 집이었다!', '2021-06-23 21:00:15', 0),
(26, '15', '토야마', '', '눈 경치! \r\n정말 좋은 경치였어!', '2021-06-23 21:02:08', 0),
(39, '44', '祖父', 'not use', '코맨트 테스트', '2021-11-19 01:56:03', 0),
(43, '65', '강경석', 'not use', '우리 모은이가 많이 밝고 건강하게 자랐어!\r\n이제 운동도 더 하고, 잠도 조금만 일찍 자면 되겠다!', '2021-11-22 21:57:23', 0),
(44, '67', '댓ㄹ', 'not use', '글 테스트', '2021-11-27 06:33:36', 0);

-- --------------------------------------------------------

--
-- 테이블 구조 `tblpages`
--

CREATE TABLE `tblpages` (
  `id` int(11) NOT NULL,
  `PageName` varchar(200) DEFAULT NULL,
  `PageTitle` mediumtext DEFAULT NULL,
  `Description` longtext DEFAULT NULL,
  `PostingDate` timestamp NULL DEFAULT current_timestamp(),
  `UpdationDate` timestamp NULL DEFAULT NULL ON UPDATE current_timestamp()
) ENGINE=InnoDB DEFAULT CHARSET=utf8mb3 COLLATE=utf8mb3_unicode_ci;

--
-- 테이블의 덤프 데이터 `tblpages`
--

INSERT INTO `tblpages` (`id`, `PageName`, `PageTitle`, `Description`, `PostingDate`, `UpdationDate`) VALUES
(1, 'aboutus', '週間의 뉴스를 傳하는 姜模殷의 週刊新聞', '<font color=\"#7b8898\" face=\"Mercury SSm A, Mercury SSm B, Georgia, Times, Times New Roman, Microsoft YaHei New, Microsoft Yahei, å¾®è½¯é›…é»‘, å®‹ä½“, SimSun, STXihei, åŽæ–‡ç»†é»‘, serif\"><span style=\"font-size: 26px;\">강모은 기자가 발행을 主觀(주관)하며 週間의 뉴스를 傳하는 週刊新聞</span></font><span style=\"font-size: 26px; color: rgb(123, 136, 152); font-family: &quot;Mercury SSm A&quot;, &quot;Mercury SSm B&quot;, Georgia, Times, &quot;Times New Roman&quot;, &quot;Microsoft YaHei New&quot;, &quot;Microsoft Yahei&quot;, å¾®è½¯é›…é»‘, å®‹ä½“, SimSun, STXihei, åŽæ–‡ç»†é»‘, serif;\">&nbsp;입니다!</span><br>', '2018-06-30 18:01:03', '2021-11-16 22:13:05'),
(2, 'contactus', '기사 송부처 admin/contactus.php', '<p><b>Email: mekang1</b>@gmail.com</p><p>기사 송부처<br></p>', '2018-06-30 18:01:36', '2021-11-22 04:25:35');

-- --------------------------------------------------------

--
-- 테이블 구조 `tblposts`
--

CREATE TABLE `tblposts` (
  `id` int(11) NOT NULL,
  `PostTitle` longtext DEFAULT NULL,
  `CategoryId` int(11) DEFAULT NULL,
  `SubCategoryId` int(11) DEFAULT NULL,
  `PostDetails` longtext CHARACTER SET utf8mb3 COLLATE utf8mb3_general_ci DEFAULT NULL,
  `PostingDate` date DEFAULT current_timestamp(),
  `UpdationDate` timestamp NULL DEFAULT NULL ON UPDATE current_timestamp(),
  `Is_Active` int(1) DEFAULT NULL,
  `PostUrl` mediumtext DEFAULT NULL,
  `PostImage` varchar(255) DEFAULT NULL
) ENGINE=InnoDB DEFAULT CHARSET=utf8mb3 COLLATE=utf8mb3_unicode_ci;

--
-- 테이블의 덤프 데이터 `tblposts`
--

INSERT INTO `tblposts` (`id`, `PostTitle`, `CategoryId`, `SubCategoryId`, `PostDetails`, `PostingDate`, `UpdationDate`, `Is_Active`, `PostUrl`, `PostImage`) VALUES
(7, '강모은, 창덕궁에서 할아버님의 品階石을 보다!', 1, 1, '<p style=\"margin-bottom: 15px; padding: 0px; font-size: 16px; font-family: PTSans, sans-serif;\"><span style=\"margin: 0px; padding: 0px;\">강모은, </span></p><p style=\"margin-bottom: 15px; padding: 0px; font-size: 16px; font-family: PTSans, sans-serif;\"><span style=\"margin: 0px; padding: 0px;\">할머니 할아버지와 창덕궁에 가서 </span></p><p style=\"margin-bottom: 15px; padding: 0px; font-size: 16px; font-family: PTSans, sans-serif;\"><span style=\"margin: 0px; padding: 0px;\">우찬성 하시던 姜時永(강시영) 할아버지의 品階石(품계석)을 보다!</span>&nbsp;</p><p style=\"margin-bottom: 15px; padding: 0px; font-size: 16px; font-family: PTSans, sans-serif;\">그곳 홍문관에서 청년시절 근무를 하셨고,</p><p style=\"margin-bottom: 15px; padding: 0px; font-size: 16px; font-family: PTSans, sans-serif;\">한성판윤, 충청도 관찰사, 예조판서, 형조판서를 하시고 우찬성에 이르셨던 분이다.</p>', '2018-07-01', '2021-11-14 10:40:17', 1, '강모은,-창덕궁에서-할아버님의-品階石을-보다!', '01de8480ec805daa325a0e0706c09ed0.jpg'),
(10, 'A12 휴대폰 발표', 7, 0, '휴대폰 광고. 이것에도 아빠가 만든 부품이 들어가 있다.', '2018-07-01', '2021-11-14 10:41:07', 0, 'A12-휴대폰-발표', '32d3ca5e23f4ccf1e4c8660c40e75f33.png'),
(11, '혹가이도', 6, 0, '<p>혹가이도.</p><p>여름에도 시원환 날씨에 大雪山 아래 펼처진 아름다운 대 평원의 깨끗한 땅이다. 말이 풀을 뜯는 평화로운 기차역 주변에 야생화가 만발한 들판이 있다!</p>', '2018-07-01', '2021-06-22 23:19:34', 1, '혹가이도', 'cf7bd3c53d2e95412e55092087600ad2.jpg'),
(12, '동천동집에서 증외가 댁과 모임,', 6, 0, '<p><span style=\"color: rgb(25, 25, 25); font-family: &quot;Noto Serif&quot;; font-size: 16px;\">증외가(아버지의 외가 진외가陳外家, 할아버지의 외가 증曾</span><span style=\"color: rgb(25, 25, 25); font-family: &quot;Noto Serif&quot;; font-size: 16px;\">外家</span><span style=\"color: rgb(25, 25, 25); font-family: &quot;Noto Serif&quot;; font-size: 16px;\">)과의 5월 모임이었다.</span></p><p><span style=\"color: rgb(25, 25, 25); font-family: &quot;Noto Serif&quot;; font-size: 16px;\">2015년 5월10일의 사진이다.</span></p><p><span style=\"color: rgb(25, 25, 25); font-family: &quot;Noto Serif&quot;; font-size: 16px;\">벌써 옛날 사진이 되어버렸다.</span></p><p><span style=\"color: rgb(25, 25, 25); font-family: &quot;Noto Serif&quot;; font-size: 16px;\">이즈음, 우리 모은이가 동천동집 마당에서 얼마나 잘 놀았던가!</span><br></p>', '2018-07-01', '2021-11-24 21:34:06', 0, '동천동집에서-증외가-댁과-모임,', 'f27d721e6cd6a6a673a9957c2a6fac3d.jpg'),
(13, '동천동 집에서 모은과 할아버지', 1, 1, '<p>동천동 집에서 할머니께서는 일을 하고 계실 때인가 보다,&nbsp; </p><p>모은이와 이 애기 저 얘기 하며 느긋한 시간을 보냈다!</p>', '2021-06-23', '2021-11-23 07:57:02', 1, '동천동-집에서-모은과-할아버지', 'e369be71a908ddac68c8010118d4e78c.jpg'),
(15, 'Toyama! 2019년 5월4일', 6, 0, '2019년 5월4일, 어린이날 기념으로 썰매를 갖고 도야마(富山)에 온 식구가 갔다!!&nbsp; 우리 손녀의 좋은 추억이 되었기를 바란다!!', '2021-06-23', '2021-06-23 09:48:14', 1, 'Toyama!-2019년-5월4일', '53ebf8d1bf0fd0b4df7d9754c44e8744.jpg'),
(17, '할머니의 동천동 집', 1, 1, '<p>할머니께서 지으시고, </p><p>명절 때마다 온 식구가&nbsp; 다 모였었고,</p><p>고은,인혜,영욱,홍근의 짝을 맞았었고,</p><p>우리 모은이가 명절 때 세배도 하고, 마당에서 썰매도 탓던 , 할머니가 땅을 사서 지으신 동천동 집이다!&nbsp; </p><p>모두 잘 기억하자!</p>', '2021-06-23', '2021-11-23 07:56:47', 1, '할머니의-동천동-집', '3ad404ee642db5a3bb24b79b738d748d.JPG'),
(65, '2021.11.21 祖父生辰모임', 1, 1, '<p>모은이의 사회로 기념 모임을 하였다.</p><p>퀴즈 와 경품, 동영상 상영,&nbsp; 기념품 증정이 있었음.</p><p><a href=\"https://photos.app.goo.gl/5R1JZroxzq5zjZen9\">사진들:</a>&nbsp;초대장, 행사동영상, 모은작 동영상, 전체 사진 포함</p><p><a href=\"https://photos.app.goo.gl/5R1JZroxzq5zjZen9\">https://photos.app.goo.gl/5R1JZroxzq5zjZen9</a><br></p><p><br><br></p>', '2021-11-21', '2022-05-02 08:07:09', 1, '2021.11.21-祖父生日모임', 'fe8f5d8be4daa7c95a4ab02510cdbbce.JPG'),
(67, '모은이와 연습한 것 수정', 1, 1, '<p>연습. 모은이와&nbsp; 수정 삭제 연습을 하여,</p><p>생성, 읽기, 수정 , 삭제,</p><p>Create Read&nbsp; Update Delete 4가지를 다 해 보았다.<br></p>', '2021-11-27', '2021-11-27 12:27:33', 1, '모은이와-연습한-것-수정', '52a7fa4970549b5f8e7e49f6e08d70c5.jpg');

-- --------------------------------------------------------

--
-- 테이블 구조 `tblsubcategory`
--

CREATE TABLE `tblsubcategory` (
  `SubCategoryId` int(11) NOT NULL,
  `CategoryId` int(11) DEFAULT NULL,
  `Subcategory` varchar(255) DEFAULT NULL,
  `SubCatDescription` mediumtext DEFAULT NULL,
  `PostingDate` timestamp NOT NULL DEFAULT current_timestamp(),
  `UpdationDate` timestamp NULL DEFAULT NULL,
  `Is_Active` int(1) DEFAULT NULL
) ENGINE=InnoDB DEFAULT CHARSET=utf8mb3 COLLATE=utf8mb3_unicode_ci;

--
-- 테이블의 덤프 데이터 `tblsubcategory`
--

INSERT INTO `tblsubcategory` (`SubCategoryId`, `CategoryId`, `Subcategory`, `SubCatDescription`, `PostingDate`, `UpdationDate`, `Is_Active`) VALUES
(3, 5, 'Bollywood ', 'Bollywood masala', '2018-06-22 15:45:38', '0000-00-00 00:00:00', 1),
(4, 3, 'Cricket', 'Cricket\r\n\r\n', '2018-06-30 09:00:43', '0000-00-00 00:00:00', 1),
(5, 3, 'Football', 'Football', '2018-06-30 09:00:58', '0000-00-00 00:00:00', 0),
(6, 5, 'Television', 'TeleVision', '2018-06-30 18:59:22', '0000-00-00 00:00:00', 1),
(7, 6, 'National', 'National', '2018-06-30 19:04:29', '0000-00-00 00:00:00', 1),
(8, 6, 'International', 'International', '2018-06-30 19:04:43', '0000-00-00 00:00:00', 1),
(10, 2, '추가 test', 'add test', '2021-06-22 21:19:40', NULL, 1);

--
-- 덤프된 테이블의 인덱스
--

--
-- 테이블의 인덱스 `tbladmin`
--
ALTER TABLE `tbladmin`
  ADD PRIMARY KEY (`id`);

--
-- 테이블의 인덱스 `tblcategory`
--
ALTER TABLE `tblcategory`
  ADD PRIMARY KEY (`id`);

--
-- 테이블의 인덱스 `tblcomments`
--
ALTER TABLE `tblcomments`
  ADD PRIMARY KEY (`id`);

--
-- 테이블의 인덱스 `tblpages`
--
ALTER TABLE `tblpages`
  ADD PRIMARY KEY (`id`);

--
-- 테이블의 인덱스 `tblposts`
--
ALTER TABLE `tblposts`
  ADD PRIMARY KEY (`id`);

--
-- 테이블의 인덱스 `tblsubcategory`
--
ALTER TABLE `tblsubcategory`
  ADD PRIMARY KEY (`SubCategoryId`);

--
-- 덤프된 테이블의 AUTO_INCREMENT
--

--
-- 테이블의 AUTO_INCREMENT `tbladmin`
--
ALTER TABLE `tbladmin`
  MODIFY `id` int(11) NOT NULL AUTO_INCREMENT, AUTO_INCREMENT=2;

--
-- 테이블의 AUTO_INCREMENT `tblcategory`
--
ALTER TABLE `tblcategory`
  MODIFY `id` int(11) NOT NULL AUTO_INCREMENT, AUTO_INCREMENT=8;

--
-- 테이블의 AUTO_INCREMENT `tblcomments`
--
ALTER TABLE `tblcomments`
  MODIFY `id` int(11) NOT NULL AUTO_INCREMENT, AUTO_INCREMENT=45;

--
-- 테이블의 AUTO_INCREMENT `tblpages`
--
ALTER TABLE `tblpages`
  MODIFY `id` int(11) NOT NULL AUTO_INCREMENT, AUTO_INCREMENT=3;

--
-- 테이블의 AUTO_INCREMENT `tblposts`
--
ALTER TABLE `tblposts`
  MODIFY `id` int(11) NOT NULL AUTO_INCREMENT, AUTO_INCREMENT=68;

--
-- 테이블의 AUTO_INCREMENT `tblsubcategory`
--
ALTER TABLE `tblsubcategory`
  MODIFY `SubCategoryId` int(11) NOT NULL AUTO_INCREMENT, AUTO_INCREMENT=11;
--
-- 데이터베이스: `phpmyadmin`
--
CREATE DATABASE IF NOT EXISTS `phpmyadmin` DEFAULT CHARACTER SET utf8mb4 COLLATE utf8mb4_general_ci;
USE `phpmyadmin`;

-- --------------------------------------------------------

--
-- 테이블 구조 `pma__bookmark`
--

CREATE TABLE `pma__bookmark` (
  `id` int(10) UNSIGNED NOT NULL,
  `dbase` varchar(255) NOT NULL DEFAULT '',
  `user` varchar(255) NOT NULL DEFAULT '',
  `label` varchar(255) CHARACTER SET utf8mb3 COLLATE utf8mb3_general_ci NOT NULL DEFAULT '',
  `query` text NOT NULL
) ENGINE=InnoDB DEFAULT CHARSET=utf8mb3 COLLATE=utf8mb3_bin COMMENT='Bookmarks';

-- --------------------------------------------------------

--
-- 테이블 구조 `pma__central_columns`
--

CREATE TABLE `pma__central_columns` (
  `db_name` varchar(64) NOT NULL,
  `col_name` varchar(64) NOT NULL,
  `col_type` varchar(64) NOT NULL,
  `col_length` text DEFAULT NULL,
  `col_collation` varchar(64) NOT NULL,
  `col_isNull` tinyint(1) NOT NULL,
  `col_extra` varchar(255) DEFAULT '',
  `col_default` text DEFAULT NULL
) ENGINE=InnoDB DEFAULT CHARSET=utf8mb3 COLLATE=utf8mb3_bin COMMENT='Central list of columns';

-- --------------------------------------------------------

--
-- 테이블 구조 `pma__column_info`
--

CREATE TABLE `pma__column_info` (
  `id` int(5) UNSIGNED NOT NULL,
  `db_name` varchar(64) NOT NULL DEFAULT '',
  `table_name` varchar(64) NOT NULL DEFAULT '',
  `column_name` varchar(64) NOT NULL DEFAULT '',
  `comment` varchar(255) CHARACTER SET utf8mb3 COLLATE utf8mb3_general_ci NOT NULL DEFAULT '',
  `mimetype` varchar(255) CHARACTER SET utf8mb3 COLLATE utf8mb3_general_ci NOT NULL DEFAULT '',
  `transformation` varchar(255) NOT NULL DEFAULT '',
  `transformation_options` varchar(255) NOT NULL DEFAULT '',
  `input_transformation` varchar(255) NOT NULL DEFAULT '',
  `input_transformation_options` varchar(255) NOT NULL DEFAULT ''
) ENGINE=InnoDB DEFAULT CHARSET=utf8mb3 COLLATE=utf8mb3_bin COMMENT='Column information for phpMyAdmin';

-- --------------------------------------------------------

--
-- 테이블 구조 `pma__designer_settings`
--

CREATE TABLE `pma__designer_settings` (
  `username` varchar(64) NOT NULL,
  `settings_data` text NOT NULL
) ENGINE=InnoDB DEFAULT CHARSET=utf8mb3 COLLATE=utf8mb3_bin COMMENT='Settings related to Designer';

-- --------------------------------------------------------

--
-- 테이블 구조 `pma__export_templates`
--

CREATE TABLE `pma__export_templates` (
  `id` int(5) UNSIGNED NOT NULL,
  `username` varchar(64) NOT NULL,
  `export_type` varchar(10) NOT NULL,
  `template_name` varchar(64) NOT NULL,
  `template_data` text NOT NULL
) ENGINE=InnoDB DEFAULT CHARSET=utf8mb3 COLLATE=utf8mb3_bin COMMENT='Saved export templates';

-- --------------------------------------------------------

--
-- 테이블 구조 `pma__favorite`
--

CREATE TABLE `pma__favorite` (
  `username` varchar(64) NOT NULL,
  `tables` text NOT NULL
) ENGINE=InnoDB DEFAULT CHARSET=utf8mb3 COLLATE=utf8mb3_bin COMMENT='Favorite tables';

-- --------------------------------------------------------

--
-- 테이블 구조 `pma__history`
--

CREATE TABLE `pma__history` (
  `id` bigint(20) UNSIGNED NOT NULL,
  `username` varchar(64) NOT NULL DEFAULT '',
  `db` varchar(64) NOT NULL DEFAULT '',
  `table` varchar(64) NOT NULL DEFAULT '',
  `timevalue` timestamp NOT NULL DEFAULT current_timestamp(),
  `sqlquery` text NOT NULL
) ENGINE=InnoDB DEFAULT CHARSET=utf8mb3 COLLATE=utf8mb3_bin COMMENT='SQL history for phpMyAdmin';

-- --------------------------------------------------------

--
-- 테이블 구조 `pma__navigationhiding`
--

CREATE TABLE `pma__navigationhiding` (
  `username` varchar(64) NOT NULL,
  `item_name` varchar(64) NOT NULL,
  `item_type` varchar(64) NOT NULL,
  `db_name` varchar(64) NOT NULL,
  `table_name` varchar(64) NOT NULL
) ENGINE=InnoDB DEFAULT CHARSET=utf8mb3 COLLATE=utf8mb3_bin COMMENT='Hidden items of navigation tree';

-- --------------------------------------------------------

--
-- 테이블 구조 `pma__pdf_pages`
--

CREATE TABLE `pma__pdf_pages` (
  `db_name` varchar(64) NOT NULL DEFAULT '',
  `page_nr` int(10) UNSIGNED NOT NULL,
  `page_descr` varchar(50) CHARACTER SET utf8mb3 COLLATE utf8mb3_general_ci NOT NULL DEFAULT ''
) ENGINE=InnoDB DEFAULT CHARSET=utf8mb3 COLLATE=utf8mb3_bin COMMENT='PDF relation pages for phpMyAdmin';

-- --------------------------------------------------------

--
-- 테이블 구조 `pma__recent`
--

CREATE TABLE `pma__recent` (
  `username` varchar(64) NOT NULL,
  `tables` text NOT NULL
) ENGINE=InnoDB DEFAULT CHARSET=utf8mb3 COLLATE=utf8mb3_bin COMMENT='Recently accessed tables';

--
-- 테이블의 덤프 데이터 `pma__recent`
--

INSERT INTO `pma__recent` (`username`, `tables`) VALUES
('root', '[{\"db\":\"testing\",\"table\":\"listidks0426\"},{\"db\":\"testing\",\"table\":\"task\"}]');

-- --------------------------------------------------------

--
-- 테이블 구조 `pma__relation`
--

CREATE TABLE `pma__relation` (
  `master_db` varchar(64) NOT NULL DEFAULT '',
  `master_table` varchar(64) NOT NULL DEFAULT '',
  `master_field` varchar(64) NOT NULL DEFAULT '',
  `foreign_db` varchar(64) NOT NULL DEFAULT '',
  `foreign_table` varchar(64) NOT NULL DEFAULT '',
  `foreign_field` varchar(64) NOT NULL DEFAULT ''
) ENGINE=InnoDB DEFAULT CHARSET=utf8mb3 COLLATE=utf8mb3_bin COMMENT='Relation table';

-- --------------------------------------------------------

--
-- 테이블 구조 `pma__savedsearches`
--

CREATE TABLE `pma__savedsearches` (
  `id` int(5) UNSIGNED NOT NULL,
  `username` varchar(64) NOT NULL DEFAULT '',
  `db_name` varchar(64) NOT NULL DEFAULT '',
  `search_name` varchar(64) NOT NULL DEFAULT '',
  `search_data` text NOT NULL
) ENGINE=InnoDB DEFAULT CHARSET=utf8mb3 COLLATE=utf8mb3_bin COMMENT='Saved searches';

-- --------------------------------------------------------

--
-- 테이블 구조 `pma__table_coords`
--

CREATE TABLE `pma__table_coords` (
  `db_name` varchar(64) NOT NULL DEFAULT '',
  `table_name` varchar(64) NOT NULL DEFAULT '',
  `pdf_page_number` int(11) NOT NULL DEFAULT 0,
  `x` float UNSIGNED NOT NULL DEFAULT 0,
  `y` float UNSIGNED NOT NULL DEFAULT 0
) ENGINE=InnoDB DEFAULT CHARSET=utf8mb3 COLLATE=utf8mb3_bin COMMENT='Table coordinates for phpMyAdmin PDF output';

-- --------------------------------------------------------

--
-- 테이블 구조 `pma__table_info`
--

CREATE TABLE `pma__table_info` (
  `db_name` varchar(64) NOT NULL DEFAULT '',
  `table_name` varchar(64) NOT NULL DEFAULT '',
  `display_field` varchar(64) NOT NULL DEFAULT ''
) ENGINE=InnoDB DEFAULT CHARSET=utf8mb3 COLLATE=utf8mb3_bin COMMENT='Table information for phpMyAdmin';

-- --------------------------------------------------------

--
-- 테이블 구조 `pma__table_uiprefs`
--

CREATE TABLE `pma__table_uiprefs` (
  `username` varchar(64) NOT NULL,
  `db_name` varchar(64) NOT NULL,
  `table_name` varchar(64) NOT NULL,
  `prefs` text NOT NULL,
  `last_update` timestamp NOT NULL DEFAULT current_timestamp() ON UPDATE current_timestamp()
) ENGINE=InnoDB DEFAULT CHARSET=utf8mb3 COLLATE=utf8mb3_bin COMMENT='Tables'' UI preferences';

-- --------------------------------------------------------

--
-- 테이블 구조 `pma__tracking`
--

CREATE TABLE `pma__tracking` (
  `db_name` varchar(64) NOT NULL,
  `table_name` varchar(64) NOT NULL,
  `version` int(10) UNSIGNED NOT NULL,
  `date_created` datetime NOT NULL,
  `date_updated` datetime NOT NULL,
  `schema_snapshot` text NOT NULL,
  `schema_sql` text DEFAULT NULL,
  `data_sql` longtext DEFAULT NULL,
  `tracking` set('UPDATE','REPLACE','INSERT','DELETE','TRUNCATE','CREATE DATABASE','ALTER DATABASE','DROP DATABASE','CREATE TABLE','ALTER TABLE','RENAME TABLE','DROP TABLE','CREATE INDEX','DROP INDEX','CREATE VIEW','ALTER VIEW','DROP VIEW') DEFAULT NULL,
  `tracking_active` int(1) UNSIGNED NOT NULL DEFAULT 1
) ENGINE=InnoDB DEFAULT CHARSET=utf8mb3 COLLATE=utf8mb3_bin COMMENT='Database changes tracking for phpMyAdmin';

-- --------------------------------------------------------

--
-- 테이블 구조 `pma__userconfig`
--

CREATE TABLE `pma__userconfig` (
  `username` varchar(64) NOT NULL,
  `timevalue` timestamp NOT NULL DEFAULT current_timestamp() ON UPDATE current_timestamp(),
  `config_data` text NOT NULL
) ENGINE=InnoDB DEFAULT CHARSET=utf8mb3 COLLATE=utf8mb3_bin COMMENT='User preferences storage for phpMyAdmin';

--
-- 테이블의 덤프 데이터 `pma__userconfig`
--

INSERT INTO `pma__userconfig` (`username`, `timevalue`, `config_data`) VALUES
('admin', '2024-06-12 21:43:36', '{\"lang\":\"ko\",\"Console\\/Mode\":\"collapse\"}'),
('root', '2024-07-11 07:00:08', '{\"lang\":\"ko\",\"Console\\/Mode\":\"collapse\"}');

-- --------------------------------------------------------

--
-- 테이블 구조 `pma__usergroups`
--

CREATE TABLE `pma__usergroups` (
  `usergroup` varchar(64) NOT NULL,
  `tab` varchar(64) NOT NULL,
  `allowed` enum('Y','N') NOT NULL DEFAULT 'N'
) ENGINE=InnoDB DEFAULT CHARSET=utf8mb3 COLLATE=utf8mb3_bin COMMENT='User groups with configured menu items';

-- --------------------------------------------------------

--
-- 테이블 구조 `pma__users`
--

CREATE TABLE `pma__users` (
  `username` varchar(64) NOT NULL,
  `usergroup` varchar(64) NOT NULL
) ENGINE=InnoDB DEFAULT CHARSET=utf8mb3 COLLATE=utf8mb3_bin COMMENT='Users and their assignments to user groups';

--
-- 덤프된 테이블의 인덱스
--

--
-- 테이블의 인덱스 `pma__bookmark`
--
ALTER TABLE `pma__bookmark`
  ADD PRIMARY KEY (`id`);

--
-- 테이블의 인덱스 `pma__central_columns`
--
ALTER TABLE `pma__central_columns`
  ADD PRIMARY KEY (`db_name`,`col_name`);

--
-- 테이블의 인덱스 `pma__column_info`
--
ALTER TABLE `pma__column_info`
  ADD PRIMARY KEY (`id`),
  ADD UNIQUE KEY `db_name` (`db_name`,`table_name`,`column_name`);

--
-- 테이블의 인덱스 `pma__designer_settings`
--
ALTER TABLE `pma__designer_settings`
  ADD PRIMARY KEY (`username`);

--
-- 테이블의 인덱스 `pma__export_templates`
--
ALTER TABLE `pma__export_templates`
  ADD PRIMARY KEY (`id`),
  ADD UNIQUE KEY `u_user_type_template` (`username`,`export_type`,`template_name`);

--
-- 테이블의 인덱스 `pma__favorite`
--
ALTER TABLE `pma__favorite`
  ADD PRIMARY KEY (`username`);

--
-- 테이블의 인덱스 `pma__history`
--
ALTER TABLE `pma__history`
  ADD PRIMARY KEY (`id`),
  ADD KEY `username` (`username`,`db`,`table`,`timevalue`);

--
-- 테이블의 인덱스 `pma__navigationhiding`
--
ALTER TABLE `pma__navigationhiding`
  ADD PRIMARY KEY (`username`,`item_name`,`item_type`,`db_name`,`table_name`);

--
-- 테이블의 인덱스 `pma__pdf_pages`
--
ALTER TABLE `pma__pdf_pages`
  ADD PRIMARY KEY (`page_nr`),
  ADD KEY `db_name` (`db_name`);

--
-- 테이블의 인덱스 `pma__recent`
--
ALTER TABLE `pma__recent`
  ADD PRIMARY KEY (`username`);

--
-- 테이블의 인덱스 `pma__relation`
--
ALTER TABLE `pma__relation`
  ADD PRIMARY KEY (`master_db`,`master_table`,`master_field`),
  ADD KEY `foreign_field` (`foreign_db`,`foreign_table`);

--
-- 테이블의 인덱스 `pma__savedsearches`
--
ALTER TABLE `pma__savedsearches`
  ADD PRIMARY KEY (`id`),
  ADD UNIQUE KEY `u_savedsearches_username_dbname` (`username`,`db_name`,`search_name`);

--
-- 테이블의 인덱스 `pma__table_coords`
--
ALTER TABLE `pma__table_coords`
  ADD PRIMARY KEY (`db_name`,`table_name`,`pdf_page_number`);

--
-- 테이블의 인덱스 `pma__table_info`
--
ALTER TABLE `pma__table_info`
  ADD PRIMARY KEY (`db_name`,`table_name`);

--
-- 테이블의 인덱스 `pma__table_uiprefs`
--
ALTER TABLE `pma__table_uiprefs`
  ADD PRIMARY KEY (`username`,`db_name`,`table_name`);

--
-- 테이블의 인덱스 `pma__tracking`
--
ALTER TABLE `pma__tracking`
  ADD PRIMARY KEY (`db_name`,`table_name`,`version`);

--
-- 테이블의 인덱스 `pma__userconfig`
--
ALTER TABLE `pma__userconfig`
  ADD PRIMARY KEY (`username`);

--
-- 테이블의 인덱스 `pma__usergroups`
--
ALTER TABLE `pma__usergroups`
  ADD PRIMARY KEY (`usergroup`,`tab`,`allowed`);

--
-- 테이블의 인덱스 `pma__users`
--
ALTER TABLE `pma__users`
  ADD PRIMARY KEY (`username`,`usergroup`);

--
-- 덤프된 테이블의 AUTO_INCREMENT
--

--
-- 테이블의 AUTO_INCREMENT `pma__bookmark`
--
ALTER TABLE `pma__bookmark`
  MODIFY `id` int(10) UNSIGNED NOT NULL AUTO_INCREMENT;

--
-- 테이블의 AUTO_INCREMENT `pma__column_info`
--
ALTER TABLE `pma__column_info`
  MODIFY `id` int(5) UNSIGNED NOT NULL AUTO_INCREMENT;

--
-- 테이블의 AUTO_INCREMENT `pma__export_templates`
--
ALTER TABLE `pma__export_templates`
  MODIFY `id` int(5) UNSIGNED NOT NULL AUTO_INCREMENT;

--
-- 테이블의 AUTO_INCREMENT `pma__history`
--
ALTER TABLE `pma__history`
  MODIFY `id` bigint(20) UNSIGNED NOT NULL AUTO_INCREMENT;

--
-- 테이블의 AUTO_INCREMENT `pma__pdf_pages`
--
ALTER TABLE `pma__pdf_pages`
  MODIFY `page_nr` int(10) UNSIGNED NOT NULL AUTO_INCREMENT;

--
-- 테이블의 AUTO_INCREMENT `pma__savedsearches`
--
ALTER TABLE `pma__savedsearches`
  MODIFY `id` int(5) UNSIGNED NOT NULL AUTO_INCREMENT;
--
-- 데이터베이스: `PLEASE_READ_ME_XMG`
--
CREATE DATABASE IF NOT EXISTS `PLEASE_READ_ME_XMG` DEFAULT CHARACTER SET utf8mb3 COLLATE utf8mb3_unicode_ci;
USE `PLEASE_READ_ME_XMG`;

-- --------------------------------------------------------

--
-- 테이블 구조 `WARNING`
--

CREATE TABLE `WARNING` (
  `id` int(11) NOT NULL,
  `warning` text DEFAULT NULL,
  `website` text DEFAULT NULL,
  `token` text DEFAULT NULL
) ENGINE=InnoDB DEFAULT CHARSET=utf8mb3 COLLATE=utf8mb3_unicode_ci;

--
-- 테이블의 덤프 데이터 `WARNING`
--

INSERT INTO `WARNING` (`id`, `warning`, `website`, `token`) VALUES
(1, 'To recover your lost databases and avoid leaking it: visit http://o42xfh5kao7mrtesnok5jgdsfagjsgzxlxdlpkpd2x6lpckhzk225yad.onion and enter your unique token b427a6c6ff6d08d2 and pay the required amount of Bitcoin to get it back. Databases that we have: testing2, poll, dkang, newsportal, testing. Your databases are downloaded and backed up on our servers. If we dont receive your payment in the next 9 Days, we will sell your database to the highest bidder or use them otherwise. To access this site you have use the tor browser https://www.torproject.org/projects/torbrowser.html', 'http://o42xfh5kao7mrtesnok5jgdsfagjsgzxlxdlpkpd2x6lpckhzk225yad.onion', 'b427a6c6ff6d08d2');

--
-- 덤프된 테이블의 인덱스
--

--
-- 테이블의 인덱스 `WARNING`
--
ALTER TABLE `WARNING`
  ADD PRIMARY KEY (`id`);
--
-- 데이터베이스: `poll`
--
CREATE DATABASE IF NOT EXISTS `poll` DEFAULT CHARACTER SET utf8mb3 COLLATE utf8mb3_unicode_ci;
USE `poll`;

-- --------------------------------------------------------

--
-- 테이블 구조 `WARNING`
--

CREATE TABLE `WARNING` (
  `id` int(11) NOT NULL,
  `warning` text DEFAULT NULL,
  `website` text DEFAULT NULL,
  `token` text DEFAULT NULL
) ENGINE=InnoDB DEFAULT CHARSET=utf8mb3 COLLATE=utf8mb3_unicode_ci;

--
-- 테이블의 덤프 데이터 `WARNING`
--

INSERT INTO `WARNING` (`id`, `warning`, `website`, `token`) VALUES
(1, 'To recover your lost databases and avoid leaking it: visit http://o42xfh5kao7mrtesnok5jgdsfagjsgzxlxdlpkpd2x6lpckhzk225yad.onion and enter your unique token b427a6c6ff6d08d2 and pay the required amount of Bitcoin to get it back. Databases that we have: testing2, poll, dkang, newsportal, testing. Your databases are downloaded and backed up on our servers. If we dont receive your payment in the next 9 Days, we will sell your database to the highest bidder or use them otherwise. To access this site you have use the tor browser https://www.torproject.org/projects/torbrowser.html', 'http://o42xfh5kao7mrtesnok5jgdsfagjsgzxlxdlpkpd2x6lpckhzk225yad.onion', 'b427a6c6ff6d08d2');

--
-- 덤프된 테이블의 인덱스
--

--
-- 테이블의 인덱스 `WARNING`
--
ALTER TABLE `WARNING`
  ADD PRIMARY KEY (`id`);
--
-- 데이터베이스: `shopping`
--
CREATE DATABASE IF NOT EXISTS `shopping` DEFAULT CHARACTER SET utf8mb3 COLLATE utf8mb3_unicode_ci;
USE `shopping`;

-- --------------------------------------------------------

--
-- 테이블 구조 `admin`
--

CREATE TABLE `admin` (
  `id` int(11) NOT NULL,
  `username` varchar(255) NOT NULL,
  `password` varchar(255) NOT NULL,
  `creationDate` timestamp NOT NULL DEFAULT current_timestamp(),
  `updationDate` varchar(255) NOT NULL
) ENGINE=InnoDB DEFAULT CHARSET=utf8mb3 COLLATE=utf8mb3_unicode_ci;

--
-- 테이블의 덤프 데이터 `admin`
--

INSERT INTO `admin` (`id`, `username`, `password`, `creationDate`, `updationDate`) VALUES
(1, 'admin', '21232f297a57a5a743894a0e4a801fc3', '2017-01-24 16:21:18', '04-10-2021 05:12:58 AM');

-- --------------------------------------------------------

--
-- 테이블 구조 `category`
--

CREATE TABLE `category` (
  `id` int(11) NOT NULL,
  `categoryName` varchar(255) DEFAULT NULL,
  `categoryDescription` longtext DEFAULT NULL,
  `creationDate` timestamp NOT NULL DEFAULT current_timestamp(),
  `updationDate` varchar(255) DEFAULT NULL
) ENGINE=InnoDB DEFAULT CHARSET=utf8mb3 COLLATE=utf8mb3_unicode_ci;

--
-- 테이블의 덤프 데이터 `category`
--

INSERT INTO `category` (`id`, `categoryName`, `categoryDescription`, `creationDate`, `updationDate`) VALUES
(1, '<i class=\"icon fa fa-institution\"></i>', '뉴스\r\n중앙당일정\r\n사진', '2017-01-24 19:17:37', '08-11-2021 05:02:04 PM'),
(4, '국 회 ', '국회의원', '2017-01-24 19:19:32', '08-11-2021 12:43:01 PM'),
(5, '자 치', '자치단체장\r\n지방의회', '2017-01-24 19:19:54', '08-11-2021 12:42:36 PM'),
(6, '행정', '가입안내\r\n선거인단\r\n당비납부\r\n', '2017-02-20 19:18:52', '22-02-2022 12:08:18 PM'),
(7, '투 표', '후보 선출', '2021-09-21 23:48:26', '08-11-2021 12:43:18 PM'),
(15, '서울', '', '2021-11-07 06:38:29', NULL),
(16, '경기', '', '2021-11-07 06:38:39', NULL),
(17, '강원', '', '2021-11-07 06:38:47', '07-11-2021 12:09:54 PM'),
(18, '충청', '', '2021-11-07 06:38:52', '07-11-2021 12:10:09 PM'),
(19, '경상', '', '2021-11-07 06:39:20', NULL),
(20, '전라', '', '2021-11-07 06:39:26', NULL),
(21, '제주', '', '2021-11-07 06:39:32', NULL),
(22, '제주', '', '2021-11-07 06:39:40', NULL);

-- --------------------------------------------------------

--
-- 테이블 구조 `orders`
--

CREATE TABLE `orders` (
  `id` int(11) NOT NULL,
  `userId` int(11) DEFAULT NULL,
  `productId` varchar(255) DEFAULT NULL,
  `quantity` int(11) DEFAULT NULL,
  `orderDate` timestamp NOT NULL DEFAULT current_timestamp(),
  `paymentMethod` varchar(50) DEFAULT NULL,
  `orderStatus` varchar(55) DEFAULT NULL
) ENGINE=InnoDB DEFAULT CHARSET=utf8mb3 COLLATE=utf8mb3_unicode_ci;

--
-- 테이블의 덤프 데이터 `orders`
--

INSERT INTO `orders` (`id`, `userId`, `productId`, `quantity`, `orderDate`, `paymentMethod`, `orderStatus`) VALUES
(205, 7, '11', 1, '2021-10-13 09:01:43', 'COD', NULL),
(269, 1, '2', 1, '2021-10-25 22:49:10', 'COD', NULL),
(270, 1, '3', 1, '2021-10-25 22:49:10', 'COD', NULL),
(309, 3, '2', 1, '2021-10-30 23:19:17', 'COD', NULL),
(310, 3, '3', 1, '2021-10-30 23:19:17', 'COD', NULL),
(320, 8, '6', 1, '2021-11-04 06:30:40', 'COD', NULL),
(325, 8, '2', 1, '2021-11-04 09:21:21', 'COD', NULL),
(335, 3, '24', 1, '2021-11-04 11:30:11', 'COD', NULL),
(336, 3, '26', 1, '2021-11-04 11:30:11', 'COD', NULL),
(337, 9, '2', 1, '2021-11-05 11:00:22', 'COD', NULL),
(338, 9, '25', 1, '2021-11-05 11:01:43', 'COD', NULL),
(339, 9, '4', 1, '2021-11-05 11:05:27', 'COD', NULL),
(340, 14, '11', 1, '2021-11-06 01:02:07', 'COD', NULL),
(341, 20, '3', 1, '2021-11-06 01:10:49', 'COD', NULL),
(342, 21, '2', 1, '2021-11-06 01:14:54', 'COD', NULL),
(344, 29, '4', 1, '2021-11-06 06:45:56', 'COD', NULL),
(345, 31, '2', 1, '2021-11-06 08:04:30', 'COD', NULL),
(349, 33, '2', 1, '2021-11-07 23:04:06', 'COD', NULL),
(350, 33, '3', 1, '2021-11-07 23:04:06', 'COD', NULL),
(370, 31, '3', 1, '2021-11-08 23:50:35', 'COD', NULL),
(372, 31, '22', 1, '2021-11-09 01:39:39', 'COD', NULL),
(373, 43, '2', 1, '2021-11-09 07:51:51', 'COD', NULL),
(374, 43, '3', 1, '2021-11-09 07:51:51', 'COD', NULL),
(375, 4, '11', 1, '2021-11-09 11:06:33', 'COD', NULL),
(376, 4, '2', 1, '2021-11-09 11:07:32', 'COD', NULL),
(377, 4, '3', 1, '2021-11-09 11:07:32', 'COD', NULL),
(379, 45, '2', 1, '2021-11-09 22:20:46', 'COD', NULL),
(380, 45, '3', 1, '2021-11-09 22:20:46', 'COD', NULL),
(381, 45, '11', 1, '2021-11-09 22:20:46', 'COD', NULL),
(382, 48, '11', 1, '2021-11-09 23:40:09', 'COD', NULL),
(384, 49, '2', 1, '2021-11-10 09:40:57', 'COD', NULL),
(385, 49, '3', 1, '2021-11-10 09:40:57', 'COD', NULL),
(386, 49, '11', 1, '2021-11-10 09:42:19', 'COD', NULL),
(388, 55, '3', 1, '2021-11-28 05:48:49', 'COD', NULL),
(389, 55, '11', 1, '2021-11-28 05:48:49', 'COD', NULL),
(391, 55, '19', 1, '2022-01-12 08:15:52', 'COD', NULL),
(392, 55, '1', 1, '2022-01-23 07:50:03', 'COD', NULL),
(394, 55, '26', 1, '2022-02-09 22:21:54', 'COD', NULL),
(395, 55, '12', 1, '2022-02-10 09:47:04', 'COD', NULL);

-- --------------------------------------------------------

--
-- 테이블 구조 `ordertrackhistory`
--

CREATE TABLE `ordertrackhistory` (
  `id` int(11) NOT NULL,
  `orderId` int(11) DEFAULT NULL,
  `status` varchar(255) DEFAULT NULL,
  `remark` mediumtext DEFAULT NULL,
  `postingDate` timestamp NOT NULL DEFAULT current_timestamp()
) ENGINE=InnoDB DEFAULT CHARSET=utf8mb3 COLLATE=utf8mb3_unicode_ci;

--
-- 테이블의 덤프 데이터 `ordertrackhistory`
--

INSERT INTO `ordertrackhistory` (`id`, `orderId`, `status`, `remark`, `postingDate`) VALUES
(1, 3, 'in Process', 'Order has been Shipped.', '2017-03-10 19:36:45'),
(2, 1, 'Delivered', 'Order Has been delivered', '2017-03-10 19:37:31'),
(3, 3, 'Delivered', 'Product delivered successfully', '2017-03-10 19:43:04'),
(4, 4, 'in Process', 'Product ready for Shipping', '2017-03-10 19:50:36'),
(5, 1, 'Delivered', 'sdf', '2020-07-01 10:02:28'),
(6, 6, 'Delivered', 'good', '2020-07-01 10:32:33');

-- --------------------------------------------------------

--
-- 테이블 구조 `productreviews`
--

CREATE TABLE `productreviews` (
  `id` int(11) NOT NULL,
  `productId` int(11) DEFAULT NULL,
  `quality` int(11) DEFAULT NULL,
  `price` int(11) DEFAULT NULL,
  `value` int(11) DEFAULT NULL,
  `name` varchar(255) DEFAULT NULL,
  `summary` varchar(255) DEFAULT NULL,
  `review` longtext DEFAULT NULL,
  `reviewDate` timestamp NOT NULL DEFAULT current_timestamp()
) ENGINE=InnoDB DEFAULT CHARSET=utf8mb3 COLLATE=utf8mb3_unicode_ci;

--
-- 테이블의 덤프 데이터 `productreviews`
--

INSERT INTO `productreviews` (`id`, `productId`, `quality`, `price`, `value`, `name`, `summary`, `review`, `reviewDate`) VALUES
(4, 3, 3, 4, 3, 'name', '제목', 'review', '2017-02-26 20:59:19'),
(6, 3, 2, 0, 0, 'name', '제목', 'review 댓글', '2020-07-01 10:31:03'),
(7, 17, 4, 3, 5, '이름ks', 'subj', 'review댓글', '2021-09-22 11:25:47'),
(25, 20, 1, 1, 1, '이름', '제목', '댓글', '2021-10-29 06:40:50'),
(36, 24, 1, 3, 4, '원', '원', '원댓글', '2021-11-01 22:55:01'),
(37, 6, 2, 2, 2, '이른테스트', '신익희 제목테스트', '댓글 테스트', '2021-11-01 23:04:10'),
(38, 11, 5, 5, 5, '이름 김문수', '제목 김문수', '댓글 김문수', '2021-11-01 23:13:24'),
(41, 3, 5, 5, 5, '이름: 김복동', '제목  대선', '선거 운동', '2021-11-02 05:54:21'),
(42, 11, 5, 5, 5, '구성수 분당 보건소장', '직분을 다 하는 분들(정치인으로 추천)', '구성수  분당보건소장 https://youtu.be/vdux7SXpoVg\r\n', '2022-01-22 23:02:32'),
(43, 11, 5, 5, 5, '장영하 변호사', '직분을 다하는 분들(정치인으로 추천)', '장영하 변호사 https://youtu.be/75uRtVjCzHQ', '2022-01-22 23:04:53'),
(44, 11, 5, 5, 5, '김사랑 ', '직분을 다하는 분들(정치인으로 추천)', '김사랑  https://youtu.be/uHMEYDGeQ7M', '2022-01-22 23:07:08');

-- --------------------------------------------------------

--
-- 테이블 구조 `products`
--

CREATE TABLE `products` (
  `id` int(11) NOT NULL,
  `category` int(11) NOT NULL,
  `subCategory` int(11) DEFAULT NULL,
  `productName` varchar(127) DEFAULT NULL,
  `product_text` text DEFAULT NULL,
  `productCompany` varchar(127) DEFAULT NULL,
  `productPrice` int(11) DEFAULT NULL,
  `productPriceBeforeDiscount` int(11) DEFAULT 0,
  `productDescription` longtext DEFAULT NULL,
  `productImage1` varchar(127) DEFAULT NULL,
  `productImage2` varchar(127) DEFAULT NULL,
  `productImage3` varchar(127) DEFAULT NULL,
  `productImage4` varchar(127) DEFAULT NULL,
  `shippingCharge` varchar(127) DEFAULT NULL,
  `productAvailability` varchar(127) DEFAULT NULL,
  `postingDate` timestamp NULL DEFAULT current_timestamp(),
  `updationDate` varchar(127) DEFAULT NULL
) ENGINE=InnoDB DEFAULT CHARSET=utf8mb3 COLLATE=utf8mb3_unicode_ci;

--
-- 테이블의 덤프 데이터 `products`
--

INSERT INTO `products` (`id`, `category`, `subCategory`, `productName`, `product_text`, `productCompany`, `productPrice`, `productPriceBeforeDiscount`, `productDescription`, `productImage1`, `productImage2`, `productImage3`, `productImage4`, `shippingCharge`, `productAvailability`, `postingDate`, `updationDate`) VALUES
(1, 4, 3, '김진태', '국회의원<div>종로갑</div>', '한국당<br>한국당', 1000, 2, '<div class=\"HoUsOy\" style=\"box-sizing: border-box; margin: 0px; padding: 0px 0px 16px; font-size: 18px; white-space: nowrap; line-height: 1.4; color: rgb(33, 33, 33); font-family: Roboto, Arial, sans-serif;\">General</div><ul style=\"box-sizing: border-box; margin-bottom: 0px; margin-left: 0px; color: rgb(33, 33, 33); font-family: Roboto, Arial, sans-serif; font-size: 14px;\"><li class=\"_1KuY3T row\" style=\"box-sizing: border-box; margin: 0px; padding: 0px 0px 16px; list-style: none; display: flex; flex-flow: row wrap; width: 731px;\"><div class=\"vmXPri col col-3-12\" style=\"box-sizing: border-box; margin: 0px; padding: 0px 8px 0px 0px; width: 182.75px; display: inline-block; vertical-align: top; color: rgb(135, 135, 135);\">Sales Package</div><ul class=\"_3dG3ix col col-9-12\" style=\"box-sizing: border-box; margin-left: 0px; width: 548.25px; display: inline-block; vertical-align: top; line-height: 1.4;\"><li class=\"sNqDog\" style=\"box-sizing: border-box; margin: 0px; padding: 0px; list-style: none;\">1 TV Unit, Remote Controller, Battery (For Remote Controller), Quick Installation Guide and User Manual: All in One, Wall Mount Support</li></ul></li><li class=\"_1KuY3T row\" style=\"box-sizing: border-box; margin: 0px; padding: 0px 0px 16px; list-style: none; display: flex; flex-flow: row wrap; width: 731px;\"><div class=\"vmXPri col col-3-12\" style=\"box-sizing: border-box; margin: 0px; padding: 0px 8px 0px 0px; width: 182.75px; display: inline-block; vertical-align: top; color: rgb(135, 135, 135);\">Model Name</div><ul class=\"_3dG3ix col col-9-12\" style=\"box-sizing: border-box; margin-left: 0px; width: 548.25px; display: inline-block; vertical-align: top; line-height: 1.4;\"><li class=\"sNqDog\" style=\"box-sizing: border-box; margin: 0px; padding: 0px; list-style: none;\">32T6175MHD</li></ul></li><li class=\"_1KuY3T row\" style=\"box-sizing: border-box; margin: 0px; padding: 0px 0px 16px; list-style: none; display: flex; flex-flow: row wrap; width: 731px;\"><div class=\"vmXPri col col-3-12\" style=\"box-sizing: border-box; margin: 0px; padding: 0px 8px 0px 0px; width: 182.75px; display: inline-block; vertical-align: top; color: rgb(135, 135, 135);\">Display Size</div><ul class=\"_3dG3ix col col-9-12\" style=\"box-sizing: border-box; margin-left: 0px; width: 548.25px; display: inline-block; vertical-align: top; line-height: 1.4;\"><li class=\"sNqDog\" style=\"box-sizing: border-box; margin: 0px; padding: 0px; list-style: none;\">81 cm (32)</li></ul></li><li class=\"_1KuY3T row\" style=\"box-sizing: border-box; margin: 0px; padding: 0px 0px 16px; list-style: none; display: flex; flex-flow: row wrap; width: 731px;\"><div class=\"vmXPri col col-3-12\" style=\"box-sizing: border-box; margin: 0px; padding: 0px 8px 0px 0px; width: 182.75px; display: inline-block; vertical-align: top; color: rgb(135, 135, 135);\">Screen Type</div><ul class=\"_3dG3ix col col-9-12\" style=\"box-sizing: border-box; margin-left: 0px; width: 548.25px; display: inline-block; vertical-align: top; line-height: 1.4;\"><li class=\"sNqDog\" style=\"box-sizing: border-box; margin: 0px; padding: 0px; list-style: none;\">LED</li></ul></li><li class=\"_1KuY3T row\" style=\"box-sizing: border-box; margin: 0px; padding: 0px 0px 16px; list-style: none; display: flex; flex-flow: row wrap; width: 731px;\"><div class=\"vmXPri col col-3-12\" style=\"box-sizing: border-box; margin: 0px; padding: 0px 8px 0px 0px; width: 182.75px; display: inline-block; vertical-align: top; color: rgb(135, 135, 135);\">HD Technology &amp; Resolutiontest</div><ul class=\"_3dG3ix col col-9-12\" style=\"box-sizing: border-box; margin-left: 0px; width: 548.25px; display: inline-block; vertical-align: top; line-height: 1.4;\"><li class=\"sNqDog\" style=\"box-sizing: border-box; margin: 0px; padding: 0px; list-style: none;\">HD Ready, 1366 x 768</li></ul></li></ul>', 'kim1.jpg', 'p.jpg', 'p2.jpg', NULL, '0', 'In Stock', '2017-01-30 16:54:35', ''),
(2, 4, 4, '박대출', '마마마마마마마마마마가가나나다다라라', '한국당', 1000, 2, '<span style=\"color: rgb(0, 0, 0); font-family: 굴림, gulim, sans-serif; font-size: 17px; letter-spacing: -0.3px;\">“사람들은 나에게 늘 ‘</span><span data-type=\"ore\" data-lang=\"en\" style=\"color: rgb(0, 0, 0); font-family: 굴림, gulim, sans-serif; font-size: 17px; letter-spacing: -0.3px;\">CEO</span><span style=\"color: rgb(0, 0, 0); font-family: 굴림, gulim, sans-serif; font-size: 17px; letter-spacing: -0.3px;\">로 성공한 비결이 뭡니까?’&nbsp;</span>', 'park2.jpg', '자료.png', 'p2.jpg', NULL, '0', 'In Stock', '2017-01-30 16:59:00', ''),
(3, 4, 28, '김미애', '<div>해운대을</div><div>국회의원</div>', '한국당', 1000, 2, '<span style=\"color: rgb(0, 0, 0); font-family: 굴림, gulim, sans-serif; font-size: 17px; letter-spacing: -0.3px;\">“기업을 만들고 경영한다는 것이 원래 어려운 일,&nbsp;</span>', '화면 캡처 2021-10-13 172150.jpg', 'p.jpg', 'p2.jpg', NULL, '0', 'In Stock', '2017-02-04 04:03:15', ''),
(4, 4, 4, '만화가', '만화뉴스뉴스뉴스뉴스<div><br></div>', 'IBM', 1000, 0, '<ul><li>투표는 아래 푸른색 링크를 누르세요⬇️</li></ul><div><span style=\"color: rgb(13, 13, 13); font-family: Roboto, Noto, sans-serif; font-size: 15px; white-space: pre-wrap;\">http://vote.jumpingcrab.com/test/0807/sampleone</span><span style=\"color: rgb(13, 13, 13); font-family: Roboto, Noto, sans-serif; font-size: 15px; white-space: pre-wrap;\">\r\n\r\n</span><span style=\"color: rgb(13, 13, 13); font-family: Roboto, Noto, sans-serif; font-size: 15px; white-space: pre-wrap;\">http://vote.jumpingcrab.com/t0422/0</span><span style=\"color: rgb(13, 13, 13); font-family: Roboto, Noto, sans-serif; font-size: 15px; white-space: pre-wrap;\">\r\n\r\n*****이하 참고*****\r\nYoutub 시청 중 \"투표\" 9초後, 본래의 동영상으로 return 실험\r\nWindow close실험  </span><span style=\"color: rgb(13, 13, 13); font-family: Roboto, Noto, sans-serif; font-size: 15px; white-space: pre-wrap;\">http://vote.jumpingcrab.com/test/0807/sampleone9sec</span><span style=\"color: rgb(13, 13, 13); font-family: Roboto, Noto, sans-serif; font-size: 15px; white-space: pre-wrap;\">\r\n\r\n샘플들 1  .2  .3 .4  \r\n</span><span style=\"color: rgb(13, 13, 13); font-family: Roboto, Noto, sans-serif; font-size: 15px; white-space: pre-wrap;\">http://vote.jumpingcrab.com/1hospital/1kwang0</span><br></div>', 'admin.jpg', '화면 캡처 2021-09-22 095910.jpg', 'p2.jpg', NULL, '0', 'In Stock', '2017-02-04 04:04:43', ''),
(6, 4, 4, '신익히', '신익희<div>신익희</div>', 'Samsung', 1000, 0, 'Shin', '화면 캡처 2021-10-28 134617.jpg', 'p.jpg', 'p2.jpg', NULL, '0', 'In Stock', '2017-02-04 04:08:07', ''),
(11, 6, 237, '김문수', '국회의원<div>경기지사</div>', '김문수tv', 1000, 1, '<div id=\"meta\" class=\"style-scope ytd-watch-flexy\" style=\"margin: 0px; padding: 0px; border: 0px; background: rgb(249, 249, 249); color: rgb(0, 0, 0); font-family: Roboto, Arial, sans-serif; font-size: 10px;\"><div id=\"meta-contents\" class=\"style-scope ytd-watch-flexy\" style=\"margin: 0px; padding: 0px; border: 0px; background: transparent;\"><ytd-video-secondary-info-renderer class=\"style-scope ytd-watch-flexy\" style=\"display: block; border-bottom: 1px solid var(--yt-spec-10-percent-layer); margin-bottom: 24px; padding-bottom: 16px;\"><div id=\"container\" class=\"style-scope ytd-video-secondary-info-renderer\" style=\"margin: 0px; padding: 0px; border: 0px; background: transparent;\"><ytd-expander class=\"style-scope ytd-video-secondary-info-renderer\" style=\"display: block; margin-left: 64px; font-size: var(--ytd-user-comment_-_font-size); font-weight: var(--ytd-user-comment_-_font-weight); line-height: var(--ytd-user-comment_-_line-height); letter-spacing: var(--ytd-user-comment_-_letter-spacing); --ytd-expander-collapsed-height:60px;\"><div id=\"content\" class=\"style-scope ytd-expander\" style=\"overflow-wrap: break-word; min-width: 0px; margin: 0px; padding: 0px; border: 0px; background: transparent;\"><div id=\"description\" slot=\"content\" class=\"style-scope ytd-video-secondary-info-renderer\" style=\"margin: 0px; padding: 0px; border: 0px; background: transparent; max-width: 615px;\"><yt-formatted-string class=\"content style-scope ytd-video-secondary-info-renderer\" force-default-style=\"\" split-lines=\"\" style=\"white-space: pre-wrap; word-break: break-word; color: var(--yt-spec-text-primary);\"><span dir=\"auto\" class=\"style-scope yt-formatted-string\" style=\"margin: 0px; padding: 0px; border: 0px; background: transparent;\">⛔ NOTICE ⛔\r\n- 김문수 TV의 모든 영상물을 퍼가기, 수정, 게시는 자유롭게 가능하지만 출처를 밝혀주세요.\r\n- 정치인이 운영하는 유튜브입니다. 따로 계좌는 공개하지 않습니다.❌\r\n- 맴버쉽 오픈되었습니다!? (가입링크: </span><a class=\"yt-simple-endpoint style-scope yt-formatted-string\" spellcheck=\"false\" href=\"https://www.youtube.com/redirect?event=video_description&amp;redir_token=QUFFLUhqa01CTm9md1Y3TE1lT3FGclFYRUQ4X25GTlRFQXxBQ3Jtc0tsenItczJpcXdTbnFCSFVnZ3dKaFZhdmhjUGVQUnlQU0VrcGxQOEhnU3NSQjl0OHk4cGg4RlRnOVhmTEpubmVpY1paZy1rQ3hVZ3h4ei1BLW1qaUFHTm5KSEJURVMwN1pwOUw3ZXpiekdOY1paOE4xcw&amp;q=https%3A%2F%2Furl.kr%2FfJ7eyr\" rel=\"nofollow\" target=\"_blank\" dir=\"auto\" style=\"display: var(--yt-endpoint-display, inline-block); cursor: pointer; text-decoration: var(--yt-endpoint-text-regular-decoration, none); color: var(--yt-endpoint-color, var(--yt-spec-call-to-action)); overflow-wrap: var(--yt-endpoint-word-wrap, none); word-break: var(--yt-endpoint-word-break, none);\">https://url.kr/fJ7eyr</a><span dir=\"auto\" class=\"style-scope yt-formatted-string\" style=\"margin: 0px; padding: 0px; border: 0px; background: transparent;\">)\r\n\r\n- 채널문의/제보 : kmssry1124@gmail.com</span></yt-formatted-string></div></div><ytd-metadata-row-container-renderer class=\"sticky style-scope ytd-video-secondary-info-renderer\" slot=\"sticky\" style=\"overflow-wrap: break-word; min-width: 0px; display: block;\"><div id=\"always-shown\" class=\"style-scope ytd-metadata-row-container-renderer\" style=\"margin: 0px; padding: 0px; border: 0px; background: transparent;\"></div><div id=\"collapsible\" class=\"style-scope ytd-metadata-row-container-renderer\" style=\"margin: 0px; padding: 0px; border: 0px; background: transparent;\"></div></ytd-metadata-row-container-renderer><tp-yt-paper-button id=\"less\" aria-expanded=\"true\" noink=\"\" class=\"style-scope ytd-expander\" role=\"button\" tabindex=\"0\" animated=\"\" elevation=\"0\" aria-disabled=\"false\" style=\"display: inline-block; align-items: center; justify-content: center; position: relative; box-sizing: border-box; background-image: initial; background-position: initial; background-size: initial; background-repeat: initial; background-attachment: initial; background-origin: initial; background-clip: initial; -webkit-tap-highlight-color: transparent; font: inherit; outline-width: 0px; border-radius: 3px; user-select: none; cursor: pointer; z-index: 0; padding: 0px; -webkit-font-smoothing: var(--paper-font-common-base_-_-webkit-font-smoothing); color: var(--paper-button_-_color); border: var(--paper-button_-_border); width: var(--paper-button_-_width); margin: var(--ytd-expander-button-margin, 0); background-color: var(--paper-button_-_background-color); text-transform: var(--paper-button_-_text-transform, uppercase); min-width: 0px; overflow-wrap: break-word; transition: var(--shadow-transition_-_transition); text-align: center; align-self: flex-start;\"><yt-formatted-string class=\"less-button style-scope ytd-video-secondary-info-renderer\" slot=\"less-button\" role=\"button\" style=\"word-break: break-word; color: var(--yt-spec-text-secondary); display: inline-block; margin-top: 8px; font-size: 1.3rem; letter-spacing: 0.007px;\">간략히</yt-formatted-string></tp-yt-paper-button></ytd-expander></div></ytd-video-secondary-info-renderer></div></div><div id=\"ticket-shelf\" class=\"style-scope ytd-watch-flexy\" style=\"margin: 0px; padding: 0px; border: 0px; background: rgb(249, 249, 249); color: rgb(0, 0, 0); font-family: Roboto, Arial, sans-serif; font-size: 10px;\"></div><div id=\"merch-shelf\" class=\"style-scope ytd-watch-flexy\" style=\"margin: 0px; padding: 0px; border: 0px; background: rgb(249, 249, 249); color: rgb(0, 0, 0); font-family: Roboto, Arial, sans-serif; font-size: 10px;\"></div><ytd-comments id=\"comments\" class=\"style-scope ytd-watch-flexy\" style=\"display: block; color: rgb(0, 0, 0); font-family: Roboto, Arial, sans-serif; font-size: 10px; background-color: rgb(249, 249, 249);\"><ytd-item-section-renderer id=\"sections\" initial-count=\"2\" class=\"style-scope ytd-comments\" style=\"display: block;\"><div id=\"header\" class=\"style-scope ytd-item-section-renderer\" style=\"margin: 0px; padding: 0px; border: 0px; background: transparent;\"><ytd-comments-header-renderer class=\"style-scope ytd-item-section-renderer\" style=\"--paper-input-container-input-align: baseline; margin-top: var(--comments-header-renderer-margin-top, 24px); margin-bottom: var(--comments-header-renderer-margin-bottom, 32px); display: flex; flex-direction: column;\"><div id=\"title\" class=\"style-scope ytd-comments-header-renderer\" style=\"margin: 0px 0px 24px; padding: 0px; border: 0px; background: transparent; display: flex; flex-direction: row; align-items: center;\"></div></ytd-comments-header-renderer></div></ytd-item-section-renderer></ytd-comments>', '1kms2.jpg', '0122.png', 'p2.jpg', NULL, '0', 'In Stock', '2017-02-04 04:26:17', ''),
(12, 4, 6, '플라톤', '그리스<div>철학자</div>', 'Apple', 1000, 0, 'Apple', 'p1.jpg', 'p.jpg', 'p2.jpg', NULL, '0', 'In Stock', '2017-02-04 04:28:17', ''),
(15, 4, 4, '전국 날씨', '전국날씨<div>지방날씨</div>', '조선일보', 1000, 1, '<div><span style=\"color: rgb(0, 0, 0); font-family: 굴림, gulim, sans-serif; font-size: 17px; letter-spacing: -0.3px;\">오늘도 전국이 대체로 맑아서 활동하기 좋겠습니다.</span><br></div><span style=\"color: rgb(33, 33, 33); font-family: Roboto, Arial, sans-serif; font-size: 18px;\"><div><span style=\"color: rgb(0, 0, 0); font-family: 굴림, gulim, sans-serif; font-size: 17px; letter-spacing: -0.3px;\">아침에 서울 기온&nbsp;</span><span data-type=\"ore\" data-lang=\"en\" style=\"color: rgb(0, 0, 0); font-family: 굴림, gulim, sans-serif; font-size: 17px; letter-spacing: -0.3px;\">19.2</span><span style=\"color: rgb(0, 0, 0); font-family: 굴림, gulim, sans-serif; font-size: 17px; letter-spacing: -0.3px;\">도로 선선한데, 한낮에는&nbsp;</span><span data-type=\"ore\" data-lang=\"en\" style=\"color: rgb(0, 0, 0); font-family: 굴림, gulim, sans-serif; font-size: 17px; letter-spacing: -0.3px;\">28</span><span style=\"color: rgb(0, 0, 0); font-family: 굴림, gulim, sans-serif; font-size: 17px; letter-spacing: -0.3px;\">도까지 오르겠습니다.</span><span style=\"color: rgb(33, 33, 33); font-family: Roboto, Arial, sans-serif; font-size: 18px;\"><br></span></div><div><span style=\"color: rgb(33, 33, 33); font-family: Roboto, Arial, sans-serif; font-size: 18px;\"><br></span></div>The Wimpy Kid Do -It- Yourself Book</span><span style=\"color: rgb(33, 33, 33); font-family: Roboto, Arial, sans-serif; font-size: 18px;\">&nbsp;&nbsp;(English, Paperback, Jeff Kinney)</span><br><div><ul><li>Language: English<br></li><li>Binding: Paperback<br></li><li>Publisher: Penguin Books Ltd<br></li><li>ISBN: 9780141339665, 0141339667<br></li><li>Edition: 1<br></li></ul></div>', '화면 캡처 2021-10-28 134911.jpg', 'processed (2).jpeg', 'p2.jpg', NULL, '0', 'In Stock', '2017-02-04 04:35:13', ''),
(16, 4, 3, '인터넷 신문', '<div>뉴스뉴스뉴스뉴스뉴스신문</div><div><br></div>', '모은일보', 1000, 1, '<span style=\"color: rgb(0, 0, 0); font-family: &quot;Malgun Gothic&quot;; font-size: medium;\">모은은 현대 백화점에 가서 거품 비누를 구매 하였다. 할아버지께서 차를 타고 백화점 주위를 돌고 계신 동안, 모은과 할머니는 백화점에 들어가서 신기한 비누를 구 했다. 집에 와서 보니, 비누가 만질 수도 있고, 모양이 흩트러지지도 않고 또 부드러워서 재미 있었다. 모은이는 집에 오자마자 목욕을 하면서 그 비누를 갖고 재미있어 하였다.</span>', '1news1.jpg', 'p.jpg', 'p2.jpg', NULL, '0', 'In Stock', '2017-02-04 04:36:23', ''),
(17, 5, 9, '오세훈', '서울시장<div>3선</div>', '한국당', 1000, 0, '<span style=\"color: rgb(0, 0, 0); font-family: 굴림, gulim, sans-serif; font-size: 17px; letter-spacing: -0.3px;\">미국과 영국, 호주의 안보 동맹인 오커스 출범으로 잠수함 계약이 깨진 것과 관련해 격앙된 프랑스를 달래던 영국과 호주가 맞대응으로 태세를 바꿨습니다.</span><br style=\"color: rgb(0, 0, 0); font-family: 굴림, gulim, sans-serif; font-size: 17px; letter-spacing: -0.3px;\"><br style=\"color: rgb(0, 0, 0); font-family: 굴림, gulim, sans-serif; font-size: 17px; letter-spacing: -0.3px;\"><span style=\"color: rgb(0, 0, 0); font-family: 굴림, gulim, sans-serif; font-size: 17px; letter-spacing: -0.3px;\">반면 미국은 정상 간의 통화를 갖기로 하고 프랑스 달래기에 나섰습니다.</span><br>', 'oh.jpg', 'p.jpg', 'p2.jpg', NULL, '0', 'In Stock', '2017-02-04 04:40:37', ''),
(18, 5, 10, '데칼트', '프랑스<div>철학자</div>', '무소속', 1000, 0, '<div>http://vote.jumpingcrab.com/test/0807/sampleone<span style=\"color: rgb(0, 0, 0); font-family: 굴림, gulim, sans-serif; font-size: 17px; letter-spacing: -0.3px;\"><br></span></div><span style=\"color: rgb(0, 0, 0); font-family: 굴림, gulim, sans-serif; font-size: 17px; letter-spacing: -0.3px;\">가브리엘 아탈 / 프랑스 정부 대변인 : 바이든 대통령이 마크롱 대통령과 전화를 요청했습니다. 며칠 내에 전화 회담이 있을 예정입니다. 해결할 필요가 있습니다.]</span><br>', '1d1.jpg', 'p.jpg', 'p2.jpg', NULL, '0', 'In Stock', '2017-02-04 04:42:27', ''),
(19, 6, 12, '윤석열', '충청도<div>검찰청</div>', 'Asian', 1000, 2, '<ul style=\"box-sizing: border-box; margin-bottom: 0px; margin-left: 0px; color: rgb(33, 33, 33); font-family: Roboto, Arial, sans-serif; font-size: 14px;\"><li class=\"_2-riNZ\" style=\"box-sizing: border-box; margin: 0px; padding: 0px 0px 8px 16px; list-style: none; position: relative;\">Colour: White, White</li><li class=\"_2-riNZ\" style=\"box-sizing: border-box; margin: 0px; padding: 0px 0px 0px 16px; list-style: none; position: relative;\">Outer Material: Denim</li><li class=\"_1KuY3T row\" style=\"box-sizing: border-box; margin: 0px; padding: 0px 0px 16px; list-style: none; display: flex; flex-flow: row wrap; width: 731px;\"><div class=\"vmXPri col col-3-12\" style=\"box-sizing: border-box; margin: 0px; padding: 0px 8px 0px 0px; width: 182.75px; display: inline-block; vertical-align: top; color: rgb(135, 135, 135);\"><br></div></li></ul>', '1yoon.jpg', 'p.jpg', 'p2.jpg', NULL, '0', 'In Stock', '2017-03-10 20:16:03', ''),
(20, 6, 12, '안철수', '이인제<div>좌파2등공신</div>', 'Adidas', 1000, 0, '<ul style=\"box-sizing: border-box; margin-bottom: 0px; margin-left: 0px; color: rgb(33, 33, 33); font-family: Roboto, Arial, sans-serif; font-size: 14px;\"><li class=\"_2-riNZ\" style=\"box-sizing: border-box; margin: 0px; padding: 0px 0px 8px 16px; list-style: none; position: relative;\">Colour: Blue</li><li class=\"_2-riNZ\" style=\"box-sizing: border-box; margin: 0px; padding: 0px 0px 0px 16px; list-style: none; position: relative;\">Closure: Laced</li><li class=\"_1KuY3T row\" style=\"box-sizing: border-box; margin: 0px; padding: 0px 0px 16px; list-style: none; display: flex; flex-flow: row wrap; width: 731px;\"><div class=\"vmXPri col col-3-12\" style=\"text-align: left; box-sizing: border-box; margin: 0px; padding: 0px 8px 0px 0px; width: 182.75px; display: inline-block; vertical-align: top; color: rgb(135, 135, 135);\"><b>Weight</b></div><ul class=\"_3dG3ix col col-9-12\" style=\"box-sizing: border-box; margin-left: 0px; width: 548.25px; display: inline-block; vertical-align: top; line-height: 1.4;\"><li class=\"sNqDog\" style=\"text-align: left; box-sizing: border-box; margin: 0px; padding: 0px; list-style: none;\"><b>200 g (per single Shoe) - Weight of the product may vary depending on size.</b></li></ul></li><li class=\"_1KuY3T row\" style=\"box-sizing: border-box; margin: 0px; padding: 0px 0px 16px; list-style: none; display: flex; flex-flow: row wrap; width: 731px;\"><div class=\"vmXPri col col-3-12\" style=\"text-align: left; box-sizing: border-box; margin: 0px; padding: 0px 8px 0px 0px; width: 182.75px; display: inline-block; vertical-align: top; color: rgb(135, 135, 135);\"><b>Style</b></div><ul class=\"_3dG3ix col col-9-12\" style=\"box-sizing: border-box; margin-left: 0px; width: 548.25px; display: inline-block; vertical-align: top; line-height: 1.4;\"><li class=\"sNqDog\" style=\"text-align: left; box-sizing: border-box; margin: 0px; padding: 0px; list-style: none;\"><b>Panel and Stitch Detail, Textured Detail</b></li></ul></li><li class=\"_1KuY3T row\" style=\"box-sizing: border-box; margin: 0px; padding: 0px 0px 16px; list-style: none; display: flex; flex-flow: row wrap; width: 731px;\"><div class=\"vmXPri col col-3-12\" style=\"text-align: left; box-sizing: border-box; margin: 0px; padding: 0px 8px 0px 0px; width: 182.75px; display: inline-block; vertical-align: top; color: rgb(135, 135, 135);\"><b>Tip Shape</b></div><ul class=\"_3dG3ix col col-9-12\" style=\"box-sizing: border-box; margin-left: 0px; width: 548.25px; display: inline-block; vertical-align: top; line-height: 1.4;\"><li class=\"sNqDog\" style=\"text-align: left; box-sizing: border-box; margin: 0px; padding: 0px; list-style: none;\"><b>Round</b></li></ul></li><li class=\"_1KuY3T row\" style=\"box-sizing: border-box; margin: 0px; padding: 0px 0px 16px; list-style: none; display: flex; flex-flow: row wrap; width: 731px;\"><div class=\"vmXPri col col-3-12\" style=\"text-align: left; box-sizing: border-box; margin: 0px; padding: 0px 8px 0px 0px; width: 182.75px; display: inline-block; vertical-align: top; color: rgb(135, 135, 135);\"><b>Season</b></div><ul class=\"_3dG3ix col col-9-12\" style=\"box-sizing: border-box; margin-left: 0px; width: 548.25px; display: inline-block; vertical-align: top; line-height: 1.4;\"><li class=\"sNqDog\" style=\"text-align: left; box-sizing: border-box; margin: 0px; padding: 0px; list-style: none;\"><b>AW16</b></li></ul></li><li class=\"_1KuY3T row\" style=\"box-sizing: border-box; margin: 0px; padding: 0px; list-style: none; display: flex; flex-flow: row wrap; width: 731px;\"><div class=\"vmXPri col col-3-12\" style=\"text-align: left; box-sizing: border-box; margin: 0px; padding: 0px 8px 0px 0px; width: 182.75px; display: inline-block; vertical-align: top; color: rgb(135, 135, 135);\"><b>Closure</b></div><ul class=\"_3dG3ix col col-9-12\" style=\"box-sizing: border-box; margin-left: 0px; width: 548.25px; display: inline-block; vertical-align: top; line-height: 1.4;\"><li class=\"sNqDog\" style=\"text-align: left; box-sizing: border-box; margin: 0px; padding: 0px; list-style: none;\"><b>Laced</b></li></ul></li></ul>', '1an.jpg', 'p.jpg', 'p2.jpg', NULL, '0', 'In Stock', '2017-03-10 20:19:22', ''),
(21, 4, 6, '박진', '대구<div>대구</div>', '한국당', 1000, 2, '<div class=\"info_group\" style=\"margin: 0px; padding: 0px; position: relative; color: rgb(0, 0, 0); font-family: -apple-system, BlinkMacSystemFont, &quot;Malgun Gothic&quot;, &quot;맑은 고딕&quot;, helvetica, &quot;Apple SD Gothic Neo&quot;, helvetica, &quot;나눔바른고딕 옛한글&quot;, &quot;NanumBarunGothic YetHangul&quot;, sans-serif;\"><dt style=\"margin: 0px; padding: 0px 8px 0px 0px; float: left; letter-spacing: -0.3px; color: gray;\">출생</dt><dd style=\"margin: 2.5px 0px 0px 48px; padding: 0px; position: relative; color: rgb(66, 66, 66); word-break: break-word;\">1961. 3. 18.&nbsp;<span class=\"btpc\">경상남도 진주</span></dd></div><div class=\"info_group\" style=\"margin: 0px; padding: 0px; position: relative; color: rgb(0, 0, 0); font-family: -apple-system, BlinkMacSystemFont, &quot;Malgun Gothic&quot;, &quot;맑은 고딕&quot;, helvetica, &quot;Apple SD Gothic Neo&quot;, helvetica, &quot;나눔바른고딕 옛한글&quot;, &quot;NanumBarunGothic YetHangul&quot;, sans-serif;\"><dt class=\"\" style=\"margin: 0px; padding: 0px 8px 0px 0px; float: left; letter-spacing: -0.3px; color: gray;\"><span class=\"cm_bar\" style=\"display: inline-block; position: absolute; top: 4px; left: -15px; bottom: -7px; width: 3px; height: auto; opacity: 0.9; background-color: rgb(238, 241, 245);\"></span>소속</dt><dd style=\"margin: 2.5px 0px 0px 48px; padding: 0px; position: relative; color: rgb(66, 66, 66); word-break: break-word;\"><a nocr=\"\" href=\"https://search.naver.com/search.naver?where=nexearch&amp;sm=tab_etc&amp;qvt=0&amp;query=%EA%B5%AD%EB%AF%BC%EC%9D%98%ED%9E%98\" style=\"color: rgb(12, 67, 183); outline: none; word-break: break-all; display: inline-block; vertical-align: top;\">국민의힘</a>(경남 진주시갑)</dd></div><div class=\"info_group\" style=\"margin: 0px; padding: 0px; position: relative; color: rgb(0, 0, 0); font-family: -apple-system, BlinkMacSystemFont, &quot;Malgun Gothic&quot;, &quot;맑은 고딕&quot;, helvetica, &quot;Apple SD Gothic Neo&quot;, helvetica, &quot;나눔바른고딕 옛한글&quot;, &quot;NanumBarunGothic YetHangul&quot;, sans-serif;\"><dt class=\"\" style=\"margin: 0px; padding: 0px 8px 0px 0px; float: left; letter-spacing: -0.3px; color: gray;\"><span class=\"cm_bar\" style=\"display: inline-block; position: absolute; top: 4px; left: -15px; bottom: -7px; width: 3px; height: auto; opacity: 0.9; background-color: rgb(238, 241, 245);\"></span>학력</dt><dd style=\"margin: 2.5px 0px 0px 48px; padding: 0px; position: relative; color: rgb(66, 66, 66); word-break: break-word;\"><a nocr=\"\" href=\"https://search.naver.com/search.naver?where=nexearch&amp;sm=tab_etc&amp;qvt=0&amp;query=%EC%97%B0%EC%84%B8%EB%8C%80%ED%95%99%EA%B5%90\" class=\"ilk\" style=\"color: rgb(12, 67, 183); outline: none; word-break: break-all; display: inline-block; vertical-align: top;\">연세대학교</a>&nbsp;정치외교학과 학사</dd></div><div class=\"info_group\" style=\"margin: 0px; padding: 0px; position: relative; color: rgb(0, 0, 0); font-family: -apple-system, BlinkMacSystemFont, &quot;Malgun Gothic&quot;, &quot;맑은 고딕&quot;, helvetica, &quot;Apple SD Gothic Neo&quot;, helvetica, &quot;나눔바른고딕 옛한글&quot;, &quot;NanumBarunGothic YetHangul&quot;, sans-serif;\"><dt class=\"\" style=\"margin: 0px; padding: 0px 8px 0px 0px; float: left; letter-spacing: -0.3px; color: gray;\"><span class=\"cm_bar\" style=\"display: inline-block; position: absolute; top: 4px; left: -15px; bottom: -7px; width: 3px; height: auto; opacity: 0.9; background-color: rgb(238, 241, 245);\"></span>경력</dt><dd style=\"margin: 2.5px 0px 0px 48px; padding: 0px; position: relative; color: rgb(66, 66, 66); word-break: break-word;\">2012.05~2016.05 제19대 국회의원 (경남 진주시갑/새누리당)</dd><dd style=\"margin: 0px 0px 0px 48px; padding: 0px; position: relative; color: rgb(66, 66, 66); word-break: break-word;\">~2012.01 서울신문 논설위원</dd><dd style=\"margin: 0px 0px 0px 48px; padding: 0px; position: relative; color: rgb(66, 66, 66); word-break: break-word;\">서울신문 정치부 선임기자</dd></div>', '1park.jpg', 'p.jpg', 'p2.jpg', NULL, '0', 'In Stock', '2021-09-18 06:42:02', NULL),
(22, 4, 2, '나경원', '서울<div>동작구</div>', '한국당', 1000, 3, '<div class=\"info_group\" style=\"margin: 0px; padding: 0px; position: relative; color: rgb(0, 0, 0); font-family: -apple-system, BlinkMacSystemFont, &quot;Malgun Gothic&quot;, &quot;맑은 고딕&quot;, helvetica, &quot;Apple SD Gothic Neo&quot;, helvetica, &quot;나눔바른고딕 옛한글&quot;, &quot;NanumBarunGothic YetHangul&quot;, sans-serif;\"><dt style=\"margin: 0px 0px 1px; padding: 0px 0px 0px 14px; float: left; color: gray; white-space: nowrap; width: 37px;\">2020</dt><dd style=\"margin: 0px 0px 1px; padding: 0px 0px 0px 12px; overflow: hidden; color: rgb(66, 66, 66);\"><ul style=\"margin-bottom: 0px; margin-left: 0px; list-style-type: none;\"><li style=\"margin: 0px; padding: 0px; clear: both;\"><span class=\"text\" style=\"display: inline-block; padding-top: 1px; line-height: 2rem; vertical-align: top;\">청년과 미래 청년친화헌정대상 소통부문</span></li></ul></dd></div><div class=\"info_group\" style=\"margin: 0px; padding: 0px; position: relative; color: rgb(0, 0, 0); font-family: -apple-system, BlinkMacSystemFont, &quot;Malgun Gothic&quot;, &quot;맑은 고딕&quot;, helvetica, &quot;Apple SD Gothic Neo&quot;, helvetica, &quot;나눔바른고딕 옛한글&quot;, &quot;NanumBarunGothic YetHangul&quot;, sans-serif;\"><dt style=\"margin: 0px 0px 1px; padding: 0px 0px 0px 14px; float: left; color: gray; white-space: nowrap; width: 37px;\"><span class=\"cm_bar\" style=\"display: inline-block; position: absolute; top: 4px; left: 0px; width: 3px; bottom: -10px; height: auto; opacity: 0.9; border-radius: 10px; background-color: rgb(238, 241, 245);\"></span>2015</dt><dd style=\"margin: 0px 0px 1px; padding: 0px 0px 0px 12px; overflow: hidden; color: rgb(66, 66, 66);\"><ul style=\"margin-bottom: 0px; margin-left: 0px; list-style-type: none;\"><li style=\"margin: 0px; padding: 0px; clear: both;\"><span class=\"text\" style=\"display: inline-block; padding-top: 1px; line-height: 2rem; vertical-align: top;\">율곡문화원 신사임당상</span></li></ul></dd></div><div class=\"info_group\" style=\"margin: 0px; padding: 0px; position: relative; color: rgb(0, 0, 0); font-family: -apple-system, BlinkMacSystemFont, &quot;Malgun Gothic&quot;, &quot;맑은 고딕&quot;, helvetica, &quot;Apple SD Gothic Neo&quot;, helvetica, &quot;나눔바른고딕 옛한글&quot;, &quot;NanumBarunGothic YetHangul&quot;, sans-serif;\"><dt style=\"margin: 0px 0px 1px; padding: 0px 0px 0px 14px; float: left; color: gray; white-space: nowrap; width: 37px;\"><span class=\"cm_bar\" style=\"display: inline-block; position: absolute; top: 4px; left: 0px; width: 3px; bottom: -10px; height: auto; opacity: 0.9; border-radius: 10px; background-color: rgb(238, 241, 245);\"></span>2015</dt><dd style=\"margin: 0px 0px 1px; padding: 0px 0px 0px 12px; overflow: hidden; color: rgb(66, 66, 66);\"><ul style=\"margin-bottom: 0px; margin-left: 0px; list-style-type: none;\"><li style=\"margin: 0px; padding: 0px; clear: both;\"><span class=\"text\" style=\"display: inline-block; padding-top: 1px; line-height: 2rem; vertical-align: top;\">한국을 빛낸 자랑스런 한국인 대상</span></li></ul></dd></div><div class=\"info_group\" style=\"margin: 0px; padding: 0px; position: relative; color: rgb(0, 0, 0); font-family: -apple-system, BlinkMacSystemFont, &quot;Malgun Gothic&quot;, &quot;맑은 고딕&quot;, helvetica, &quot;Apple SD Gothic Neo&quot;, helvetica, &quot;나눔바른고딕 옛한글&quot;, &quot;NanumBarunGothic YetHangul&quot;, sans-serif;\"><dt style=\"margin: 0px 0px 1px; padding: 0px 0px 0px 14px; float: left; color: gray; white-space: nowrap; width: 37px;\"><span class=\"cm_bar\" style=\"display: inline-block; position: absolute; top: 4px; left: 0px; width: 3px; bottom: -10px; height: auto; opacity: 0.9; border-radius: 10px; background-color: rgb(238, 241, 245);\"></span>2015</dt><dd style=\"margin: 0px 0px 1px; padding: 0px 0px 0px 12px; overflow: hidden; color: rgb(66, 66, 66);\"><ul style=\"margin-bottom: 0px; margin-left: 0px; list-style-type: none;\"><li style=\"margin: 0px; padding: 0px; clear: both;\"><span class=\"text\" style=\"display: inline-block; padding-top: 1px; line-height: 2rem; vertical-align: top;\">바른사회시민회의 우수의정활동상</span></li></ul></dd></div><div class=\"info_group\" style=\"margin: 0px; padding: 0px; position: relative; color: rgb(0, 0, 0); font-family: -apple-system, BlinkMacSystemFont, &quot;Malgun Gothic&quot;, &quot;맑은 고딕&quot;, helvetica, &quot;Apple SD Gothic Neo&quot;, helvetica, &quot;나눔바른고딕 옛한글&quot;, &quot;NanumBarunGothic YetHangul&quot;, sans-serif;\"><dt style=\"margin: 0px 0px 1px; padding: 0px 0px 0px 14px; float: left; color: gray; white-space: nowrap; width: 37px;\"><span class=\"cm_bar\" style=\"display: inline-block; position: absolute; top: 4px; left: 0px; width: 3px; bottom: -10px; height: auto; opacity: 0.9; border-radius: 10px; background-color: rgb(238, 241, 245);\"></span>2013</dt><dd style=\"margin: 0px 0px 1px; padding: 0px 0px 0px 12px; overflow: hidden; color: rgb(66, 66, 66);\"><ul style=\"margin-bottom: 0px; margin-left: 0px; list-style-type: none;\"><li style=\"margin: 0px; padding: 0px; clear: both;\"><span class=\"text\" style=\"display: inline-block; padding-top: 1px; line-height: 2rem; vertical-align: top;\">동아일보 선정 10년 뒤 한국을 빛낼 100인</span></li></ul></dd></div>', '1na.jpg', 'p.jpg', 'p2.jpg', NULL, '0', 'In Stock', '2021-09-18 06:43:34', NULL),
(23, 18, 230, '김소연', '대전 유성 을<div> <br></div>', '국민의힘', 1000, 1, '<div class=\"info_group\" style=\"margin: 0px; padding: 0px; position: relative; color: rgb(0, 0, 0); font-family: -apple-system, BlinkMacSystemFont, &quot;Malgun Gothic&quot;, &quot;맑은 고딕&quot;, helvetica, &quot;Apple SD Gothic Neo&quot;, helvetica, &quot;나눔바른고딕 옛한글&quot;, &quot;NanumBarunGothic YetHangul&quot;, sans-serif;\"><dt style=\"margin: 0px; padding: 0px 8px 0px 0px; float: left; letter-spacing: -0.3px; color: gray;\"><span style=\"letter-spacing: -0.3px;\">소속</span></dt></div><div class=\"info_group\" style=\"margin: 0px; padding: 0px; position: relative; color: rgb(0, 0, 0); font-family: -apple-system, BlinkMacSystemFont, &quot;Malgun Gothic&quot;, &quot;맑은 고딕&quot;, helvetica, &quot;Apple SD Gothic Neo&quot;, helvetica, &quot;나눔바른고딕 옛한글&quot;, &quot;NanumBarunGothic YetHangul&quot;, sans-serif;\"><dd style=\"margin: 2.5px 0px 0px 48px; padding: 0px; position: relative; color: rgb(66, 66, 66); word-break: break-word;\"><a nocr=\"\" href=\"https://search.naver.com/search.naver?where=nexearch&amp;sm=tab_etc&amp;qvt=0&amp;query=%EA%B5%AD%EB%AF%BC%EC%9D%98%ED%9E%98\" style=\"color: rgb(12, 67, 183); outline: none; word-break: break-all; display: inline-block; vertical-align: top;\">국민의힘</a>(대전 유성을)</dd></div><div class=\"info_group\" style=\"margin: 0px; padding: 0px; position: relative; color: rgb(0, 0, 0); font-family: -apple-system, BlinkMacSystemFont, &quot;Malgun Gothic&quot;, &quot;맑은 고딕&quot;, helvetica, &quot;Apple SD Gothic Neo&quot;, helvetica, &quot;나눔바른고딕 옛한글&quot;, &quot;NanumBarunGothic YetHangul&quot;, sans-serif;\"><dt class=\"\" style=\"margin: 0px; padding: 0px 8px 0px 0px; float: left; letter-spacing: -0.3px; color: gray;\"><span class=\"cm_bar\" style=\"display: inline-block; position: absolute; top: 4px; left: -15px; bottom: -7px; width: 3px; height: auto; opacity: 0.9; background-color: rgb(238, 241, 245);\"></span>학력</dt><dd style=\"margin: 2.5px 0px 0px 48px; padding: 0px; position: relative; color: rgb(66, 66, 66); word-break: break-word;\">충남대 법학전문 대학원 석사</dd></div><div class=\"info_group\" style=\"margin: 0px; padding: 0px; position: relative; color: rgb(0, 0, 0); font-family: -apple-system, BlinkMacSystemFont, &quot;Malgun Gothic&quot;, &quot;맑은 고딕&quot;, helvetica, &quot;Apple SD Gothic Neo&quot;, helvetica, &quot;나눔바른고딕 옛한글&quot;, &quot;NanumBarunGothic YetHangul&quot;, sans-serif;\"><dt class=\"\" style=\"margin: 0px; padding: 0px 8px 0px 0px; float: left; letter-spacing: -0.3px; color: gray;\"><span class=\"cm_bar\" style=\"display: inline-block; position: absolute; top: 4px; left: -15px; bottom: -7px; width: 3px; height: auto; opacity: 0.9; background-color: rgb(238, 241, 245);\"></span></dt></div><div class=\"info_group\" style=\"margin: 0px; padding: 0px; position: relative; color: rgb(0, 0, 0); font-family: -apple-system, BlinkMacSystemFont, &quot;Malgun Gothic&quot;, &quot;맑은 고딕&quot;, helvetica, &quot;Apple SD Gothic Neo&quot;, helvetica, &quot;나눔바른고딕 옛한글&quot;, &quot;NanumBarunGothic YetHangul&quot;, sans-serif;\"><dt class=\"\" style=\"margin: 0px; padding: 0px 8px 0px 0px; float: left; letter-spacing: -0.3px; color: gray;\">경력</dt><dd style=\"margin: 2.5px 0px 0px 48px; padding: 0px; position: relative; color: rgb(66, 66, 66); word-break: break-word;\">대전 광역시 의원</dd><dd style=\"margin: 2.5px 0px 0px 48px; padding: 0px; position: relative; color: rgb(66, 66, 66); word-break: break-word;\">김소연 법율사무소 대표 변호사</dd></div>', 'sykim.jpg', 'p.jpg', 'p2.jpg', NULL, '0', 'In Stock', '2021-09-18 07:06:54', NULL),
(24, 4, 2, '원희룡', '제주<div>제주</div>', 'Product company 제주 갑 ', 1000, 0, 'Product Description at admin textarea', '1won.jpg', 'p.jpg', 'p2.jpg', NULL, '0', 'In Stock', '2021-09-18 07:57:58', NULL),
(25, 4, 3, '최재형', '<div>감사원장</div><div>대선후보</div>', '한국당<br>한국당', 1000, 1, '<p style=\"margin-bottom: 0px; padding: 0px;\">‘언론중재법&nbsp;</p>', '1choi.jpg', 'p.jpg', 'p2.jpg', NULL, '0', 'In Stock', '2021-09-19 00:37:47', NULL),
(26, 5, 11, '김사랑', '성남시<div>성남시의원</div>', '성남시', 1000, 1, '성남시<div>성남시의원</div>', '스크린샷(301).png', 'p.jpg', 'p2.jpg', NULL, '0', 'In Stock', '2021-09-23 07:29:45', NULL),
(28, 4, 6, '테스트', '무소속<div>무소속</div>', '무소속', 1000, 1000, '<span style=\"color: rgb(13, 13, 13); font-family: Roboto, Noto, sans-serif; font-size: 15px; white-space: pre-wrap;\">투표는 아래 푸른색 링크를 누르세요⬇️\r\n</span><span style=\"color: rgb(13, 13, 13); font-family: Roboto, Noto, sans-serif; font-size: 15px; white-space: pre-wrap;\">http://vote.jumpingcrab.com/test/0807/sampleone</span><span style=\"color: rgb(13, 13, 13); font-family: Roboto, Noto, sans-serif; font-size: 15px; white-space: pre-wrap;\">\r\n\r\n</span><span style=\"color: rgb(13, 13, 13); font-family: Roboto, Noto, sans-serif; font-size: 15px; white-space: pre-wrap;\">http://vote.jumpingcrab.com/t0422/0</span><span style=\"color: rgb(13, 13, 13); font-family: Roboto, Noto, sans-serif; font-size: 15px; white-space: pre-wrap;\">\r\n\r\n*****이하 참고*****\r\nYoutub 시청 중 \"투표\" 9초後, 본래의 동영상으로 return 실험\r\nWindow close실험  </span><span style=\"color: rgb(13, 13, 13); font-family: Roboto, Noto, sans-serif; font-size: 15px; white-space: pre-wrap;\">http://vote.jumpingcrab.com/test/0807/sampleone9sec</span><span style=\"color: rgb(13, 13, 13); font-family: Roboto, Noto, sans-serif; font-size: 15px; white-space: pre-wrap;\">\r\n\r\n샘플들 1  .2  .3 .4  \r\n</span><span style=\"color: rgb(13, 13, 13); font-family: Roboto, Noto, sans-serif; font-size: 15px; white-space: pre-wrap;\">http://vote.jumpingcrab.com/1hospital/1kwang0</span><span style=\"color: rgb(13, 13, 13); font-family: Roboto, Noto, sans-serif; font-size: 15px; white-space: pre-wrap;\">\r\n\r\n</span><span style=\"color: rgb(13, 13, 13); font-family: Roboto, Noto, sans-serif; font-size: 15px; white-space: pre-wrap;\">http://vote.jumpingcrab.com/txtpoll/txt0831_0</span><span style=\"color: rgb(13, 13, 13); font-family: Roboto, Noto, sans-serif; font-size: 15px; white-space: pre-wrap;\">\r\n\r\n</span><span style=\"color: rgb(13, 13, 13); font-family: Roboto, Noto, sans-serif; font-size: 15px; white-space: pre-wrap;\">http://vote.jumpingcrab.com/test/0807/sampleone0</span><span style=\"color: rgb(13, 13, 13); font-family: Roboto, Noto, sans-serif; font-size: 15px; white-space: pre-wrap;\">\r\n(0)\r\n</span><span style=\"color: rgb(13, 13, 13); font-family: Roboto, Noto, sans-serif; font-size: 15px; white-space: pre-wrap;\">http://vote.jumpingcrab.com/votesystem/votesystem3_0</span><span style=\"color: rgb(13, 13, 13); font-family: Roboto, Noto, sans-serif; font-size: 15px; white-space: pre-wrap;\">\r\n\r\n</span><span style=\"color: rgb(13, 13, 13); font-family: Roboto, Noto, sans-serif; font-size: 15px; white-space: pre-wrap;\">http://vote.jumpingcrab.com/votesystem/votesystem3_0/admin</span><span style=\"color: rgb(13, 13, 13); font-family: Roboto, Noto, sans-serif; font-size: 15px; white-space: pre-wrap;\">\r\n(참고 추천하지 않음)\r\n</span><span style=\"color: rgb(13, 13, 13); font-family: Roboto, Noto, sans-serif; font-size: 15px; white-space: pre-wrap;\">http://vote.jumpingcrab.com/test/cmja0_test1</span><span style=\"color: rgb(13, 13, 13); font-family: Roboto, Noto, sans-serif; font-size: 15px; white-space: pre-wrap;\">\r\n(전화번호)\r\n</span><span style=\"color: rgb(13, 13, 13); font-family: Roboto, Noto, sans-serif; font-size: 15px; white-space: pre-wrap;\">http://vote.jumpingcrab.com/test/cmja0_test0</span><span style=\"color: rgb(13, 13, 13); font-family: Roboto, Noto, sans-serif; font-size: 15px; white-space: pre-wrap;\">\r\n(동영상)\r\n</span><span style=\"color: rgb(13, 13, 13); font-family: Roboto, Noto, sans-serif; font-size: 15px; white-space: pre-wrap;\">https://youtu.be/wc7kZdEkdqs</span><span style=\"color: rgb(13, 13, 13); font-family: Roboto, Noto, sans-serif; font-size: 15px; white-space: pre-wrap;\">\r\n(Bar)\r\n</span><span style=\"color: rgb(13, 13, 13); font-family: Roboto, Noto, sans-serif; font-size: 15px; white-space: pre-wrap;\">http://vote.jumpingcrab.com/1hospital/0_bar/</span>', 'return1a.jpg', 'vote333.jpg', 'p.jpg', NULL, '0', 'In Stock', '2021-09-27 04:57:00', NULL),
(37, 4, 229, '충청', '첫째12자<div>둘째줄</div>', '충청', 3, 3, '충청<br>', '소나무.jpg', '소나무.jpg', '소나무.jpg', NULL, '3', 'In Stock', '2022-01-28 13:30:00', NULL),
(39, 7, 238, '오징어 2', 'text 안 나오게하고<div>img Link에 연결</div>', '오징어 2', 2, 2, '오징어 2<br>', '소나무.jpg', '소나무.jpg', '소나무.jpg', NULL, '2', 'In Stock', '2022-01-28 13:35:25', NULL);

-- --------------------------------------------------------

--
-- 테이블 구조 `subcategory`
--

CREATE TABLE `subcategory` (
  `id` int(11) NOT NULL,
  `categoryid` int(11) DEFAULT NULL,
  `subcategory` varchar(255) DEFAULT NULL,
  `creationDate` timestamp NULL DEFAULT current_timestamp(),
  `updationDate` varchar(255) DEFAULT NULL
) ENGINE=InnoDB DEFAULT CHARSET=utf8mb3 COLLATE=utf8mb3_unicode_ci;

--
-- 테이블의 덤프 데이터 `subcategory`
--

INSERT INTO `subcategory` (`id`, `categoryid`, `subcategory`, `creationDate`, `updationDate`) VALUES
(2, 4, '서울종로', '2017-01-26 16:24:52', '07-11-2021 12:02:22 PM'),
(3, 4, '서울서초갑', '2017-01-26 16:29:09', '07-11-2021 12:02:36 PM'),
(4, 4, '서울동작', '2017-01-30 16:55:48', '07-11-2021 12:02:47 PM'),
(5, 4, '경기안성', '2017-02-04 04:12:40', '06-11-2021 01:55:17 PM'),
(6, 4, '경북대구중남구', '2017-02-04 04:13:00', '07-11-2021 12:03:11 PM'),
(9, 5, '서울시장', '2017-02-04 04:36:45', '19-09-2021 07:04:23 PM'),
(10, 5, '부산시장', '2017-02-04 04:37:02', '06-11-2021 01:42:22 PM'),
(11, 5, '성남시장', '2017-02-04 04:37:51', '06-11-2021 01:42:44 PM'),
(12, 6, '예술', '2017-03-10 20:12:59', '26-01-2022 01:20:51 PM'),
(25, 5, '지방의회', '2021-09-23 07:27:50', NULL),
(28, 4, '부산', '2021-10-13 08:26:22', NULL),
(29, 5, '성남의원', '2021-11-06 08:10:40', '06-11-2021 01:43:56 PM'),
(227, 7, '인기투표', '2021-10-07 07:07:21', '09-03-2022 02:00:56 PM'),
(229, 4, '충청', '2021-12-08 07:17:21', NULL),
(230, 18, '대전유성을', '2021-12-08 07:18:59', NULL),
(231, 6, '과학', '2022-01-26 07:40:51', '12-03-2022 04:41:41 AM'),
(232, 6, '경제', '2022-01-26 07:41:02', '12-03-2022 04:43:06 AM'),
(233, 6, '의학', '2022-01-26 07:41:12', NULL),
(234, 6, '원자력', '2022-01-26 07:47:07', NULL),
(236, 7, '여론 청원', '2022-02-09 07:26:59', '09-03-2022 02:52:24 PM'),
(237, 6, '정치', '2022-03-03 01:36:05', NULL),
(238, 7, '오징어게임', '2022-03-09 10:20:08', NULL),
(239, 6, '교육', '2022-03-11 23:10:22', NULL);

-- --------------------------------------------------------

--
-- 테이블 구조 `userlog`
--

CREATE TABLE `userlog` (
  `id` int(11) NOT NULL,
  `userEmail` varchar(255) DEFAULT NULL,
  `userip` binary(16) DEFAULT NULL,
  `loginTime` timestamp NULL DEFAULT current_timestamp(),
  `logout` varchar(255) DEFAULT NULL,
  `status` int(11) DEFAULT NULL
) ENGINE=InnoDB DEFAULT CHARSET=utf8mb3 COLLATE=utf8mb3_unicode_ci;

--
-- 테이블의 덤프 데이터 `userlog`
--

INSERT INTO `userlog` (`id`, `userEmail`, `userip`, `loginTime`, `logout`, `status`) VALUES
(1, 'kskang2@gmail.com', 0x3a3a3100000000000000000000000000, '2021-09-22 08:41:53', '22-09-2021 02:12:00 PM', 1),
(2, 'kyungsuk.kang@gmail.com', 0x3a3a3100000000000000000000000000, '2021-09-22 08:42:17', '22-09-2021 02:12:23 PM', 1),
(3, 'kskang2@gmail.com', 0x3a3a3100000000000000000000000000, '2021-09-22 21:33:10', '23-09-2021 10:31:36 AM', 1),
(4, 'kskang2@gmail.com', 0x3a3a3100000000000000000000000000, '2021-09-23 05:01:49', '23-09-2021 10:31:58 AM', 1),
(5, 'kyungsuk.kang@gmail.com', 0x3a3a3100000000000000000000000000, '2021-09-23 05:06:51', NULL, 1),
(6, 'kskang2@gmail.com', 0x3139322e3136382e382e313138000000, '2021-09-24 01:56:12', '24-09-2021 11:52:30 AM', 1),
(7, 'kskang2@gmail.com', 0x3a3a3100000000000000000000000000, '2021-10-01 13:26:31', NULL, 1),
(8, 'kskang2@gmail.comm', 0x3a3a3100000000000000000000000000, '2021-10-03 23:26:22', NULL, 0),
(9, 'anuj.lpu1@gmail.com', 0x3a3a3100000000000000000000000000, '2021-10-03 23:27:11', NULL, 0),
(10, 'anuj.lpu1@gmail.com', 0x3a3a3100000000000000000000000000, '2021-10-03 23:27:35', NULL, 0),
(11, 'kyungsuk.kang@gmail.com', 0x3a3a3100000000000000000000000000, '2021-10-03 23:28:09', NULL, 1),
(12, 'kskang2@gmail.com', 0x3a3a3100000000000000000000000000, '2021-10-04 01:08:08', '04-10-2021 10:11:20 AM', 1),
(13, 'kyungsuk.kang@gmail.com', 0x3a3a3100000000000000000000000000, '2021-10-04 03:49:41', '04-10-2021 09:21:21 AM', 1),
(14, 'kyungsuk.kang@gmail.com', 0x3a3a3100000000000000000000000000, '2021-10-04 03:51:35', NULL, 1),
(15, 'kyungsuk.kang@gmail.com', 0x3a3a3100000000000000000000000000, '2021-10-04 04:41:42', '04-10-2021 10:20:43 AM', 1),
(16, 'kskang2@gmail.com', 0x3a3a3100000000000000000000000000, '2021-10-04 04:50:53', '04-10-2021 10:28:49 AM', 1),
(17, 'kskang2@gmail.com', 0x3a3a3100000000000000000000000000, '2021-10-04 04:59:01', NULL, 1),
(18, 'kskang2@gmail.com', 0x3a3a3100000000000000000000000000, '2021-10-05 02:41:13', '05-10-2021 08:11:55 AM', 1),
(19, 'kskang2@gmail.com', 0x3a3a3100000000000000000000000000, '2021-10-05 02:42:11', NULL, 1),
(20, 'kskang2@gmail.com', 0x3a3a3100000000000000000000000000, '2021-10-05 02:42:34', '05-10-2021 08:13:02 AM', 1),
(21, 'kskang2@gmail.com', 0x3a3a3100000000000000000000000000, '2021-10-05 02:43:14', '05-10-2021 08:32:02 AM', 1),
(22, 'kyungsuk.kang@gmail.com', 0x3a3a3100000000000000000000000000, '2021-10-05 03:02:15', NULL, 1),
(23, '', 0x3a3a3100000000000000000000000000, '2021-10-05 20:52:13', NULL, 0),
(24, 'kskang2@gmail.com', 0x3a3a3100000000000000000000000000, '2021-10-05 20:52:23', '06-10-2021 05:25:42 AM', 1),
(25, 'kskang2@gmail.com', 0x3a3a3100000000000000000000000000, '2021-10-05 23:56:05', '06-10-2021 07:01:35 AM', 1),
(26, 'kskang2@gmail.com', 0x3a3a3100000000000000000000000000, '2021-10-06 01:31:47', '06-10-2021 10:01:11 AM', 1),
(27, 'kskang2@gmail.com', 0x3a3a3100000000000000000000000000, '2021-10-06 04:53:29', '06-10-2021 10:26:15 AM', 1),
(28, 'kskang2@gmail.com', 0x3a3a3100000000000000000000000000, '2021-10-06 04:56:28', '06-10-2021 10:27:27 AM', 1),
(29, 'kskang2@gmail.com', 0x3a3a3100000000000000000000000000, '2021-10-06 05:00:12', '06-10-2021 10:30:39 AM', 1),
(30, 'kskang@gmail.com', 0x3a3a3100000000000000000000000000, '2021-10-06 05:09:52', NULL, 0),
(31, 'kskang2@gmail.com', 0x3a3a3100000000000000000000000000, '2021-10-06 05:10:13', '06-10-2021 12:06:42 PM', 1),
(32, 'kskang2@gmail.com', 0x3a3a3100000000000000000000000000, '2021-10-06 06:36:55', NULL, 1),
(33, 'kskang2@gmail.com', 0x3a3a3100000000000000000000000000, '2021-10-06 09:17:27', NULL, 1),
(34, 'kskang2@gmail.com', 0x3139322e3136382e382e363000000000, '2021-10-06 22:51:23', '07-10-2021 04:21:49 AM', 1),
(35, 'kskang2@gmail.com', 0x3139322e3136382e382e363000000000, '2021-10-06 22:52:03', '07-10-2021 04:22:56 AM', 1),
(36, 'kskang2@gmail.com', 0x3139322e3136382e382e363000000000, '2021-10-06 22:53:14', '07-10-2021 04:24:59 AM', 1),
(37, 'kskang2@gmail.com', 0x3139322e3136382e382e363000000000, '2021-10-06 23:05:18', '07-10-2021 04:35:38 AM', 1),
(38, 'kskang2@gmail.com', 0x3139322e3136382e382e363000000000, '2021-10-06 23:15:05', '07-10-2021 04:45:48 AM', 1),
(39, 'kskang2@gmail.com', 0x3139322e3136382e382e363000000000, '2021-10-06 23:19:02', NULL, 1),
(40, 'kskang2@gmail.com', 0x3a3a3100000000000000000000000000, '2021-10-07 04:43:52', '07-10-2021 10:14:56 AM', 1),
(41, 'kskang2@gmail.com', 0x3a3a3100000000000000000000000000, '2021-10-07 04:45:32', '07-10-2021 10:17:10 AM', 1),
(42, 'kskang2@gmail.com', 0x3a3a3100000000000000000000000000, '2021-10-07 05:01:54', '07-10-2021 12:22:48 PM', 1),
(43, 'kskang2@gmail.com', 0x3a3a3100000000000000000000000000, '2021-10-07 07:02:58', '07-10-2021 12:34:36 PM', 1),
(44, 'kskang2@gmail.com', 0x3a3a3100000000000000000000000000, '2021-10-07 07:10:43', NULL, 1),
(45, 'kskang2@gmail.com', 0x3a3a3100000000000000000000000000, '2021-10-07 07:23:02', NULL, 1),
(46, 'kskang2@gmail.com', 0x3a3a3100000000000000000000000000, '2021-10-10 23:07:45', NULL, 1),
(47, 'kskang2@gmail.com', 0x3a3a3100000000000000000000000000, '2021-10-10 23:57:50', '11-10-2021 08:15:38 AM', 1),
(48, 'kskang2@gmail.com', 0x3a3a3100000000000000000000000000, '2021-10-11 02:45:58', '11-10-2021 08:19:00 AM', 1),
(49, 'kskang2@gmail.com', 0x3a3a3100000000000000000000000000, '2021-10-11 03:05:53', '11-10-2021 08:36:08 AM', 1),
(50, 'kskang2@gmail.com', 0x3a3a3100000000000000000000000000, '2021-10-11 03:16:24', '11-10-2021 09:31:13 AM', 1),
(51, 'kskang2@gmail.com', 0x3a3a3100000000000000000000000000, '2021-10-11 04:01:24', '11-10-2021 09:34:42 AM', 1),
(52, 'kskang2@gmail.com', 0x3a3a3100000000000000000000000000, '2021-10-11 04:05:06', '11-10-2021 09:35:08 AM', 1),
(53, 'kskang2@gmail.com', 0x3a3a3100000000000000000000000000, '2021-10-11 04:10:16', '11-10-2021 09:44:30 AM', 1),
(54, 'kskang2@gmail.com', 0x3a3a3100000000000000000000000000, '2021-10-11 04:14:50', '11-10-2021 09:47:22 AM', 1),
(55, 'kskang2@gmail.com', 0x3a3a3100000000000000000000000000, '2021-10-11 04:17:32', NULL, 0),
(56, 'kskang2@gmail.com', 0x3a3a3100000000000000000000000000, '2021-10-11 04:17:42', NULL, 0),
(57, 'kskang2@gmail.com', 0x3a3a3100000000000000000000000000, '2021-10-11 04:17:52', '11-10-2021 10:16:13 AM', 1),
(58, 'kskang2@gmail.com', 0x3a3a3100000000000000000000000000, '2021-10-11 04:46:25', NULL, 0),
(59, 'kskang2@gmail.com', 0x3a3a3100000000000000000000000000, '2021-10-11 04:46:34', '11-10-2021 10:24:20 AM', 1),
(60, 'kskang2@gmail.com', 0x3a3a3100000000000000000000000000, '2021-10-11 04:54:31', NULL, 0),
(61, 'kskang2@gmail.com', 0x3a3a3100000000000000000000000000, '2021-10-11 04:54:42', '11-10-2021 10:25:09 AM', 1),
(62, 'kskang2@gmail.com', 0x3a3a3100000000000000000000000000, '2021-10-11 04:55:19', '11-10-2021 11:24:12 AM', 1),
(63, 'kskang2@gmail.com', 0x3a3a3100000000000000000000000000, '2021-10-11 05:57:32', '11-10-2021 12:59:27 PM', 1),
(64, 'kskang2@gmail.com', 0x3a3a3100000000000000000000000000, '2021-10-11 07:43:26', '11-10-2021 01:19:38 PM', 1),
(65, 'kskang2@gmail.com', 0x3a3a3100000000000000000000000000, '2021-10-11 07:49:51', '11-10-2021 01:20:50 PM', 1),
(66, 'kskang2@gmail.com', 0x3a3a3100000000000000000000000000, '2021-10-11 07:51:08', '11-10-2021 01:26:39 PM', 1),
(67, 'kskang2@gmail.com', 0x3a3a3100000000000000000000000000, '2021-10-11 07:56:51', '11-10-2021 01:28:51 PM', 1),
(68, 'kskang2@gmail.com', 0x3a3a3100000000000000000000000000, '2021-10-11 08:02:30', NULL, 1),
(69, 'kskang2@gmail.com', 0x3139322e3136382e382e313137000000, '2021-10-11 08:30:01', '11-10-2021 02:05:17 PM', 1),
(70, 'kskang2@gmail.com', 0x3a3a3100000000000000000000000000, '2021-10-11 08:48:52', '11-10-2021 02:30:00 PM', 1),
(71, 'kskang2@gmail.com', 0x3a3a3100000000000000000000000000, '2021-10-11 09:00:16', '11-10-2021 02:36:05 PM', 1),
(72, 'kskang2@gmail.com', 0x3a3a3100000000000000000000000000, '2021-10-11 09:15:13', '11-10-2021 02:45:32 PM', 1),
(73, 'kskang2@gmail.com', 0x3a3a3100000000000000000000000000, '2021-10-11 09:17:09', NULL, 1),
(74, 'kskang2@gmail.com', 0x3a3a3100000000000000000000000000, '2021-10-11 10:46:21', NULL, 1),
(75, 'kskang2@gmail.com', 0x3139322e3136382e382e313137000000, '2021-10-11 10:56:54', '11-10-2021 04:32:12 PM', 1),
(76, 'kskang2@gmail.com', 0x3a3a3100000000000000000000000000, '2021-10-11 11:04:27', '11-10-2021 04:34:49 PM', 1),
(77, 'kskang2@gmail.com', 0x3a3a3100000000000000000000000000, '2021-10-11 11:05:00', '11-10-2021 04:37:12 PM', 1),
(78, 'kskang2@gmail.com', 0x3a3a3100000000000000000000000000, '2021-10-11 11:08:02', '11-10-2021 04:38:29 PM', 1),
(79, 'kskang2@gmail.com', 0x3a3a3100000000000000000000000000, '2021-10-11 11:08:43', '11-10-2021 04:39:21 PM', 1),
(80, 'kskang2@gmail.com', 0x3a3a3100000000000000000000000000, '2021-10-11 11:09:30', '11-10-2021 04:40:47 PM', 1),
(81, 'kskang2@gmail.com', 0x3a3a3100000000000000000000000000, '2021-10-11 13:19:10', '11-10-2021 06:54:18 PM', 1),
(82, 'kskang2@gmail.com', 0x3a3a3100000000000000000000000000, '2021-10-11 13:24:35', '11-10-2021 06:54:40 PM', 1),
(83, 'kskang2@gmail.com', 0x3a3a3100000000000000000000000000, '2021-10-11 13:25:03', '11-10-2021 06:55:16 PM', 1),
(84, 'kskang2@gmail.com', 0x3a3a3100000000000000000000000000, '2021-10-11 13:26:22', '11-10-2021 06:58:03 PM', 1),
(85, 'kskang2@gmail.com', 0x3a3a3100000000000000000000000000, '2021-10-11 13:28:15', '11-10-2021 06:59:40 PM', 1),
(86, 'kskang2@gmail.com', 0x3a3a3100000000000000000000000000, '2021-10-11 13:30:12', '11-10-2021 07:01:37 PM', 1),
(87, 'kskang2@gmail.com', 0x3a3a3100000000000000000000000000, '2021-10-11 13:36:31', '11-10-2021 07:06:55 PM', 1),
(88, 'kskang2@gmail.com', 0x3a3a3100000000000000000000000000, '2021-10-11 13:39:17', '11-10-2021 07:10:53 PM', 1),
(89, 'kskang2@gmail.com', 0x3a3a3100000000000000000000000000, '2021-10-11 13:41:13', '11-10-2021 07:11:20 PM', 1),
(90, 'kskang2@gmail.com', 0x3a3a3100000000000000000000000000, '2021-10-11 13:42:27', NULL, 1),
(91, 'kskang2@gmail.com', 0x3a3a3100000000000000000000000000, '2021-10-11 22:15:53', '12-10-2021 03:47:42 AM', 1),
(92, 'kskang2@gmail.com', 0x3a3a3100000000000000000000000000, '2021-10-11 22:19:00', '12-10-2021 04:00:58 AM', 1),
(93, 'kskang2@gmail.com', 0x3a3a3100000000000000000000000000, '2021-10-12 08:17:26', '12-10-2021 02:11:22 PM', 1),
(94, 'kskang2@gmail.com', 0x3a3a3100000000000000000000000000, '2021-10-12 08:41:34', '12-10-2021 06:38:09 PM', 1),
(95, 'kskang2@gmail.com', 0x3a3a3100000000000000000000000000, '2021-10-12 13:08:20', NULL, 1),
(96, 'kskang2@gmail.com', 0x3a3a3100000000000000000000000000, '2021-10-12 21:29:18', '13-10-2021 03:03:51 AM', 1),
(97, 'kskang2@gmail.com', 0x3a3a3100000000000000000000000000, '2021-10-12 21:34:04', '13-10-2021 03:05:53 AM', 1),
(98, 'kskang2@gmail.com', 0x3a3a3100000000000000000000000000, '2021-10-12 21:36:54', NULL, 1),
(99, 'kskang2@gmail.com', 0x3a3a3100000000000000000000000000, '2021-10-12 21:50:58', '13-10-2021 03:32:00 AM', 1),
(100, 'kskang2@gmail.com', 0x3a3a3100000000000000000000000000, '2021-10-12 22:02:21', '13-10-2021 03:34:06 AM', 1),
(101, 'kskang2@gmail.com', 0x3a3a3100000000000000000000000000, '2021-10-12 22:04:28', '13-10-2021 03:40:45 AM', 1),
(102, 'kskang2@gmail.com', 0x3a3a3100000000000000000000000000, '2021-10-12 22:30:30', '13-10-2021 04:13:43 AM', 1),
(103, 'kskang2@gmail.com', 0x3a3a3100000000000000000000000000, '2021-10-12 22:44:15', '13-10-2021 04:19:12 AM', 1),
(104, 'kskang@gmail', 0x3a3a3100000000000000000000000000, '2021-10-12 22:53:30', NULL, 0),
(105, 'kskang2@gmail.com', 0x3a3a3100000000000000000000000000, '2021-10-12 22:59:57', '13-10-2021 04:31:00 AM', 1),
(106, 'kskang2@gmail.com', 0x3a3a3100000000000000000000000000, '2021-10-12 23:01:17', '13-10-2021 04:33:34 AM', 1),
(107, 'kskang2@gmail.com', 0x3a3a3100000000000000000000000000, '2021-10-12 23:03:49', '13-10-2021 04:38:20 AM', 1),
(108, 'kskang2@gmail.com', 0x3a3a3100000000000000000000000000, '2021-10-12 23:08:51', '13-10-2021 04:41:27 AM', 1),
(109, 'kskang2@gmail.com', 0x3a3a3100000000000000000000000000, '2021-10-12 23:11:49', '13-10-2021 04:44:11 AM', 1),
(110, 'kskang2@gmail.com', 0x3a3a3100000000000000000000000000, '2021-10-12 23:14:37', '13-10-2021 05:07:31 AM', 1),
(111, 'kyungsuk.kang@gmail.com', 0x3a3a3100000000000000000000000000, '2021-10-12 23:38:10', NULL, 0),
(112, 'kyungsuk.kang@gmail.com', 0x3a3a3100000000000000000000000000, '2021-10-12 23:38:44', '13-10-2021 05:09:37 AM', 1),
(113, 'kskang2@gmail.com', 0x3a3a3100000000000000000000000000, '2021-10-12 23:39:58', '13-10-2021 05:11:04 AM', 1),
(114, 'kskang2@gmail.com', 0x3a3a3100000000000000000000000000, '2021-10-12 23:41:20', '13-10-2021 05:11:42 AM', 1),
(115, 'kskang2@gmail.com', 0x3a3a3100000000000000000000000000, '2021-10-12 23:41:56', '13-10-2021 05:12:03 AM', 1),
(116, 'kyungsuk.kang@gmail.com', 0x3a3a3100000000000000000000000000, '2021-10-12 23:42:19', '13-10-2021 08:15:01 AM', 1),
(117, 'kskang2@gmail.com', 0x3a3a3100000000000000000000000000, '2021-10-13 00:10:58', '13-10-2021 05:41:09 AM', 1),
(118, 'kskang2@gmail.com', 0x3a3a3100000000000000000000000000, '2021-10-13 00:11:41', '13-10-2021 06:23:21 AM', 1),
(119, 'kskang2@gmail.com', 0x3a3a3100000000000000000000000000, '2021-10-13 03:59:27', '13-10-2021 10:25:50 AM', 1),
(120, 'kskang2@gmail.com', 0x3a3a3100000000000000000000000000, '2021-10-13 05:33:40', '13-10-2021 12:47:51 PM', 1),
(121, 'a', 0x3a3a3100000000000000000000000000, '2021-10-13 08:10:19', NULL, 0),
(122, 'a', 0x3a3a3100000000000000000000000000, '2021-10-13 08:11:36', '13-10-2021 01:42:11 PM', 1),
(123, 'a', 0x3a3a3100000000000000000000000000, '2021-10-13 08:14:06', '13-10-2021 02:05:31 PM', 1),
(124, 'a', 0x3a3a3100000000000000000000000000, '2021-10-13 08:35:50', '13-10-2021 02:29:56 PM', 1),
(125, 'kskang', 0x3a3a3100000000000000000000000000, '2021-10-13 09:00:30', '13-10-2021 04:50:07 PM', 1),
(126, 'a', 0x3a3a3100000000000000000000000000, '2021-10-13 11:20:16', '14-10-2021 10:44:50 AM', 1),
(127, 'kskang2@gmail.com', 0x3a3a3100000000000000000000000000, '2021-10-14 02:37:05', NULL, 1),
(128, 'a', 0x3a3a3100000000000000000000000000, '2021-10-14 05:14:58', '14-10-2021 10:46:28 AM', 1),
(129, 'a', 0x3a3a3100000000000000000000000000, '2021-10-14 05:16:37', '14-10-2021 10:47:57 AM', 1),
(130, 'a', 0x3a3a3100000000000000000000000000, '2021-10-14 05:18:03', NULL, 1),
(131, 'a', 0x3a3a3100000000000000000000000000, '2021-10-14 06:30:10', '14-10-2021 01:44:18 PM', 1),
(132, 'a', 0x3a3a3100000000000000000000000000, '2021-10-14 08:14:26', '14-10-2021 02:03:27 PM', 1),
(133, 'a', 0x3a3a3100000000000000000000000000, '2021-10-14 08:33:34', NULL, 1),
(134, 'kskang2@gmail.com', 0x3a3a3100000000000000000000000000, '2021-10-14 22:57:24', NULL, 1),
(135, 'a', 0x3a3a3100000000000000000000000000, '2021-10-16 04:37:23', NULL, 1),
(136, 'kskang2@gmail.com', 0x3a3a3100000000000000000000000000, '2021-10-25 05:22:20', '25-10-2021 10:52:31 AM', 1),
(137, 'kskang2@gmail.com', 0x3a3a3100000000000000000000000000, '2021-10-25 05:28:35', '25-10-2021 11:03:46 AM', 1),
(138, 'kskang2@gmail.com', 0x3a3a3100000000000000000000000000, '2021-10-25 05:59:55', '25-10-2021 11:30:17 AM', 1),
(139, 'kskang2@gmail.com', 0x3a3a3100000000000000000000000000, '2021-10-25 06:09:20', '25-10-2021 11:39:46 AM', 1),
(140, 'kskang2@gmail.com', 0x3a3a3100000000000000000000000000, '2021-10-25 06:19:32', '25-10-2021 11:49:50 AM', 1),
(141, 'kskang2@gmail.com', 0x3a3a3100000000000000000000000000, '2021-10-25 06:25:54', '25-10-2021 11:57:38 AM', 1),
(142, 'kskang2@gmail.com', 0x3a3a3100000000000000000000000000, '2021-10-25 06:30:37', '25-10-2021 12:00:40 PM', 1),
(143, 'kskang2@gmail.com', 0x3a3a3100000000000000000000000000, '2021-10-25 06:30:50', '25-10-2021 12:03:07 PM', 1),
(144, 'kskang2@gmail.com', 0x3a3a3100000000000000000000000000, '2021-10-25 06:43:23', '25-10-2021 12:16:14 PM', 1),
(145, 'kskang2@gmail.com', 0x3a3a3100000000000000000000000000, '2021-10-25 08:09:03', '25-10-2021 01:43:58 PM', 1),
(146, 'kskang2@gmail.com', 0x3a3a3100000000000000000000000000, '2021-10-25 08:14:12', '25-10-2021 01:45:22 PM', 1),
(147, 'kskang2@gmail.com', 0x3a3a3100000000000000000000000000, '2021-10-25 08:28:05', NULL, 0),
(148, 'kskang2@gmail.com', 0x3a3a3100000000000000000000000000, '2021-10-25 08:28:14', '25-10-2021 02:00:10 PM', 1),
(149, 'kskang2@gmail.com', 0x3a3a3100000000000000000000000000, '2021-10-25 08:51:49', NULL, 1),
(150, 'kskang2@gmail.com', 0x3a3a3100000000000000000000000000, '2021-10-25 21:49:57', '26-10-2021 03:21:12 AM', 1),
(151, 'kskang2@gmail.com', 0x3a3a3100000000000000000000000000, '2021-10-25 22:46:22', '26-10-2021 04:21:40 AM', 1),
(152, 'kskang2@gmail.com', 0x3a3a3100000000000000000000000000, '2021-10-25 22:57:02', '26-10-2021 04:27:37 AM', 1),
(153, 'kskang2@gmail.com', 0x3a3a3100000000000000000000000000, '2021-10-25 22:58:09', '26-10-2021 05:35:47 AM', 1),
(154, 'kskang2@gmail.com', 0x3a3a3100000000000000000000000000, '2021-10-26 00:06:07', '26-10-2021 05:43:15 AM', 1),
(155, 'kskang2@gmail.com', 0x3a3a3100000000000000000000000000, '2021-10-26 03:02:51', '26-10-2021 08:34:00 AM', 1),
(156, 'kskang2@gmail.com', 0x3a3a3100000000000000000000000000, '2021-10-26 08:34:44', '27-10-2021 04:19:26 AM', 1),
(157, 'kskang2@gmail.com', 0x3a3a3100000000000000000000000000, '2021-10-26 22:55:04', '27-10-2021 04:27:28 AM', 1),
(158, 'kskang2@gmail.com', 0x3a3a3100000000000000000000000000, '2021-10-26 22:59:37', NULL, 1),
(159, 'kskang2@gmail.com', 0x3a3a3100000000000000000000000000, '2021-10-27 12:25:55', NULL, 1),
(160, 'kskang2@gmail.com', 0x3a3a3100000000000000000000000000, '2021-10-27 20:50:00', '28-10-2021 02:27:24 AM', 1),
(161, 'kskang2@gmail.com', 0x3a3a3100000000000000000000000000, '2021-10-27 21:15:46', '28-10-2021 05:41:11 AM', 1),
(162, 'kskang2@gmail.com', 0x3a3a3100000000000000000000000000, '2021-10-28 00:11:30', '28-10-2021 05:50:00 AM', 1),
(163, 'a', 0x3a3a3100000000000000000000000000, '2021-10-28 00:20:16', '28-10-2021 05:51:19 AM', 1),
(164, 'kskang2@gmail.com', 0x3a3a3100000000000000000000000000, '2021-10-28 00:21:29', '28-10-2021 06:06:04 AM', 1),
(165, 'kskang2@gmail.com', 0x3a3a3100000000000000000000000000, '2021-10-28 00:36:15', '28-10-2021 10:36:08 AM', 1),
(166, 'kskang2@gmail.com', 0x3a3a3100000000000000000000000000, '2021-10-28 05:39:07', '28-10-2021 12:10:54 PM', 1),
(167, 'a', 0x3a3a3100000000000000000000000000, '2021-10-28 06:41:02', '28-10-2021 12:14:26 PM', 1),
(168, 'b', 0x3a3a3100000000000000000000000000, '2021-10-28 06:44:34', '28-10-2021 12:32:40 PM', 1),
(169, 'kskang2@gmail.com', 0x3a3a3100000000000000000000000000, '2021-10-28 07:02:53', NULL, 1),
(170, 'kskang2@gmail.com', 0x3a3a3100000000000000000000000000, '2021-10-28 11:09:42', '29-10-2021 03:05:25 AM', 1),
(171, 'kskang2@gmail.com', 0x3a3a3100000000000000000000000000, '2021-10-28 21:36:00', '29-10-2021 03:06:02 AM', 1),
(172, 'kskang2@gmail.com', 0x3a3a3100000000000000000000000000, '2021-10-28 21:36:31', '29-10-2021 03:06:33 AM', 1),
(173, 'kskang2@gmail.com', 0x3a3a3100000000000000000000000000, '2021-10-28 21:36:45', '29-10-2021 03:06:47 AM', 1),
(174, 'kskang2@gmail.com', 0x3a3a3100000000000000000000000000, '2021-10-28 21:51:59', '29-10-2021 03:27:43 AM', 1),
(175, 'c', 0x3a3a3100000000000000000000000000, '2021-10-28 22:04:39', '29-10-2021 03:35:18 AM', 1),
(176, 'a', 0x3a3a3100000000000000000000000000, '2021-10-28 22:05:27', '29-10-2021 03:36:05 AM', 1),
(177, 'c', 0x3a3a3100000000000000000000000000, '2021-10-28 22:06:12', '29-10-2021 03:53:02 AM', 1),
(178, 'a', 0x3a3a3100000000000000000000000000, '2021-10-28 22:23:10', '29-10-2021 03:54:48 AM', 1),
(179, 'c', 0x3a3a3100000000000000000000000000, '2021-10-28 22:24:56', '29-10-2021 04:16:32 AM', 1),
(180, 'kskang2@gmail.com', 0x3a3a3100000000000000000000000000, '2021-10-28 23:11:55', '29-10-2021 04:42:14 AM', 1),
(181, 'a', 0x3a3a3100000000000000000000000000, '2021-10-28 23:20:01', '29-10-2021 04:50:04 AM', 1),
(182, 'a', 0x3a3a3100000000000000000000000000, '2021-10-29 22:34:17', '30-10-2021 04:04:37 AM', 1),
(183, 'a', 0x3a3a3100000000000000000000000000, '2021-10-29 22:42:36', '30-10-2021 04:12:52 AM', 1),
(184, 'a', 0x3a3a3100000000000000000000000000, '2021-10-29 22:45:14', '30-10-2021 04:15:31 AM', 1),
(185, 'a', 0x3a3a3100000000000000000000000000, '2021-10-29 23:18:09', '30-10-2021 04:49:38 AM', 1),
(186, 'a', 0x3a3a3100000000000000000000000000, '2021-10-29 23:23:28', '30-10-2021 05:03:19 AM', 1),
(187, 'a', 0x3a3a3100000000000000000000000000, '2021-10-29 23:38:34', '30-10-2021 05:09:40 AM', 1),
(188, 'a', 0x3a3a3100000000000000000000000000, '2021-10-30 23:18:21', '31-10-2021 04:49:28 AM', 1),
(189, 'a', 0x3a3a3100000000000000000000000000, '2021-10-30 23:29:32', '31-10-2021 04:59:58 AM', 1),
(190, 'a', 0x3132372e302e302e3100000000000000, '2021-10-31 02:47:21', '31-10-2021 09:41:46 AM', 1),
(191, 'a', 0x3a3a3100000000000000000000000000, '2021-10-31 05:21:12', '31-10-2021 11:03:58 AM', 1),
(192, 'a', 0x3a3a3100000000000000000000000000, '2021-10-31 05:34:36', '31-10-2021 11:04:40 AM', 1),
(193, 'a', 0x3a3a3100000000000000000000000000, '2021-10-31 05:40:01', '31-10-2021 11:10:03 AM', 1),
(194, 'a', 0x3a3a3100000000000000000000000000, '2021-10-31 05:40:14', '31-10-2021 11:10:18 AM', 1),
(195, 'a', 0x3a3a3100000000000000000000000000, '2021-10-31 05:41:08', '31-10-2021 11:11:11 AM', 1),
(196, 'a', 0x3a3a3100000000000000000000000000, '2021-10-31 05:53:03', '31-10-2021 11:23:05 AM', 1),
(197, 'a', 0x3a3a3100000000000000000000000000, '2021-10-31 05:53:13', '31-10-2021 11:23:16 AM', 1),
(198, 'a', 0x3a3a3100000000000000000000000000, '2021-10-31 05:53:23', '31-10-2021 12:47:33 PM', 1),
(199, 'a', 0x3a3a3100000000000000000000000000, '2021-10-31 07:17:50', '31-10-2021 12:48:06 PM', 1),
(200, 'a', 0x3a3a3100000000000000000000000000, '2021-10-31 08:28:22', '31-10-2021 02:00:42 PM', 1),
(201, 'a', 0x3a3a3100000000000000000000000000, '2021-10-31 10:32:48', NULL, 1),
(202, 'a', 0x3139322e3136382e382e313137000000, '2021-10-31 11:32:49', '31-10-2021 05:12:31 PM', 1),
(203, 'a', 0x3139322e3136382e382e313137000000, '2021-10-31 11:42:58', NULL, 1),
(204, 'a', 0x3a3a3100000000000000000000000000, '2021-10-31 21:56:48', '01-11-2021 03:26:50 AM', 1),
(205, 'a', 0x3a3a3100000000000000000000000000, '2021-10-31 21:59:10', '01-11-2021 03:30:15 AM', 1),
(206, 'a', 0x3a3a3100000000000000000000000000, '2021-10-31 22:00:32', '01-11-2021 03:30:37 AM', 1),
(207, 'a', 0x3a3a3100000000000000000000000000, '2021-10-31 22:00:51', '01-11-2021 03:30:59 AM', 1),
(208, 'a', 0x3a3a3100000000000000000000000000, '2021-10-31 22:03:30', '01-11-2021 03:34:17 AM', 1),
(209, 'a', 0x3a3a3100000000000000000000000000, '2021-10-31 22:04:28', '01-11-2021 03:34:45 AM', 1),
(210, 'a', 0x3a3a3100000000000000000000000000, '2021-10-31 22:04:54', '01-11-2021 03:39:34 AM', 1),
(211, 'a', 0x3a3a3100000000000000000000000000, '2021-10-31 22:13:17', '01-11-2021 03:48:58 AM', 1),
(212, 'a', 0x3a3a3100000000000000000000000000, '2021-10-31 22:19:16', '01-11-2021 03:49:18 AM', 1),
(213, 'a', 0x3a3a3100000000000000000000000000, '2021-10-31 22:34:33', '01-11-2021 04:04:51 AM', 1),
(214, 'a', 0x3a3a3100000000000000000000000000, '2021-10-31 22:35:13', '01-11-2021 04:05:21 AM', 1),
(215, 'a', 0x3a3a3100000000000000000000000000, '2021-10-31 22:35:56', '01-11-2021 04:06:54 AM', 1),
(216, 'a', 0x3a3a3100000000000000000000000000, '2021-10-31 22:37:02', '01-11-2021 04:07:06 AM', 1),
(217, 'a', 0x3a3a3100000000000000000000000000, '2021-10-31 22:38:34', '01-11-2021 04:09:13 AM', 1),
(218, 'a', 0x3a3a3100000000000000000000000000, '2021-10-31 22:39:29', '01-11-2021 04:09:43 AM', 1),
(219, 'a', 0x3a3a3100000000000000000000000000, '2021-10-31 22:47:06', '01-11-2021 04:17:09 AM', 1),
(220, 'a', 0x3a3a3100000000000000000000000000, '2021-10-31 22:50:05', '01-11-2021 04:20:33 AM', 1),
(221, 'a', 0x3a3a3100000000000000000000000000, '2021-10-31 22:50:40', '01-11-2021 04:26:24 AM', 1),
(222, 'a', 0x3a3a3100000000000000000000000000, '2021-10-31 22:57:11', '01-11-2021 04:27:17 AM', 1),
(223, 'a', 0x3a3a3100000000000000000000000000, '2021-10-31 23:16:57', '01-11-2021 04:47:00 AM', 1),
(224, 'a', 0x3a3a3100000000000000000000000000, '2021-10-31 23:20:19', '01-11-2021 04:50:31 AM', 1),
(225, 'a', 0x3a3a3100000000000000000000000000, '2021-10-31 23:41:45', '01-11-2021 05:12:27 AM', 1),
(226, 'a', 0x3a3a3100000000000000000000000000, '2021-10-31 23:42:36', '01-11-2021 05:20:18 AM', 1),
(227, 'a', 0x3a3a3100000000000000000000000000, '2021-10-31 23:50:25', '01-11-2021 05:21:04 AM', 1),
(228, 'a', 0x3a3a3100000000000000000000000000, '2021-10-31 23:51:11', '01-11-2021 05:21:27 AM', 1),
(229, 'a', 0x3a3a3100000000000000000000000000, '2021-10-31 23:51:34', '01-11-2021 05:21:52 AM', 1),
(230, 'a', 0x3a3a3100000000000000000000000000, '2021-10-31 23:52:01', '01-11-2021 05:22:03 AM', 1),
(231, 'a', 0x3a3a3100000000000000000000000000, '2021-10-31 23:52:31', '01-11-2021 05:24:07 AM', 1),
(232, 'a', 0x3a3a3100000000000000000000000000, '2021-10-31 23:54:17', '01-11-2021 05:25:39 AM', 1),
(233, 'a', 0x3a3a3100000000000000000000000000, '2021-10-31 23:55:51', '01-11-2021 05:26:10 AM', 1),
(234, 'a', 0x3a3a3100000000000000000000000000, '2021-10-31 23:56:41', '01-11-2021 05:26:45 AM', 1),
(235, 'a', 0x3a3a3100000000000000000000000000, '2021-10-31 23:57:03', '01-11-2021 05:27:05 AM', 1),
(236, 'a', 0x3a3a3100000000000000000000000000, '2021-11-01 00:01:01', '01-11-2021 05:40:09 AM', 1),
(237, 'a', 0x3a3a3100000000000000000000000000, '2021-11-01 00:11:28', '01-11-2021 05:42:19 AM', 1),
(238, 'a', 0x3a3a3100000000000000000000000000, '2021-11-01 00:15:13', '01-11-2021 05:48:00 AM', 1),
(239, 'a', 0x3a3a3100000000000000000000000000, '2021-11-01 00:18:50', '01-11-2021 05:49:48 AM', 1),
(240, 'a', 0x3a3a3100000000000000000000000000, '2021-11-01 00:22:37', '01-11-2021 05:53:43 AM', 1),
(241, 'a', 0x3a3a3100000000000000000000000000, '2021-11-01 00:24:00', '01-11-2021 05:54:53 AM', 1),
(242, 'a', 0x3a3a3100000000000000000000000000, '2021-11-01 00:30:39', '01-11-2021 06:01:26 AM', 1),
(243, 'a', 0x3a3a3100000000000000000000000000, '2021-11-01 00:31:42', '01-11-2021 06:02:01 AM', 1),
(244, 'a', 0x3a3a3100000000000000000000000000, '2021-11-01 00:32:50', '01-11-2021 06:02:53 AM', 1),
(245, 'a', 0x3a3a3100000000000000000000000000, '2021-11-01 00:34:58', '01-11-2021 06:05:00 AM', 1),
(246, 'a', 0x3a3a3100000000000000000000000000, '2021-11-01 00:44:53', '01-11-2021 06:15:03 AM', 1),
(247, 'a', 0x3a3a3100000000000000000000000000, '2021-11-01 00:46:12', '01-11-2021 06:16:16 AM', 1),
(248, 'a', 0x3a3a3100000000000000000000000000, '2021-11-01 00:46:27', '01-11-2021 06:17:23 AM', 1),
(249, 'a', 0x3a3a3100000000000000000000000000, '2021-11-01 00:47:32', '01-11-2021 06:18:09 AM', 1),
(250, 'a', 0x3a3a3100000000000000000000000000, '2021-11-01 00:48:19', '01-11-2021 06:22:32 AM', 1),
(251, 'a', 0x3a3a3100000000000000000000000000, '2021-11-01 02:04:39', '01-11-2021 07:35:03 AM', 1),
(252, 'a', 0x3a3a3100000000000000000000000000, '2021-11-01 02:27:38', '01-11-2021 07:57:49 AM', 1),
(253, 'a', 0x3132372e302e302e3100000000000000, '2021-11-02 02:51:38', '02-11-2021 08:25:02 AM', 1),
(254, 'a', 0x3132372e302e302e3100000000000000, '2021-11-02 02:57:37', '02-11-2021 08:29:32 AM', 1),
(255, 'a', 0x3132372e302e302e3100000000000000, '2021-11-02 03:08:33', '02-11-2021 10:40:59 AM', 1),
(256, 'A', 0x3139322e3136382e382e313037000000, '2021-11-02 10:19:53', '02-11-2021 05:04:02 PM', 1),
(257, 'a', 0x3a3a3100000000000000000000000000, '2021-11-02 22:23:52', NULL, 1),
(258, 'a', 0x3132372e302e302e3100000000000000, '2021-11-02 23:28:15', '03-11-2021 02:22:14 PM', 1),
(259, 'a', 0x3a3a3100000000000000000000000000, '2021-11-03 13:58:07', NULL, 1),
(260, 'a', 0x3a3a3100000000000000000000000000, '2021-11-03 22:11:25', NULL, 1),
(261, 'a', 0x3139322e3136382e382e313137000000, '2021-11-04 00:03:08', NULL, 1),
(262, 'a', 0x3132372e302e302e3100000000000000, '2021-11-04 03:06:17', '04-11-2021 11:58:27 AM', 1),
(263, 'x', 0x3132372e302e302e3100000000000000, '2021-11-04 06:28:48', '04-11-2021 01:25:53 PM', 1),
(264, 'x', 0x3132372e302e302e3100000000000000, '2021-11-04 07:56:08', NULL, 1),
(265, 'A', 0x3139322e3136382e382e313037000000, '2021-11-04 11:28:49', NULL, 1),
(266, 'a', 0x3132372e302e302e3100000000000000, '2021-11-05 08:30:26', '05-11-2021 03:50:56 PM', 1),
(267, 'a', 0x3132372e302e302e3100000000000000, '2021-11-05 10:31:21', '05-11-2021 05:00:18 PM', 1),
(268, 'aaa', 0x3132372e302e302e3100000000000000, '2021-11-05 10:56:09', NULL, 0),
(269, 'aaa', 0x3132372e302e302e3100000000000000, '2021-11-05 10:56:14', '05-11-2021 04:26:22 PM', 1),
(270, 'aaa', 0x3132372e302e302e3100000000000000, '2021-11-05 10:59:45', '05-11-2021 04:50:33 PM', 1),
(271, 'aaa', 0x3139322e3136382e382e313137000000, '2021-11-05 11:31:18', '05-11-2021 05:03:43 PM', 1),
(272, 'aaa', 0x3132372e302e302e3100000000000000, '2021-11-05 22:56:00', '06-11-2021 04:26:09 AM', 1),
(273, 'aaa', 0x3132372e302e302e3100000000000000, '2021-11-05 22:56:45', '06-11-2021 04:28:41 AM', 1),
(274, 'aaa', 0x3132372e302e302e3100000000000000, '2021-11-05 22:59:01', '06-11-2021 04:37:54 AM', 1),
(275, 'aa', 0x3132372e302e302e3100000000000000, '2021-11-05 23:12:13', NULL, 1),
(276, 'aa', 0x3132372e302e302e3100000000000000, '2021-11-05 23:12:36', '06-11-2021 04:52:35 AM', 1),
(277, 'aa', 0x3132372e302e302e3100000000000000, '2021-11-05 23:22:42', NULL, 1),
(278, 'aa', 0x3132372e302e302e3100000000000000, '2021-11-05 23:45:56', NULL, 1),
(279, 'aa', 0x3132372e302e302e3100000000000000, '2021-11-05 23:48:17', NULL, 0),
(280, 'bb', 0x3132372e302e302e3100000000000000, '2021-11-05 23:48:24', NULL, 1),
(281, 'aa', 0x3132372e302e302e3100000000000000, '2021-11-05 23:51:27', NULL, 1),
(282, 'a', 0x3139322e3136382e382e313137000000, '2021-11-05 23:53:21', '06-11-2021 05:23:31 AM', 1),
(283, 'aa', 0x3139322e3136382e382e313137000000, '2021-11-05 23:53:42', '06-11-2021 05:59:34 AM', 1),
(284, 'aa', 0x3132372e302e302e3100000000000000, '2021-11-06 00:29:44', NULL, 1),
(285, 'aa', 0x3132372e302e302e3100000000000000, '2021-11-06 00:30:59', NULL, 0),
(286, 'aa', 0x3132372e302e302e3100000000000000, '2021-11-06 00:31:09', NULL, 0),
(287, 'aa', 0x3132372e302e302e3100000000000000, '2021-11-06 00:31:33', '06-11-2021 06:01:41 AM', 1),
(288, 'aa', 0x3132372e302e302e3100000000000000, '2021-11-06 00:32:12', '06-11-2021 06:30:17 AM', 1),
(289, '13345678', 0x3139322e3136382e382e313137000000, '2021-11-06 00:56:19', NULL, 1),
(290, 'aa', 0x3132372e302e302e3100000000000000, '2021-11-06 01:00:25', NULL, 1),
(291, 'aa', 0x3132372e302e302e3100000000000000, '2021-11-06 01:03:17', NULL, 0),
(292, 'aa', 0x3132372e302e302e3100000000000000, '2021-11-06 01:03:25', NULL, 0),
(293, 'aa', 0x3132372e302e302e3100000000000000, '2021-11-06 01:05:16', NULL, 0),
(294, 'aa', 0x3132372e302e302e3100000000000000, '2021-11-06 01:05:28', '06-11-2021 06:36:00 AM', 1),
(295, 'aa', 0x3132372e302e302e3100000000000000, '2021-11-06 01:06:58', NULL, 0),
(296, 'aa', 0x3132372e302e302e3100000000000000, '2021-11-06 01:07:06', NULL, 0),
(297, 'aa', 0x3132372e302e302e3100000000000000, '2021-11-06 01:07:14', NULL, 0),
(298, 'aa', 0x3132372e302e302e3100000000000000, '2021-11-06 01:07:21', NULL, 0),
(299, 'name', 0x3132372e302e302e3100000000000000, '2021-11-06 01:09:13', NULL, 0),
(300, 'mail', 0x3132372e302e302e3100000000000000, '2021-11-06 01:10:33', '06-11-2021 06:41:31 AM', 1),
(301, 'mail', 0x3132372e302e302e3100000000000000, '2021-11-06 01:11:56', NULL, 1),
(302, 'mail', 0x3132372e302e302e3100000000000000, '2021-11-06 01:13:01', '06-11-2021 06:45:34 AM', 1),
(303, 'bb', 0x3132372e302e302e3100000000000000, '2021-11-06 01:16:06', NULL, 1),
(304, 'aa', 0x3132372e302e302e3100000000000000, '2021-11-06 02:01:30', NULL, 0),
(305, 'a', 0x3132372e302e302e3100000000000000, '2021-11-06 02:01:38', '06-11-2021 07:31:49 AM', 1),
(306, 'a', 0x3132372e302e302e3100000000000000, '2021-11-06 02:11:36', NULL, 1),
(307, 'a', 0x3132372e302e302e3100000000000000, '2021-11-06 02:12:17', NULL, 1),
(308, 'a', 0x3132372e302e302e3100000000000000, '2021-11-06 02:43:01', NULL, 1),
(309, 'a', 0x3132372e302e302e3100000000000000, '2021-11-06 03:54:15', NULL, 0),
(310, 'b', 0x3132372e302e302e3100000000000000, '2021-11-06 03:55:19', '06-11-2021 12:05:25 PM', 1),
(311, 'a', 0x3a3a3100000000000000000000000000, '2021-11-06 05:51:46', NULL, 0),
(312, 'a', 0x3a3a3100000000000000000000000000, '2021-11-06 05:51:53', NULL, 0),
(313, 'a', 0x3a3a3100000000000000000000000000, '2021-11-06 05:52:08', NULL, 1),
(314, 'a', 0x3a3a3100000000000000000000000000, '2021-11-06 06:08:09', NULL, 0),
(315, 'a', 0x3a3a3100000000000000000000000000, '2021-11-06 06:08:16', NULL, 0),
(316, 'a', 0x3a3a3100000000000000000000000000, '2021-11-06 06:08:29', NULL, 1),
(317, 'a', 0x3132372e302e302e3100000000000000, '2021-11-06 06:35:33', NULL, 1),
(318, 'a', 0x3132372e302e302e3100000000000000, '2021-11-06 06:36:21', NULL, 0),
(319, 'a', 0x3132372e302e302e3100000000000000, '2021-11-06 06:36:34', NULL, 1),
(320, 'a', 0x3132372e302e302e3100000000000000, '2021-11-06 06:40:16', NULL, 0),
(321, 'a', 0x3132372e302e302e3100000000000000, '2021-11-06 06:40:21', NULL, 0),
(322, 'a', 0x3132372e302e302e3100000000000000, '2021-11-06 06:40:32', NULL, 1),
(323, 'a', 0x3132372e302e302e3100000000000000, '2021-11-06 06:41:45', NULL, 1),
(324, 'a', 0x3132372e302e302e3100000000000000, '2021-11-06 06:45:11', NULL, 0),
(325, 'a', 0x3132372e302e302e3100000000000000, '2021-11-06 06:45:24', NULL, 1),
(326, 'a', 0x3132372e302e302e3100000000000000, '2021-11-06 06:47:46', NULL, 0),
(327, 'a', 0x3132372e302e302e3100000000000000, '2021-11-06 06:48:01', NULL, 1),
(328, 'a', 0x3a3a3100000000000000000000000000, '2021-11-06 06:55:25', NULL, 1),
(329, 'a', 0x3139322e3136382e382e313137000000, '2021-11-06 06:56:31', NULL, 1),
(330, 'a', 0x3a3a3100000000000000000000000000, '2021-11-06 07:47:40', '06-11-2021 01:33:02 PM', 1),
(331, 'a', 0x3a3a3100000000000000000000000000, '2021-11-06 08:03:10', '06-11-2021 01:33:31 PM', 1),
(332, 'A', 0x3139322e3136382e382e313038000000, '2021-11-06 09:14:52', NULL, 1),
(333, 'a', 0x3132372e302e302e3100000000000000, '2021-11-06 13:05:39', NULL, 1),
(334, 'a', 0x3139322e3136382e382e313137000000, '2021-11-06 13:09:53', '06-11-2021 07:00:54 PM', 1),
(335, '12345678', 0x3139322e3136382e382e313038000000, '2021-11-06 13:36:01', NULL, 0),
(336, '', 0x3139322e3136382e382e313038000000, '2021-11-06 13:36:11', NULL, 0),
(337, '1234', 0x3139322e3136382e382e313038000000, '2021-11-06 13:36:21', NULL, 1),
(338, 'a', 0x3a3a3100000000000000000000000000, '2021-11-06 23:49:37', NULL, 1),
(339, 'A', 0x3139322e3136382e382e313038000000, '2021-11-07 09:06:35', '07-11-2021 05:18:33 PM', 1),
(340, 'a', 0x3132372e302e302e3100000000000000, '2021-11-07 11:48:43', NULL, 1),
(341, 'a', 0x3a3a3100000000000000000000000000, '2021-11-07 12:02:55', '07-11-2021 05:39:15 PM', 1),
(342, 'a', 0x3a3a3100000000000000000000000000, '2021-11-07 12:10:28', '07-11-2021 05:53:55 PM', 1),
(343, 'a', 0x3a3a3100000000000000000000000000, '2021-11-07 12:24:24', '07-11-2021 05:57:40 PM', 1),
(344, 'a', 0x3a3a3100000000000000000000000000, '2021-11-07 12:28:05', NULL, 1),
(345, 'A', 0x3139322e3136382e382e313038000000, '2021-11-07 23:01:46', '08-11-2021 04:39:20 AM', 1),
(346, '11111', 0x3139322e3136382e382e313038000000, '2021-11-07 23:03:11', NULL, 1),
(347, '11111', 0x3139322e3136382e382e313137000000, '2021-11-07 23:09:38', NULL, 1),
(348, 'Aaaaa', 0x3139322e3136382e382e313038000000, '2021-11-08 00:44:06', NULL, 0),
(349, '11111', 0x3139322e3136382e382e313038000000, '2021-11-08 00:44:14', NULL, 0),
(350, '11111', 0x3139322e3136382e382e313038000000, '2021-11-08 00:44:25', NULL, 0),
(351, 'A', 0x3139322e3136382e382e313038000000, '2021-11-08 00:44:37', NULL, 1),
(352, '11111', 0x3139322e3136382e382e313137000000, '2021-11-08 00:51:41', NULL, 0),
(353, 'a', 0x3139322e3136382e382e313137000000, '2021-11-08 00:51:51', NULL, 1),
(354, 'a', 0x3a3a3100000000000000000000000000, '2021-11-08 03:48:55', '08-11-2021 12:16:52 PM', 1),
(355, 'aaaaa', 0x3a3a3100000000000000000000000000, '2021-11-08 06:47:23', '08-11-2021 12:48:24 PM', 1),
(356, 'k', 0x3a3a3100000000000000000000000000, '2021-11-08 07:19:11', '08-11-2021 12:59:07 PM', 1),
(357, 'zz', 0x3a3a3100000000000000000000000000, '2021-11-08 08:23:45', NULL, 1),
(358, 's', 0x3a3a3100000000000000000000000000, '2021-11-08 08:24:38', NULL, 1),
(359, 'd', 0x3a3a3100000000000000000000000000, '2021-11-08 08:24:49', NULL, 1),
(360, 'zz', 0x3a3a3100000000000000000000000000, '2021-11-08 08:25:03', NULL, 0),
(361, 'z', 0x3a3a3100000000000000000000000000, '2021-11-08 08:25:09', NULL, 1),
(362, 'a', 0x3a3a3100000000000000000000000000, '2021-11-08 08:46:04', '08-11-2021 03:22:23 PM', 1),
(363, 'x', 0x3a3a3100000000000000000000000000, '2021-11-08 09:52:29', '08-11-2021 03:22:32 PM', 1),
(364, 'x', 0x3a3a3100000000000000000000000000, '2021-11-08 09:52:38', NULL, 1),
(365, 'a', 0x3a3a3100000000000000000000000000, '2021-11-08 10:15:35', '08-11-2021 03:45:37 PM', 1),
(366, 'a', 0x3a3a3100000000000000000000000000, '2021-11-08 10:17:34', NULL, 1),
(367, 'a', 0x3139322e3136382e382e313137000000, '2021-11-08 11:29:44', '08-11-2021 06:31:42 PM', 1),
(368, 'a', 0x3a3a3100000000000000000000000000, '2021-11-08 13:02:28', '08-11-2021 06:32:31 PM', 1),
(369, 'a', 0x3a3a3100000000000000000000000000, '2021-11-08 23:28:42', NULL, 1),
(370, 'k', 0x3a3a3100000000000000000000000000, '2021-11-09 06:46:27', '09-11-2021 12:16:35 PM', 1),
(371, 'a', 0x3a3a3100000000000000000000000000, '2021-11-09 06:46:44', NULL, 1),
(372, 'A', 0x3139322e3136382e382e313100000000, '2021-11-09 07:50:37', NULL, 1),
(373, 'a', 0x3139322e3136382e382e363000000000, '2021-11-09 07:57:25', NULL, 1),
(374, 'a', 0x3139322e3136382e382e313100000000, '2021-11-09 08:57:45', NULL, 1),
(375, 'B', 0x3139322e3136382e382e313100000000, '2021-11-09 11:06:23', '09-11-2021 04:39:55 PM', 1),
(376, 'E', 0x3139322e3136382e382e313100000000, '2021-11-09 11:10:28', NULL, 1),
(377, 'E', 0x3139322e3136382e382e313100000000, '2021-11-09 11:14:18', NULL, 1),
(378, 'E', 0x3139322e3136382e382e313100000000, '2021-11-09 11:16:17', '09-11-2021 05:08:31 PM', 1),
(379, 'a', 0x3139322e3136382e382e313100000000, '2021-11-09 11:25:34', NULL, 1),
(380, 'a', 0x3139322e3136382e382e313100000000, '2021-11-09 11:26:55', '09-11-2021 05:20:42 PM', 1),
(381, 'a', 0x3139322e3136382e382e313100000000, '2021-11-09 12:35:11', NULL, 1),
(382, 'A', 0x3139322e3136382e382e313038000000, '2021-11-09 21:13:26', NULL, 1),
(383, 'A', 0x3139322e3136382e382e313038000000, '2021-11-09 21:15:26', NULL, 1),
(384, 'A', 0x3139322e3136382e382e313038000000, '2021-11-09 21:15:29', NULL, 1),
(385, 'a', 0x3139322e3136382e382e313100000000, '2021-11-09 21:20:35', NULL, 1),
(386, 'a', 0x3139322e3136382e382e313100000000, '2021-11-09 21:25:51', '10-11-2021 03:47:37 AM', 1),
(387, 'kim', 0x3139322e3136382e382e313100000000, '2021-11-09 22:19:23', NULL, 1),
(388, 'a', 0x3139322e3136382e382e313135000000, '2021-11-09 22:30:54', NULL, 1),
(389, 'a', 0x3139322e3136382e382e313100000000, '2021-11-09 22:49:05', '10-11-2021 04:29:45 AM', 1),
(390, 'b', 0x3139322e3136382e382e313100000000, '2021-11-09 22:59:53', NULL, 1),
(391, 'c', 0x3139322e3136382e382e313100000000, '2021-11-09 23:00:25', NULL, 1),
(392, 'c', 0x3139322e3136382e382e313100000000, '2021-11-09 23:00:50', NULL, 1),
(393, 'im', 0x3139322e3136382e382e313100000000, '2021-11-09 23:39:44', '10-11-2021 05:13:32 AM', 1),
(394, 'im', 0x3139322e3136382e382e313100000000, '2021-11-09 23:43:45', '10-11-2021 05:14:09 AM', 1),
(395, '', 0x32332e3234302e3231332e3134370000, '2021-11-10 00:10:46', '27-11-2021 08:47:48 AM', 0),
(396, 'Im', 0x32332e3234302e3231332e3134370000, '2021-11-10 00:11:11', NULL, 1),
(397, 'K', 0x33392e372e3233302e31343300000000, '2021-11-10 03:51:26', '10-11-2021 09:21:37 AM', 1),
(398, 'A', 0x33392e372e3233302e31343300000000, '2021-11-10 03:51:48', NULL, 1),
(399, 'A', 0x33392e372e3233302e32333800000000, '2021-11-10 05:43:50', NULL, 1),
(400, 'a', 0x3139322e3136382e382e313100000000, '2021-11-10 09:24:01', NULL, 1),
(401, 'a', 0x3139322e3136382e382e313100000000, '2021-11-10 09:29:44', '10-11-2021 03:09:41 PM', 1),
(402, 'test', 0x3139322e3136382e382e313100000000, '2021-11-10 09:40:23', NULL, 1),
(403, 'aaa', 0x3139322e3136382e382e313100000000, '2021-11-10 14:33:00', NULL, 0),
(404, 'aaaa', 0x3139322e3136382e382e363000000000, '2021-11-10 15:04:27', NULL, 0),
(405, 'a', 0x3139322e3136382e382e363000000000, '2021-11-10 15:04:34', '10-11-2021 09:05:41 PM', 1),
(406, 'a', 0x3139322e3136382e382e363000000000, '2021-11-10 15:35:47', '10-11-2021 09:07:47 PM', 1),
(407, 'a', 0x3139322e3136382e382e363000000000, '2021-11-10 15:37:56', NULL, 1),
(408, 'Test', 0x3139322e3136382e382e313100000000, '2021-11-10 21:16:23', NULL, 1),
(409, 'a', 0x3139322e3136382e382e363000000000, '2021-11-10 22:39:58', NULL, 1),
(410, 'a', 0x3139322e3136382e382e363000000000, '2021-11-10 22:45:00', NULL, 1),
(411, 'a', 0x3139322e3136382e382e313100000000, '2021-11-10 22:50:19', NULL, 1),
(412, 'a', 0x3139322e3136382e382e313100000000, '2021-11-12 21:21:01', '13-11-2021 02:52:04 AM', 1),
(413, 'a', 0x3139322e3136382e382e313100000000, '2021-11-12 21:23:07', NULL, 1),
(414, 'a', 0x3139322e3136382e382e313100000000, '2021-11-12 23:55:53', '13-11-2021 05:25:57 AM', 1),
(415, 'a', 0x3139322e3136382e382e313100000000, '2021-11-12 23:56:01', '13-11-2021 05:32:28 AM', 1),
(416, 'a', 0x3232332e33382e32382e393000000000, '2021-11-13 01:22:24', '13-11-2021 07:09:45 AM', 1),
(417, 'a', 0x3139322e3136382e382e313100000000, '2021-11-13 03:46:15', '13-11-2021 09:16:24 AM', 1),
(418, 'a', 0x3139322e3136382e382e313100000000, '2021-11-13 03:46:34', '13-11-2021 09:27:12 AM', 1),
(419, 'a', 0x3231302e3137382e392e323236000000, '2021-11-13 03:57:20', '13-11-2021 10:34:48 AM', 1),
(420, 'a', 0x3139322e3136382e382e313100000000, '2021-11-13 07:33:13', NULL, 1),
(421, 'a', 0x3139322e3136382e382e313100000000, '2021-11-13 13:05:51', NULL, 1),
(422, 'a', 0x3139322e3136382e382e313100000000, '2021-11-27 02:08:59', '27-11-2021 07:39:06 AM', 1),
(423, 'a', 0x3139322e3136382e382e313100000000, '2021-11-27 02:09:16', NULL, 1),
(424, 'a', 0x3139322e3136382e382e313100000000, '2021-11-27 02:10:24', '27-11-2021 07:40:28 AM', 1),
(425, 'a', 0x3139322e3136382e382e313100000000, '2021-11-27 02:11:05', '27-11-2021 07:45:07 AM', 1),
(426, 'a', 0x3139322e3136382e382e313100000000, '2021-11-27 02:15:12', '27-11-2021 07:45:15 AM', 1),
(427, 'a', 0x3139322e3136382e382e313100000000, '2021-11-27 03:17:52', '27-11-2021 09:37:48 AM', 1),
(428, 'a', 0x3139322e3136382e382e313100000000, '2021-11-27 04:08:05', NULL, 1),
(429, 'a', 0x3139322e3136382e382e313100000000, '2021-11-27 04:13:39', '27-11-2021 09:43:43 AM', 1),
(430, 'a', 0x3139322e3136382e382e313100000000, '2021-11-27 04:13:51', NULL, 1),
(431, 'a', 0x3132312e3136392e3133322e35390000, '2021-11-28 03:08:32', '28-11-2021 08:40:37 AM', 1),
(432, 'a', 0x3139322e3136382e382e313100000000, '2021-11-28 03:59:37', '28-11-2021 09:29:42 AM', 1),
(433, '로그인 됨(실험용)', 0x3139322e3136382e382e313100000000, '2021-11-28 04:05:48', '28-11-2021 09:35:52 AM', 1),
(434, '로그인 됨(실험용)', 0x3139322e3136382e382e363000000000, '2021-11-28 04:10:08', NULL, 1),
(435, '로그인 됨(실험용)', 0x3139322e3136382e382e313100000000, '2021-11-28 05:46:09', NULL, 1),
(436, '로그인 됨(실험용)', 0x3139322e3136382e382e363000000000, '2021-11-28 05:48:17', '28-11-2021 11:24:40 AM', 1),
(437, '로그인 됨(실험용)', 0x3139322e3136382e382e363000000000, '2021-11-28 06:34:00', '28-11-2021 12:04:06 PM', 1),
(438, '로그인 됨(실험용)', 0x3139322e3136382e382e363000000000, '2021-11-28 06:40:39', '28-11-2021 12:10:42 PM', 1),
(439, '로그인 됨(실험용)', 0x3139322e3136382e382e313100000000, '2021-11-28 07:56:47', NULL, 1),
(440, '로그인 됨(실험용)', 0x3139322e3136382e382e313100000000, '2021-11-28 07:56:51', '28-11-2021 01:27:31 PM', 1),
(441, '로그인 됨(실험용)', 0x3139322e3136382e382e363000000000, '2021-11-28 10:32:18', '28-11-2021 04:02:20 PM', 1),
(442, '로그인 됨(실험용)', 0x3139322e3136382e382e363000000000, '2021-11-30 10:39:32', '30-11-2021 04:09:36 PM', 1),
(443, '로그인 됨(실험용)', 0x3139322e3136382e382e363000000000, '2021-11-30 10:39:40', NULL, 1),
(444, '로그인 됨(실험용)', 0x3139322e3136382e382e313100000000, '2021-12-04 05:51:15', NULL, 1),
(445, '로그인 됨(실험용)', 0x3139322e3136382e382e313100000000, '2021-12-04 13:08:10', NULL, 1),
(446, '로그인 됨(실험용)', 0x3139322e3136382e382e363000000000, '2021-12-05 22:24:01', '06-12-2021 04:42:09 AM', 1),
(447, '로그인 됨(실험용)', 0x3139322e3136382e382e363000000000, '2021-12-05 23:12:13', '06-12-2021 04:43:05 AM', 1),
(448, '로그인 됨(실험용)', 0x3139322e3136382e382e363000000000, '2021-12-05 23:13:09', '06-12-2021 04:45:31 AM', 1),
(449, '로그인 됨(실험용)', 0x3139322e3136382e382e363000000000, '2021-12-05 23:15:35', NULL, 1),
(450, '로그인 됨(실험용)', 0x3139322e3136382e382e363000000000, '2021-12-06 09:12:22', '06-12-2021 02:44:17 PM', 1),
(451, '로그인 됨(실험용)', 0x3139322e3136382e382e363000000000, '2021-12-06 09:14:21', '06-12-2021 02:44:28 PM', 1),
(452, '로그인 됨(실험용)', 0x3139322e3136382e382e363000000000, '2021-12-06 09:14:32', NULL, 1),
(453, '로그인 됨(실험용)', 0x3139322e3136382e382e313100000000, '2021-12-07 08:26:39', NULL, 1),
(454, '로그인 됨(실험용)', 0x3139322e3136382e382e313030000000, '2021-12-09 09:58:21', NULL, 1),
(455, '로그인 됨(실험용)', 0x3139322e3136382e382e313100000000, '2021-12-10 19:31:03', '11-12-2021 01:16:21 AM', 1),
(456, '로그인 됨(실험용)', 0x3139322e3136382e382e363000000000, '2021-12-17 05:50:20', NULL, 1),
(457, '로그인 됨(실험용)', 0x3139322e3136382e382e363000000000, '2021-12-17 08:36:29', NULL, 1),
(458, '로그인 됨(실험용)', 0x3139322e3136382e382e313100000000, '2021-12-18 11:44:29', NULL, 1),
(459, '로그인 됨(실험용)', 0x3139322e3136382e382e313100000000, '2021-12-19 02:12:53', NULL, 1),
(460, '로그인 됨(실험용)', 0x3139322e3136382e382e363000000000, '2021-12-22 15:12:20', '22-12-2021 08:42:37 PM', 1),
(461, '로그인 됨(실험용)', 0x35392e31302e352e3133390000000000, '2022-01-10 10:34:30', NULL, 1),
(462, '로그인 됨(실험용)', 0x3139322e3136382e382e313100000000, '2022-01-11 22:38:44', NULL, 1),
(463, '로그인 됨(실험용)', 0x3139322e3136382e382e313100000000, '2022-01-11 22:44:04', NULL, 1),
(464, '로그인 됨(실험용)', 0x3139322e3136382e382e313100000000, '2022-01-11 23:31:33', NULL, 1),
(465, '로그인 됨(실험용)', 0x3132312e3136392e3133322e35390000, '2022-01-12 04:01:48', NULL, 1),
(466, '로그인 됨(실험용)', 0x3232312e3134372e37302e3834000000, '2022-01-12 07:07:50', NULL, 1),
(467, '로그인 됨(실험용)', 0x3232332e33382e33352e323432000000, '2022-01-12 08:15:26', NULL, 1),
(468, '로그인 됨(실험용)', 0x3139322e3136382e382e313100000000, '2022-01-12 23:01:00', NULL, 1),
(469, '로그인 됨(실험용)', 0x3139322e3136382e382e313100000000, '2022-01-14 22:57:55', NULL, 1),
(470, '로그인 됨(실험용)', 0x3139322e3136382e382e313100000000, '2022-01-14 22:58:13', NULL, 1),
(471, '로그인 됨(실험용)', 0x3139322e3136382e382e313100000000, '2022-01-18 08:50:40', '18-01-2022 02:20:41 PM', 1),
(472, '로그인 됨(실험용)', 0x3139322e3136382e382e313100000000, '2022-01-19 20:41:22', NULL, 1),
(473, '로그인 됨(실험용)', 0x3139322e3136382e382e313100000000, '2022-01-22 12:08:32', NULL, 1),
(474, '로그인 됨(실험용)', 0x3139322e3136382e382e313100000000, '2022-01-22 22:57:12', NULL, 1),
(475, '로그인 됨(실험용)', 0x3139322e3136382e382e313100000000, '2022-01-23 07:49:11', '23-01-2022 01:29:16 PM', 1),
(476, '로그인 됨(실험용)', 0x3139322e3136382e382e313100000000, '2022-01-23 07:59:22', '23-01-2022 01:45:22 PM', 1),
(477, '로그인 됨(실험용)', 0x3139322e3136382e382e313100000000, '2022-01-28 13:47:58', NULL, 1),
(478, '로그인 됨(실험용)', 0x3139322e3136382e382e313100000000, '2022-01-29 23:10:39', NULL, 1),
(479, '', 0x3232322e39392e37372e323132000000, '2022-02-05 02:07:38', NULL, 0),
(480, '', 0x3232322e39392e37372e323132000000, '2022-02-05 02:07:41', '27-12-2023 04:41:27 AM', 0),
(481, '로그인 됨(실험용)', 0x3139322e3136382e382e313100000000, '2022-02-05 08:36:28', NULL, 1),
(482, '로그인 됨(실험용)', 0x3139322e3136382e382e313100000000, '2022-02-06 13:09:44', NULL, 1),
(483, '로그인 됨(실험용)', 0x3139322e3136382e382e313100000000, '2022-02-08 11:15:51', NULL, 1),
(484, '로그인 됨(실험용)', 0x3139322e3136382e382e313100000000, '2022-02-08 11:17:41', NULL, 1),
(485, '로그인 됨(실험용)', 0x3139322e3136382e382e313100000000, '2022-02-09 21:53:42', NULL, 1),
(486, '로그인 됨(실험용)', 0x3232312e3134372e37302e3834000000, '2022-02-10 09:46:06', NULL, 1),
(487, '로그인 됨(실험용)', 0x3139322e3136382e382e313100000000, '2022-02-13 09:34:11', NULL, 1),
(488, '로그인 됨(실험용)', 0x3139322e3136382e382e313100000000, '2022-02-23 09:34:50', '23-02-2022 03:08:23 PM', 1),
(489, '로그인 됨(실험용)', 0x3139322e3136382e382e313100000000, '2022-03-17 21:45:33', NULL, 1),
(490, 'kskang2', 0x3139322e3136382e382e313100000000, '2022-08-28 20:56:27', NULL, 0),
(491, 'kskang2@gmail.com', 0x3139322e3136382e382e313100000000, '2022-08-28 20:56:53', NULL, 0),
(492, '로그인 됨(실험용)', 0x3139322e3136382e382e313100000000, '2023-10-23 20:14:01', NULL, 1),
(493, '로그인 됨(실험용)', 0x3139322e3136382e382e313100000000, '2023-12-26 21:26:15', NULL, 1),
(494, '로그인 됨(실험용)', 0x3139322e3136382e382e313100000000, '2023-12-26 21:26:19', '27-12-2023 02:57:19 AM', 1),
(495, '로그인 됨(실험용)', 0x3139322e3136382e382e313100000000, '2023-12-26 21:27:27', '27-12-2023 02:57:39 AM', 1),
(496, '로그인 됨(실험용)', 0x3139322e3136382e382e313100000000, '2023-12-26 21:27:50', NULL, 1),
(497, '로그인 됨(실험용)', 0x3139322e3136382e382e313100000000, '2023-12-26 21:29:31', '27-12-2023 02:59:47 AM', 1),
(498, '로그인 됨(실험용)', 0x3139322e3136382e382e313100000000, '2023-12-26 21:29:57', '27-12-2023 03:00:05 AM', 1),
(499, '로그인 됨(실험용)', 0x3139322e3136382e382e313100000000, '2023-12-26 21:31:48', '27-12-2023 03:02:02 AM', 1),
(500, '로그인 됨(실험용)', 0x3139322e3136382e382e313100000000, '2023-12-26 21:32:30', '27-12-2023 03:02:59 AM', 1),
(501, '로그인 됨(실험용)', 0x3139322e3136382e382e313100000000, '2023-12-26 21:33:05', '27-12-2023 03:03:12 AM', 1),
(502, '로그인 됨(실험용)', 0x3139322e3136382e382e313100000000, '2023-12-26 21:33:19', '27-12-2023 03:06:38 AM', 1),
(503, '로그인 됨(실험용)', 0x3139322e3136382e382e313100000000, '2023-12-26 21:36:49', '27-12-2023 03:07:18 AM', 1),
(504, '로그인 됨(실험용)', 0x3139322e3136382e382e313100000000, '2023-12-26 21:37:22', '27-12-2023 03:07:47 AM', 1),
(505, '로그인 됨(실험용)', 0x3139322e3136382e382e313100000000, '2023-12-26 21:37:52', '27-12-2023 03:09:26 AM', 1),
(506, '로그인 됨(실험용)', 0x3139322e3136382e382e313100000000, '2023-12-26 21:39:31', '27-12-2023 03:10:08 AM', 1),
(507, '로그인 됨(실험용)', 0x3139322e3136382e382e313100000000, '2023-12-26 21:40:13', '27-12-2023 03:11:42 AM', 1),
(508, '로그인 됨(실험용)', 0x3139322e3136382e382e313100000000, '2023-12-26 21:41:46', '27-12-2023 03:12:12 AM', 1),
(509, '로그인 됨(실험용)', 0x3139322e3136382e382e313100000000, '2023-12-26 21:42:19', '27-12-2023 03:12:32 AM', 1),
(510, '로그인 됨(실험용)', 0x3139322e3136382e382e313100000000, '2023-12-26 21:43:04', '27-12-2023 03:14:33 AM', 1),
(511, '로그인 됨(실험용)', 0x3139322e3136382e382e313100000000, '2023-12-26 21:45:15', '27-12-2023 03:15:34 AM', 1),
(512, '로그인 됨(실험용)', 0x3139322e3136382e382e313100000000, '2023-12-26 21:45:49', '27-12-2023 03:16:41 AM', 1),
(513, '로그인 됨(실험용)', 0x3139322e3136382e382e313100000000, '2023-12-26 21:46:46', '27-12-2023 03:16:48 AM', 1),
(514, '로그인 됨(실험용)', 0x3139322e3136382e382e313100000000, '2023-12-26 21:46:55', '27-12-2023 03:16:59 AM', 1),
(515, '로그인 됨(실험용)', 0x3139322e3136382e382e313100000000, '2023-12-26 21:47:03', '27-12-2023 03:17:08 AM', 1);
INSERT INTO `userlog` (`id`, `userEmail`, `userip`, `loginTime`, `logout`, `status`) VALUES
(516, '로그인 됨(실험용)', 0x3139322e3136382e382e313100000000, '2023-12-26 21:47:23', NULL, 1),
(517, '로그인 됨(실험용)', 0x3139322e3136382e382e313100000000, '2023-12-26 21:47:44', NULL, 1),
(518, '로그인 됨(실험용)', 0x3139322e3136382e382e313100000000, '2023-12-26 21:49:15', '27-12-2023 03:19:27 AM', 1),
(519, '로그인 됨(실험용)', 0x3139322e3136382e382e313100000000, '2023-12-26 21:49:33', '27-12-2023 03:19:56 AM', 1),
(520, '로그인 됨(실험용)', 0x3139322e3136382e382e313100000000, '2023-12-26 21:50:09', '27-12-2023 03:20:13 AM', 1),
(521, '로그인 됨(실험용)', 0x3139322e3136382e382e313100000000, '2023-12-26 21:50:18', '27-12-2023 03:28:45 AM', 1),
(522, '로그인 됨(실험용)', 0x3139322e3136382e382e313100000000, '2023-12-26 21:58:50', '27-12-2023 03:28:56 AM', 1),
(523, '로그인 됨(실험용)', 0x3139322e3136382e382e313100000000, '2023-12-26 21:59:00', '27-12-2023 03:29:05 AM', 1),
(524, '로그인 됨(실험용)', 0x3139322e3136382e382e313100000000, '2023-12-26 21:59:10', '27-12-2023 03:29:17 AM', 1),
(525, '로그인 됨(실험용)', 0x3139322e3136382e382e313100000000, '2023-12-26 21:59:24', NULL, 1),
(526, '로그인 됨(실험용)', 0x3139322e3136382e382e313100000000, '2023-12-26 21:59:36', '27-12-2023 03:29:44 AM', 1),
(527, '로그인 됨(실험용)', 0x3139322e3136382e382e313100000000, '2023-12-26 21:59:53', '27-12-2023 03:29:58 AM', 1),
(528, '로그인 됨(실험용)', 0x3139322e3136382e382e313100000000, '2023-12-26 22:01:10', '27-12-2023 03:31:14 AM', 1),
(529, '로그인 됨(실험용)', 0x3139322e3136382e382e313100000000, '2023-12-26 22:01:20', '27-12-2023 03:31:37 AM', 1),
(530, '로그인 됨(실험용)', 0x3139322e3136382e382e313100000000, '2023-12-26 22:03:47', '27-12-2023 03:33:58 AM', 1),
(531, '로그인 됨(실험용)', 0x3139322e3136382e382e313100000000, '2023-12-26 22:04:09', '27-12-2023 03:38:06 AM', 1),
(532, '로그인 됨(실험용)', 0x3139322e3136382e382e313100000000, '2023-12-26 22:08:10', '27-12-2023 03:38:12 AM', 1),
(533, '로그인 됨(실험용)', 0x3139322e3136382e382e313100000000, '2023-12-26 22:08:26', '27-12-2023 03:39:20 AM', 1),
(534, '로그인 됨(실험용)', 0x3139322e3136382e382e313100000000, '2023-12-26 22:09:38', '27-12-2023 03:42:25 AM', 1),
(535, '로그인 됨(실험용)', 0x3139322e3136382e382e313100000000, '2023-12-26 22:12:35', '27-12-2023 03:42:38 AM', 1),
(536, '로그인 됨(실험용)', 0x3139322e3136382e382e313100000000, '2023-12-26 22:12:54', '27-12-2023 03:42:56 AM', 1),
(537, '로그인 됨(실험용)', 0x3139322e3136382e382e313100000000, '2023-12-26 22:15:17', '27-12-2023 03:45:27 AM', 1),
(538, '로그인 됨(실험용)', 0x3139322e3136382e382e313100000000, '2023-12-26 22:16:17', '27-12-2023 03:46:20 AM', 1),
(539, '로그인 됨(실험용)', 0x3139322e3136382e382e313100000000, '2023-12-26 22:20:00', NULL, 1),
(540, '로그인 됨(실험용)', 0x3139322e3136382e382e313100000000, '2023-12-26 22:20:05', NULL, 1),
(541, '로그인 됨(실험용)', 0x3139322e3136382e382e313100000000, '2023-12-26 22:20:12', NULL, 1),
(542, '로그인 됨(실험용)', 0x3139322e3136382e382e313100000000, '2023-12-26 22:20:21', NULL, 1),
(543, '로그인 됨(실험용)', 0x3139322e3136382e382e313100000000, '2023-12-26 22:20:44', '27-12-2023 03:50:48 AM', 1),
(544, '로그인 됨(실험용)', 0x3139322e3136382e382e313100000000, '2023-12-26 22:21:05', '27-12-2023 03:51:08 AM', 1),
(545, '로그인 됨(실험용)', 0x3139322e3136382e382e313100000000, '2023-12-26 22:23:11', '27-12-2023 03:53:13 AM', 1),
(546, '로그인 됨(실험용)', 0x3139322e3136382e382e313100000000, '2023-12-26 22:23:18', '27-12-2023 03:58:36 AM', 1),
(547, '로그인 됨(실험용)', 0x3139322e3136382e382e313100000000, '2023-12-26 22:28:40', '27-12-2023 03:58:43 AM', 1),
(548, '로그인 됨(실험용)', 0x3139322e3136382e382e313100000000, '2023-12-26 22:29:44', '27-12-2023 04:03:29 AM', 1),
(549, '로그인 됨(실험용)', 0x3139322e3136382e382e313100000000, '2023-12-26 22:33:35', '27-12-2023 04:03:49 AM', 1),
(550, '로그인 됨(실험용)', 0x3139322e3136382e382e313100000000, '2023-12-26 22:33:59', '27-12-2023 04:04:01 AM', 1),
(551, '로그인 됨(실험용)', 0x3139322e3136382e382e313100000000, '2023-12-26 22:34:06', '27-12-2023 04:04:11 AM', 1),
(552, '로그인 됨(실험용)', 0x3139322e3136382e382e313100000000, '2023-12-26 22:34:17', '27-12-2023 04:05:33 AM', 1),
(553, '로그인 됨(실험용)', 0x3139322e3136382e382e313100000000, '2023-12-26 22:43:48', '27-12-2023 04:14:08 AM', 1),
(554, '로그인 됨(실험용)', 0x3139322e3136382e382e313100000000, '2023-12-26 22:44:51', NULL, 1),
(555, '로그인 됨(실험용)', 0x3139322e3136382e382e313100000000, '2023-12-26 23:11:31', NULL, 1);

-- --------------------------------------------------------

--
-- 테이블 구조 `users`
--

